000
CXUS54 KMOB 010636
CF6PNS
PRELIMINARY LOCAL CLIMATOLOGICAL DATA (WS FORM: F-6)
STATION: PENSACOLA
MONTH: SEPTEMBER
YEAR: 2021
LATITUDE: 30 28 N
LONGITUDE: 87 12 W
TEMPERATURE IN F: :PCPN: SNOW: WIND :SUNSHINE: SKY :PK WND
================================================================================
1 2 3 4 5 6A 6B 7 8 9 10 11 12 13 14 15 16 17 18
12Z AVG MX 2MIN
DY MAX MIN AVG DEP HDD CDD WTR SNW DPTH SPD SPD DIR MIN PSBL S-S WX SPD DR
================================================================================
1 93 75 84 2 0 19 0.05 0.0 0 9.3 22 360 M M 3 3 30 10
2 90 73 82 0 0 17 0.65 0.0 0 4.7 17 170 M M 4 13 22 180
3 91 74 83 1 0 18 0.00 0.0 0 5.4 13 160 M M 2 17 150
4 87 75 81 -1 0 16 0.00 0.0 0 6.9 13 140 M M 5 20 170
5 89 77 83 1 0 18 0.00 0.0 0 5.9 14 160 M M 4 19 170
6 90 75 83 1 0 18 0.00 0.0 0 4.2 15 210 M M 1 3 20 220
7 90 76 83 1 0 18 0.00 0.0 0 7.0 14 160 M M 1 21 190
8 82 75 79 -2 0 14 0.82 0.0 0 3.7 17 270 M M 6 13 22 270
9 89 69 79 -2 0 14 0.00 0.0 0 7.2 15 340 M M 1 20 340
10 88 67 78 -3 0 13 0.00 0.0 0 6.1 13 330 M M 0 16 320
11 88 65 77 -4 0 12 0.08 0.0 0 6.5 13 160 M M 0 1 19 150
12 88 75 82 1 0 17 0.00 0.0 0 7.1 17 130 M M 2 22 120
13 84 74 79 -2 0 14 0.47 0.0 0 5.2 22 240 M M 3 13 27 250
14 84 76 80 0 0 15 0.16 0.0 0 4.9 10 110 M M 3 1 15 90
15 79 74 77 -3 0 12 4.46 0.0 0 8.0 25 220 M M 9 13 33 210
16 84 74 79 -1 0 14 1.23 0.0 0 6.3 17 240 M M 8 13 23 230
17 85 76 81 1 0 16 0.23 0.0 0 6.3 18 240 M M 6 13 25 230
18 83 76 80 0 0 15 0.23 0.0 0 3.4 12 160 M M 5 1 14 150
19 85 75 80 0 0 15 0.32 0.0 0 4.7 12 130 M M 7 13 16 110
20 88 76 82 3 0 17 1.01 0.0 0 6.6 16 170 M M 4 128 23 190
21 91 76 84 5 0 19 0.15 0.0 0 4.2 15 210 M M 3 1 19 210
22 85 65 75 -4 0 10 0.00 0.0 0 10.7 22 330 M M 3 1 31 350
23 80 61 71 -8 0 6 0.00 0.0 0 9.5 17 20 M M 0 26 350
24 81 61 71 -7 0 6 0.00 0.0 0 6.9 13 360 M M 0 17 30
25 85 59 72 -6 0 7 0.00 0.0 0 6.4 12 20 M M 0 17 20
26 87 64 76 -2 0 11 0.00 0.0 0 5.0 12 150 M M 0 14 160
27 85 66 76 -2 0 11 0.00 0.0 0 4.9 15 140 M M 1 25 160
28 83 72 78 1 0 13 T 0.0 0 4.3 15 180 M M 4 13 20 180
29 84 72 78 1 0 13 1.41 0.0 0 5.5 17 150 M M 3 13 21 160
30 87 74 81 4 0 16 0.00 0.0 0 5.0 12 150 M M 3 15 140
================================================================================
SM 2585 2147 0 424 11.27 0.0 181.8 M 91
================================================================================
AV 86.2 71.6 6.1 FASTST M M 3 MAX(MPH)
MISC ----> 25 220 33 210
================================================================================
NOTES:
# LAST OF SEVERAL OCCURRENCES
COLUMN 17 PEAK WIND IN M.P.H.
PRELIMINARY LOCAL CLIMATOLOGICAL DATA (WS FORM: F-6) , PAGE 2
STATION: PENSACOLA
MONTH: SEPTEMBER
YEAR: 2021
LATITUDE: 30 28 N
LONGITUDE: 87 12 W
[TEMPERATURE DATA] [PRECIPITATION DATA] SYMBOLS USED IN COLUMN 16
AVERAGE MONTHLY: 78.9 TOTAL FOR MONTH: 11.27 1 = FOG OR MIST
DPTR FM NORMAL: -1.1 DPTR FM NORMAL: 4.66 2 = FOG REDUCING VISIBILITY
HIGHEST: 93 ON 1 GRTST 24HR 4.55 ON 14-15 TO 1/4 MILE OR LESS
LOWEST: 59 ON 25 3 = THUNDER
SNOW, ICE PELLETS, HAIL 4 = ICE PELLETS
TOTAL MONTH: 0.0 INCH 5 = HAIL
GRTST 24HR 0.0 6 = FREEZING RAIN OR DRIZZLE
GRTST DEPTH: 0 7 = DUSTSTORM OR SANDSTORM:
VSBY 1/2 MILE OR LESS
8 = SMOKE OR HAZE
[NO. OF DAYS WITH] [WEATHER - DAYS WITH] 9 = BLOWING SNOW
X = TORNADO
MAX 32 OR BELOW: 0 0.01 INCH OR MORE: 14
MAX 90 OR ABOVE: 6 0.10 INCH OR MORE: 12
MIN 32 OR BELOW: 0 0.50 INCH OR MORE: 6
MIN 0 OR BELOW: 0 1.00 INCH OR MORE: 4
[HDD (BASE 65) ]
TOTAL THIS MO. 0 CLEAR (SCALE 0-3) 15
DPTR FM NORMAL 0 PTCLDY (SCALE 4-7) 14
TOTAL FM JUL 1 0 CLOUDY (SCALE 8-10) 1
DPTR FM NORMAL 0
[CDD (BASE 65) ]
TOTAL THIS MO. 424
DPTR FM NORMAL -26 [PRESSURE DATA]
TOTAL FM JAN 1 2638 HIGHEST SLP M ON M
DPTR FM NORMAL -6 LOWEST SLP 29.79 ON 1
[REMARKS]
#FINAL-09-21#