000
CXUS54 KMOB 010642
CF6PNS
PRELIMINARY LOCAL CLIMATOLOGICAL DATA (WS FORM: F-6)
STATION: PENSACOLA
MONTH: APRIL
YEAR: 2020
LATITUDE: 30 28 N
LONGITUDE: 87 12 W
TEMPERATURE IN F: :PCPN: SNOW: WIND :SUNSHINE: SKY :PK WND
================================================================================
1 2 3 4 5 6A 6B 7 8 9 10 11 12 13 14 15 16 17 18
12Z AVG MX 2MIN
DY MAX MIN AVG DEP HDD CDD WTR SNW DPTH SPD SPD DIR MIN PSBL S-S WX SPD DR
================================================================================
1 77 47 62 -1 3 0 0.00 0.0 0 7.9 18 330 M M 0 25 330
2 76 54 65 1 0 0 0.00 0.0 0 6.6 13 210 M M 0 17 180
3 80 59 70 6 0 5 0.00 0.0 0 4.9 12 200 M M 1 15 190
4 81 56 69 5 0 4 0.01 0.0 0 6.1 14 230 M M 1 17 240
5 82 64 73 9 0 8 0.04 0.0 0 7.9 15 180 M M 3 18 180
6 79 60 70 6 0 5 0.00 0.0 0 4.5 14 170 M M 0 1 17 180
7 80 63 72 7 0 7 0.00 0.0 0 7.9 16 170 M M 6 20 150
8 88 75 82 17 0 17 0.01 0.0 0 11.9 22 230 M M 7 28 240
9 88 75 82 17 0 17 0.00 0.0 0 9.7 20 320 M M 5 1 24 320
10 75 55 65 0 0 0 0.74 0.0 0 11.3 30 350 M M 3 13 39 360
11 72 54 63 -3 2 0 0.00 0.0 0 9.5 16 140 M M 0 21 120
12 79 68 74 8 0 9 0.15 0.0 0 17.6 35 210 M M 9 138 43 220
13 83 64 74 8 0 9 0.53 0.0 0 9.0 30 210 M M 0 138 42 210
14 85 55 70 4 0 5 0.03 0.0 0 10.3 20 360 M M 3 26 340
15 72 53 63 -3 2 0 T 0.0 0 13.6 22 360 M M 3 31 350
16 77 53 65 -2 0 0 0.00 0.0 0 6.7 15 50 M M 0 23 20
17 75 59 67 0 0 2 0.00 0.0 0 9.2 18 140 M M 4 25 130
18 84 71 78 11 0 13 T 0.0 0 7.3 16 340 M M 7 21 320
19 82 64 73 6 0 8 0.72 0.0 0 11.6 35 320 M M 4 13 46 310
20 80 61 71 3 0 6 0.36 0.0 0 7.4 17 340 M M 2 13 23 360
21 84 57 71 3 0 6 0.00 0.0 0 5.3 14 170 M M 0 16 170
22 82 63 73 5 0 8 0.00 0.0 0 9.0 21 140 M M 0 1 25 140
23 78 67 73 5 0 8 1.41 0.0 0 12.4 38 280 M M 7 138 53 280
24 84 64 74 5 0 9 0.00 0.0 0 7.9 16 350 M M 2 24 340
25 84 61 73 4 0 8 0.00 0.0 0 9.9 23 230 M M 2 29 230
26 80 59 70 1 0 5 0.00 0.0 0 11.1 25 320 M M 0 30 320
27 81 55 68 -2 0 3 0.00 0.0 0 6.2 13 360 M M 0 17 20
28 79 56 68 -2 0 3 0.00 0.0 0 10.8 23 170 M M 1 26 170
29 76 64 70 0 0 5 0.07 0.0 0 13.3 37 170 M M 5 44 170
30 80 56 68 -2 0 3 0.00 0.0 0 10.2 24 320 M M 0 31 290
================================================================================
SM 2403 1812 7 173 4.07 0.0 277.0 M 75
================================================================================
AV 80.1 60.4 9.2 FASTST M M 3 MAX(MPH)
MISC ----> # 38 280 # 53 280
================================================================================
NOTES:
# LAST OF SEVERAL OCCURRENCES
COLUMN 17 PEAK WIND IN M.P.H.
PRELIMINARY LOCAL CLIMATOLOGICAL DATA (WS FORM: F-6) , PAGE 2
STATION: PENSACOLA
MONTH: APRIL
YEAR: 2020
LATITUDE: 30 28 N
LONGITUDE: 87 12 W
[TEMPERATURE DATA] [PRECIPITATION DATA] SYMBOLS USED IN COLUMN 16
AVERAGE MONTHLY: 70.3 TOTAL FOR MONTH: 4.07 1 = FOG OR MIST
DPTR FM NORMAL: 3.7 DPTR FM NORMAL: -0.25 2 = FOG REDUCING VISIBILITY
HIGHEST: 88 ON 9, 8 GRTST 24HR 1.41 ON 23-23 TO 1/4 MILE OR LESS
LOWEST: 47 ON 1 3 = THUNDER
SNOW, ICE PELLETS, HAIL 4 = ICE PELLETS
TOTAL MONTH: 0.0 INCH 5 = HAIL
GRTST 24HR 0.0 6 = FREEZING RAIN OR DRIZZLE
GRTST DEPTH: 0 7 = DUSTSTORM OR SANDSTORM:
VSBY 1/2 MILE OR LESS
8 = SMOKE OR HAZE
[NO. OF DAYS WITH] [WEATHER - DAYS WITH] 9 = BLOWING SNOW
X = TORNADO
MAX 32 OR BELOW: 0 0.01 INCH OR MORE: 11
MAX 90 OR ABOVE: 0 0.10 INCH OR MORE: 6
MIN 32 OR BELOW: 0 0.50 INCH OR MORE: 4
MIN 0 OR BELOW: 0 1.00 INCH OR MORE: 1
[HDD (BASE 65) ]
TOTAL THIS MO. 7 CLEAR (SCALE 0-3) 19
DPTR FM NORMAL -44 PTCLDY (SCALE 4-7) 10
TOTAL FM JUL 1 947 CLOUDY (SCALE 8-10) 1
DPTR FM NORMAL -588
[CDD (BASE 65) ]
TOTAL THIS MO. 173
DPTR FM NORMAL 72 [PRESSURE DATA]
TOTAL FM JAN 1 442 HIGHEST SLP 30.27 ON 27
DPTR FM NORMAL 294 LOWEST SLP 29.61 ON 23
[REMARKS]
#FINAL-04-20#