000
CXUS54 KFWD 010730
CF6PRX
PRELIMINARY LOCAL CLIMATOLOGICAL DATA (WS FORM: F-6)
STATION: PARIS
MONTH: SEPTEMBER
YEAR: 2023
LATITUDE: 33 37 N
LONGITUDE: 95 27 W
TEMPERATURE IN F: :PCPN: SNOW: WIND :SUNSHINE: SKY :PK WND
================================================================================
1 2 3 4 5 6A 6B 7 8 9 10 11 12 13 14 15 16 17 18
12Z AVG MX 2MIN
DY MAX MIN AVG DEP HDD CDD WTR SNW DPTH SPD SPD DIR MIN PSBL S-S WX SPD DR
================================================================================
1 93 66 80 -2 0 15 0.00 M M 7.2 12 70 M M 0 21 110
2 95 66 81 -1 0 16 0.00 M M 6.3 10 100 M M 1 M M
3 99 71 85 4 0 20 0.54 M M 10.2 23 270 M M 1 3 59 270
4 96 71 84 3 0 19 T M M 10.0 17 150 M M 2 22 150
5 99 74 87 6 0 22 T M M 9.7 16 200 M M 1 22 220
6 101 77 89 9 0 24 0.04 M M 5.8 10 280 M M 1 M M
7 104 75 90 10 0 25 0.00 M M 6.6 10 90 M M 0 M M
8 95 71 83 3 0 18 0.45 M M 12.7 23 90 M M 1 13 30 120
9 91 70 81 2 0 16 0.05 M M 4.9 10 80 M M 3 138 M M
10 90 63 77 -2 0 12 0.00 M M 6.0 10 100 M M 0 M M
11 85 63 74 -4 0 9 T M M 5.8 10 300 M M 1 M M
12 80 68 74 -4 0 9 0.08 M M 7.0 13 70 M M 10 1 M M
13 80 69 75 -3 0 10 0.00 M M 6.3 10 90 M M 7 M M
14 76 67 72 -5 0 7 T M M 7.7 14 80 M M 8 M M
15 86 66 76 -1 0 11 0.00 M M 6.1 12 90 M M 4 8 M M
16 88 64 76 -1 0 11 0.00 M M 3.0 8 10 M M 4 M M
17 89 63 76 0 0 11 0.00 M M 5.9 10 20 M M 2 M M
18 93 60 77 1 0 12 0.00 M M 5.8 10 180 M M 0 M M
19 92 63 78 3 0 13 T M M 9.4 22 160 M M 2 3 37 140
20 85 66 76 1 0 11 0.60 M M 11.0 24 360 M M 4 13 32 160
21 90 67 79 4 0 14 0.47 M M 8.4 15 250 M M 4 13 M M
22 79 70 75 1 0 10 0.24 M M 11.1 21 90 M M 4 13 25 80
23 96 69 83 9 0 18 0.00 M M 9.6 13 160 M M 0 M M
24 91 72 82 9 0 17 0.08 M M 11.7 18 140 M M 5 18 150
25 90 72 81 8 0 16 T M M 4.9 10 40 M M 4 M M
26 91 67 79 6 0 14 0.00 M M 4.5 9 10 M M 0 M M
27 93 64 79 7 0 14 0.00 M M 3.9 10 110 M M 0 M M
28 95 68 82 10 0 17 0.00 M M 5.5 8 90 M M 0 M M
29 93 68 81 9 0 16 0.00 M M 7.2 14 90 M M 0 8 16 120
30 93 66 80 9 0 15 0.00 M M 6.6 12 90 M M 0 16 110
================================================================================
SM 2728 2036 0 442 2.55 M 220.7 M 69
================================================================================
AV 90.9 67.9 7.4 FASTST M M 2 MAX(MPH)
MISC ----> 24 360 59 270
================================================================================
NOTES:
# LAST OF SEVERAL OCCURRENCES
COLUMN 17 PEAK WIND IN M.P.H.
PRELIMINARY LOCAL CLIMATOLOGICAL DATA (WS FORM: F-6) , PAGE 2
STATION: PARIS
MONTH: SEPTEMBER
YEAR: 2023
LATITUDE: 33 37 N
LONGITUDE: 95 27 W
[TEMPERATURE DATA] [PRECIPITATION DATA] SYMBOLS USED IN COLUMN 16
AVERAGE MONTHLY: 79.4 TOTAL FOR MONTH: 2.55 1 = FOG OR MIST
DPTR FM NORMAL: 2.7 DPTR FM NORMAL: -1.29 2 = FOG REDUCING VISIBILITY
HIGHEST: 104 ON 7 GRTST 24HR 1.44 ON 3- 4 TO 1/4 MILE OR LESS
LOWEST: 60 ON 18 3 = THUNDER
SNOW, ICE PELLETS, HAIL 4 = ICE PELLETS
TOTAL MONTH: M 5 = HAIL
GRTST 24HR M ON M 6 = FREEZING RAIN OR DRIZZLE
GRTST DEPTH: M ON M 7 = DUSTSTORM OR SANDSTORM:
VSBY 1/2 MILE OR LESS
8 = SMOKE OR HAZE
[NO. OF DAYS WITH] [WEATHER - DAYS WITH] 9 = BLOWING SNOW
X = TORNADO
MAX 32 OR BELOW: 0 0.01 INCH OR MORE: 9
MAX 90 OR ABOVE: 21 0.10 INCH OR MORE: 5
MIN 32 OR BELOW: 0 0.50 INCH OR MORE: 2
MIN 0 OR BELOW: 0 1.00 INCH OR MORE: 0
[HDD (BASE 65) ]
TOTAL THIS MO. 0 CLEAR (SCALE 0-3) 20
DPTR FM NORMAL -11 PTCLDY (SCALE 4-7) 9
TOTAL FM JUL 1 0 CLOUDY (SCALE 8-10) 1
DPTR FM NORMAL -10
[CDD (BASE 65) ]
TOTAL THIS MO. 442
DPTR FM NORMAL 80 [PRESSURE DATA]
TOTAL FM JAN 1 2481 HIGHEST SLP 30.17 ON 10
DPTR FM NORMAL 80 LOWEST SLP 29.73 ON 24
[REMARKS]
#FINAL-09-23#