000
CXUS56 KPDT 011910
CF6PSC
PRELIMINARY LOCAL CLIMATOLOGICAL DATA (WS FORM: F-6)
STATION: PASCO WA
MONTH: JANUARY
YEAR: 2023
LATITUDE: 46 16 N
LONGITUDE: 119 7 W
TEMPERATURE IN F: :PCPN: SNOW: WIND :SUNSHINE: SKY :PK WND
================================================================================
1 2 3 4 5 6A 6B 7 8 9 10 11 12 13 14 15 16 17 18
12Z AVG MX 2MIN
DY MAX MIN AVG DEP HDD CDD WTR SNW DPTH SPD SPD DIR MIN PSBL S-S WX SPD DR
================================================================================
1 35 30 33 0 32 0 0.00 M M 2.6 7 310 M M 10 1 9 330
2 35 32 34 1 31 0 0.03 M M 3.7 9 210 M M 10 1 12 310
3 40 26 33 -1 32 0 0.00 M M 4.0 9 360 M M 7 10 80
4 38 26 32 -2 33 0 0.03 M M 5.2 15 320 M M 7 1 18 310
5 48 29 39 5 26 0 0.00 M M 4.3 15 310 M M 1 20 300
6 47 26 37 3 28 0 0.00 M M 3.5 10 350 M M 1 1 13 330
7 39 30 35 1 30 0 0.08 M M 2.3 9 320 M M 9 18 12 290
8 43 31 37 3 28 0 0.04 M M 3.2 12 240 M M 6 1 14 230
9 42 29 36 2 29 0 0.05 M M 5.2 14 310 M M 4 1 18 320
10 43 30 37 3 28 0 0.01 M M 3.6 13 330 M M 9 12 17 320
11 45 33 39 5 26 0 T M M 3.9 12 300 M M 7 1 15 300
12 43 35 39 5 26 0 0.14 M M 4.1 10 300 M M 8 1 14 280
13 44 34 39 5 26 0 0.03 M M 1.7 9 310 M M 8 12 11 320
14 47 35 41 7 24 0 0.02 M M 4.1 13 300 M M 9 12 16 300
15 51 31 41 7 24 0 0.01 M M 4.9 22 230 M M 10 12 35 220
16 52 29 41 6 24 0 0.00 M M 4.7 10 200 M M 2 14 240
17 42 25 34 -1 31 0 0.00 M M 3.3 13 320 M M 3 12 16 280
18 38 32 35 0 30 0 T M M 3.2 9 270 M M 9 12 10 280
19 50 24 37 2 28 0 0.00 M M 3.3 10 240 M M 0 14 250
20 43 22 33 -2 32 0 0.00 M M 2.7 9 360 M M 0 1 11 360
21 40 21 31 -4 34 0 T M M 6.0 20 230 M M 5 12 27 230
22 40 24 32 -3 33 0 0.00 M M 1.1 10 320 M M 5 1 13 320
23 47 22 35 0 30 0 0.00 M M 3.2 10 230 M M 2 1 14 210
24 43 21 32 -3 33 0 0.00 M M 2.5 9 320 M M 2 1 10 310
25 45 24 35 0 30 0 0.00 M M 2.1 8 320 M M 1 18 10 330
26 50 24 37 1 28 0 0.00 M M 3.0 9 260 M M 2 12 11 250
27 59 35 47 11 18 0 T M M 4.0 16 230 M M 5 1 21 230
28 46 25 36 0 29 0 0.00 M M 9.5 21 20 M M 4 27 20
29 34 8 21 -15 44 0 0.00 M M 8.2 18 50 M M 0 27 60
30 33 8 21 -15 44 0 0.00 M M 2.9 9 140 M M 0 11 130
31 31 22 27 -9 38 0 T M M 2.4 10 300 M M 7 8 13 300
================================================================================
SM 1333 823 929 0 0.44 M 118.4 M 153
================================================================================
AV 43.0 26.5 3.8 FASTST M M 5 MAX(MPH)
MISC ----> 22 230 35 220
================================================================================
NOTES:
# LAST OF SEVERAL OCCURRENCES
COLUMN 17 PEAK WIND IN M.P.H.
PRELIMINARY LOCAL CLIMATOLOGICAL DATA (WS FORM: F-6) , PAGE 2
STATION: PASCO WA
MONTH: JANUARY
YEAR: 2023
LATITUDE: 46 16 N
LONGITUDE: 119 7 W
[TEMPERATURE DATA] [PRECIPITATION DATA] SYMBOLS USED IN COLUMN 16
AVERAGE MONTHLY: 34.8 TOTAL FOR MONTH: 0.44 1 = FOG OR MIST
DPTR FM NORMAL: 0.2 DPTR FM NORMAL: -0.59 2 = FOG REDUCING VISIBILITY
HIGHEST: 59 ON 27 GRTST 24HR 0.80 ON 27-27 TO 1/4 MILE OR LESS
LOWEST: 8 ON 30,29 3 = THUNDER
SNOW, ICE PELLETS, HAIL 4 = ICE PELLETS
TOTAL MONTH: M 5 = HAIL
GRTST 24HR M ON M 6 = FREEZING RAIN OR DRIZZLE
GRTST DEPTH: M ON M 7 = DUSTSTORM OR SANDSTORM:
VSBY 1/2 MILE OR LESS
8 = SMOKE OR HAZE
[NO. OF DAYS WITH] [WEATHER - DAYS WITH] 9 = BLOWING SNOW
X = TORNADO
MAX 32 OR BELOW: 1 0.01 INCH OR MORE: 10
MAX 90 OR ABOVE: 0 0.10 INCH OR MORE: 1
MIN 32 OR BELOW: 26 0.50 INCH OR MORE: 0
MIN 0 OR BELOW: 0 1.00 INCH OR MORE: 0
[HDD (BASE 65) ]
TOTAL THIS MO. 929 CLEAR (SCALE 0-3) 12
DPTR FM NORMAL -13 PTCLDY (SCALE 4-7) 11
TOTAL FM JUL 1 3241 CLOUDY (SCALE 8-10) 8
DPTR FM NORMAL 124
[CDD (BASE 65) ]
TOTAL THIS MO. 0
DPTR FM NORMAL 0 [PRESSURE DATA]
TOTAL FM JAN 1 0 HIGHEST SLP 30.67 ON 25
DPTR FM NORMAL 0 LOWEST SLP 29.41 ON 14
[REMARKS]
#FINAL-01-23#