000
CXUS56 KPDT 011910
CF6PSC
PRELIMINARY LOCAL CLIMATOLOGICAL DATA (WS FORM: F-6)
STATION: PASCO WA
MONTH: DECEMBER
YEAR: 2020
LATITUDE: 46 16 N
LONGITUDE: 119 7 W
TEMPERATURE IN F: :PCPN: SNOW: WIND :SUNSHINE: SKY :PK WND
================================================================================
1 2 3 4 5 6A 6B 7 8 9 10 11 12 13 14 15 16 17 18
12Z AVG MX 2MIN
DY MAX MIN AVG DEP HDD CDD WTR SNW DPTH SPD SPD DIR MIN PSBL S-S WX SPD DR
================================================================================
1 48 23 36 0 29 0 0.00 M M 3.1 8 330 M M 0 9 200
2 42 21 32 -4 33 0 0.00 M M 5.8 12 320 M M 0 12 13 320
3 31 20 26 -9 39 0 0.00 M M 3.4 8 130 M M 10 12 9 150
4 30 27 29 -6 36 0 0.00 M M 2.5 8 340 M M 10 1 10 330
5 31 29 30 -5 35 0 T M M 3.5 9 290 M M 10 12 11 300
6 35 29 32 -2 33 0 T M M 4.6 13 330 M M 10 18 14 340
7 35 31 33 -1 32 0 0.00 M M 4.3 12 330 M M 10 18 13 330
8 36 33 35 1 30 0 0.00 M M 3.7 10 340 M M 10 18 13 340
9 54 29 42 8 23 0 0.01 M M 4.3 10 10 M M 3 18 13 200
10 38 32 35 1 30 0 T M M 6.3 14 260 M M 10 1 18 270
11 46 32 39 6 26 0 0.00 M M 4.3 15 220 M M 6 19 220
12 42 25 34 1 31 0 0.00 M M 2.8 9 120 M M 6 11 140
13 36 28 32 -1 33 0 T M M 2.3 10 340 M M 8 1 13 330
14 39 35 37 4 28 0 T M M 2.5 8 310 M M 10 18 11 200
15 50 35 43 10 22 0 0.02 M M 9.1 25 230 M M 6 1 36 230
16 50 40 45 13 20 0 0.10 M M 7.4 20 220 M M 3 1 25 230
17 52 38 45 13 20 0 0.00 M M 14.6 26 230 M M 2 38 220
18 51 40 46 14 19 0 0.00 M M 8.7 25 210 M M 6 32 220
19 56 49 53 21 12 0 0.00 M M 15.1 35 220 M M 4 50 210
20 58 47 53 21 12 0 0.03 M M 12.9 30 230 M M 7 42 230
21 62 44 53 21 12 0 0.15 M M 8.9 33 230 M M 6 12 46 230
22 51 25 38 6 27 0 0.00 M M 12.2 26 240 M M 0 34 240
23 40 19 30 -2 35 0 0.00 M M 2.7 8 310 M M 0 11 310
24 37 19 28 -4 37 0 0.00 M M 2.3 9 140 M M 2 12 10 140
25 32 25 29 -3 36 0 0.15 M M 2.9 10 300 M M 10 126 13 300
26 39 22 31 -1 34 0 T M M 2.3 12 360 M M 5 168 13 10
27 36 25 31 -1 34 0 0.00 M M 4.9 12 300 M M 9 1 13 300
28 33 19 26 -6 39 0 0.00 M M 1.9 7 340 M M 8 12 7 340
29 37 31 34 2 31 0 T M M 1.2 6 90 M M 10 1 6 90
30 34 31 33 1 32 0 0.17 M M 2.9 10 300 M M 10 1 12 300
31 44 28 36 4 29 0 T M M 5.0 14 240 M M 3 1 18 230
================================================================================
SM 1305 931 889 0 0.63 M 168.4 M 194
================================================================================
AV 42.1 30.0 5.4 FASTST M M 6 MAX(MPH)
MISC ----> 35 220 50 210
================================================================================
NOTES:
# LAST OF SEVERAL OCCURRENCES
COLUMN 17 PEAK WIND IN M.P.H.
PRELIMINARY LOCAL CLIMATOLOGICAL DATA (WS FORM: F-6) , PAGE 2
STATION: PASCO WA
MONTH: DECEMBER
YEAR: 2020
LATITUDE: 46 16 N
LONGITUDE: 119 7 W
[TEMPERATURE DATA] [PRECIPITATION DATA] SYMBOLS USED IN COLUMN 16
AVERAGE MONTHLY: 36.1 TOTAL FOR MONTH: 0.63 1 = FOG OR MIST
DPTR FM NORMAL: 3.0 DPTR FM NORMAL: -0.58 2 = FOG REDUCING VISIBILITY
HIGHEST: 62 ON 21 GRTST 24HR 0.18 ON 20-21 TO 1/4 MILE OR LESS
LOWEST: 19 ON 28,24 3 = THUNDER
SNOW, ICE PELLETS, HAIL 4 = ICE PELLETS
TOTAL MONTH: M 5 = HAIL
GRTST 24HR M ON M 6 = FREEZING RAIN OR DRIZZLE
GRTST DEPTH: M ON M 7 = DUSTSTORM OR SANDSTORM:
VSBY 1/2 MILE OR LESS
8 = SMOKE OR HAZE
[NO. OF DAYS WITH] [WEATHER - DAYS WITH] 9 = BLOWING SNOW
X = TORNADO
MAX 32 OR BELOW: 4 0.01 INCH OR MORE: 7
MAX 90 OR ABOVE: 0 0.10 INCH OR MORE: 4
MIN 32 OR BELOW: 22 0.50 INCH OR MORE: 0
MIN 0 OR BELOW: 0 1.00 INCH OR MORE: 0
[HDD (BASE 65) ]
TOTAL THIS MO. 889 CLEAR (SCALE 0-3) 6
DPTR FM NORMAL -100 PTCLDY (SCALE 4-7) 12
TOTAL FM JUL 1 1943 CLOUDY (SCALE 8-10) 13
DPTR FM NORMAL -267
[CDD (BASE 65) ]
TOTAL THIS MO. 0
DPTR FM NORMAL 0 [PRESSURE DATA]
TOTAL FM JAN 1 1006 HIGHEST SLP 30.71 ON 4
DPTR FM NORMAL 302 LOWEST SLP 29.47 ON 21
[REMARKS]
#FINAL-12-20#