000
CXUS56 KPDT 011810
CF6PSC
PRELIMINARY LOCAL CLIMATOLOGICAL DATA (WS FORM: F-6)
STATION: PASCO WA
MONTH: SEPTEMBER
YEAR: 2023
LATITUDE: 46 16 N
LONGITUDE: 119 7 W
TEMPERATURE IN F: :PCPN: SNOW: WIND :SUNSHINE: SKY :PK WND
================================================================================
1 2 3 4 5 6A 6B 7 8 9 10 11 12 13 14 15 16 17 18
12Z AVG MX 2MIN
DY MAX MIN AVG DEP HDD CDD WTR SNW DPTH SPD SPD DIR MIN PSBL S-S WX SPD DR
================================================================================
1 82 59 71 2 0 6 0.01 M M 4.4 12 330 M M 4 19 10
2 89 56 73 4 0 8 T M M 4.3 17 230 M M 2 1 23 240
3 89 68 79 11 0 14 T M M 12.2 24 210 M M 4 33 200
4 80 61 71 3 0 6 0.00 M M 11.8 23 240 M M 2 31 250
5 81 54 68 0 0 3 0.00 M M 6.2 16 180 M M 0 21 200
6 87 49 68 1 0 3 0.00 M M 5.3 16 210 M M 0 23 220
7 86 51 69 2 0 4 T M M 4.5 13 150 M M 0 3 16 230
8 86 55 71 4 0 6 0.00 M M 6.3 14 190 M M 0 18 210
9 92 50 71 5 0 6 0.00 M M 7.3 21 340 M M 0 25 340
10 92 56 74 8 0 9 0.00 M M 3.8 9 350 M M 0 17 20
11 89 57 73 7 0 8 0.00 M M 4.0 13 190 M M 0 16 190
12 86 63 75 9 0 10 0.00 M M 7.9 20 310 M M 0 24 320
13 84 54 69 4 0 4 0.00 M M 3.0 10 140 M M 0 14 240
14 88 48 68 3 0 3 0.00 M M 4.0 13 330 M M 0 20 310
15 91 48 70 5 0 5 0.00 M M 3.7 10 330 M M 0 14 340
16 91 46 69 5 0 4 0.00 M M 2.7 8 360 M M 0 11 30
17 91 55 73 9 0 8 0.00 M M 6.5 15 220 M M 0 21 240
18 85 52 69 5 0 4 0.00 M M 8.5 26 320 M M 0 8 35 310
19 77 43 60 -3 5 0 0.00 M M 4.6 13 190 M M 0 17 170
20 63 49 56 -7 9 0 0.07 M M 5.1 17 320 M M 8 3 22 320
21 59 47 53 -9 12 0 0.01 M M 5.6 15 320 M M 8 1 19 330
22 72 42 57 -5 8 0 0.00 M M 3.9 10 160 M M 0 12 16 200
23 73 47 60 -2 5 0 T M M 3.8 10 280 M M 2 14 280
24 69 50 60 -1 5 0 0.02 M M 4.0 14 240 M M 6 18 240
25 69 55 62 1 3 0 0.04 M M 7.8 17 140 M M 4 1 23 140
26 74 48 61 0 4 0 0.02 M M 7.5 23 220 M M 4 33 230
27 72 48 60 0 5 0 0.03 M M 12.1 31 240 M M 4 44 210
28 73 45 59 -1 6 0 0.00 M M 7.9 21 240 M M 2 29 210
29 62 44 53 -6 12 0 T M M 4.8 12 320 M M 9 8 15 340
30 72 43 58 -1 7 0 0.00 M M 5.0 14 350 M M 3 19 330
================================================================================
SM 2404 1543 81 111 0.20 M 178.5 M 62
================================================================================
AV 80.1 51.4 5.9 FASTST M M 2 MAX(MPH)
MISC ----> 31 240 44 210
================================================================================
NOTES:
# LAST OF SEVERAL OCCURRENCES
COLUMN 17 PEAK WIND IN M.P.H.
PRELIMINARY LOCAL CLIMATOLOGICAL DATA (WS FORM: F-6) , PAGE 2
STATION: PASCO WA
MONTH: SEPTEMBER
YEAR: 2023
LATITUDE: 46 16 N
LONGITUDE: 119 7 W
[TEMPERATURE DATA] [PRECIPITATION DATA] SYMBOLS USED IN COLUMN 16
AVERAGE MONTHLY: 65.8 TOTAL FOR MONTH: 0.20 1 = FOG OR MIST
DPTR FM NORMAL: 1.6 DPTR FM NORMAL: -0.11 2 = FOG REDUCING VISIBILITY
HIGHEST: 92 ON 10, 9 GRTST 24HR 0.07 ON 20-20 TO 1/4 MILE OR LESS
LOWEST: 42 ON 22 3 = THUNDER
SNOW, ICE PELLETS, HAIL 4 = ICE PELLETS
TOTAL MONTH: M 5 = HAIL
GRTST 24HR M ON M 6 = FREEZING RAIN OR DRIZZLE
GRTST DEPTH: M ON M 7 = DUSTSTORM OR SANDSTORM:
VSBY 1/2 MILE OR LESS
8 = SMOKE OR HAZE
[NO. OF DAYS WITH] [WEATHER - DAYS WITH] 9 = BLOWING SNOW
X = TORNADO
MAX 32 OR BELOW: 0 0.01 INCH OR MORE: 7
MAX 90 OR ABOVE: 5 0.10 INCH OR MORE: 0
MIN 32 OR BELOW: 0 0.50 INCH OR MORE: 0
MIN 0 OR BELOW: 0 1.00 INCH OR MORE: 0
[HDD (BASE 65) ]
TOTAL THIS MO. 81 CLEAR (SCALE 0-3) 20
DPTR FM NORMAL -5 PTCLDY (SCALE 4-7) 9
TOTAL FM JUL 1 81 CLOUDY (SCALE 8-10) 1
DPTR FM NORMAL -12
[CDD (BASE 65) ]
TOTAL THIS MO. 111
DPTR FM NORMAL 48 [PRESSURE DATA]
TOTAL FM JAN 1 1159 HIGHEST SLP 30.15 ON 14
DPTR FM NORMAL 374 LOWEST SLP 29.73 ON 3
[REMARKS]
#FINAL-09-23#