000
CXUS55 KALY 010810
CF6PSF
PRELIMINARY LOCAL CLIMATOLOGICAL DATA (WS FORM: F-6)
STATION: PITTSFIELD MA
MONTH: JANUARY
YEAR: 2024
LATITUDE: 42 25 N
LONGITUDE: 73 18 W
TEMPERATURE IN F: :PCPN: SNOW: WIND :SUNSHINE: SKY :PK WND
================================================================================
1 2 3 4 5 6A 6B 7 8 9 10 11 12 13 14 15 16 17 18
12Z AVG MX 2MIN
DY MAX MIN AVG DEP HDD CDD WTR SNW DPTH SPD SPD DIR MIN PSBL S-S WX SPD DR
================================================================================
1 33 22 28 4 37 0 0.00 M M 6.9 14 290 M M 6 20 330
2 35 21 28 4 37 0 0.00 M M 6.7 17 300 M M 6 27 290
3 34 29 32 8 33 0 0.00 M M 6.3 16 300 M M 10 26 290
4 36 16 26 3 39 0 T M M 7.1 21 290 M M 7 18 31 310
5 27 15 21 -2 44 0 T M M 6.9 14 300 M M 9 8 22 300
6 32 25 29 6 36 0 0.01 M M 6.8 16 80 M M 9 1 30 70
7 30 25 28 5 37 0 0.26 M M 8.1 21 280 M M 10 128 34 300
8 34 21 28 5 37 0 0.00 M M 6.3 23 290 M M 7 1 37 290
9 40 17 29 7 36 0 0.63 M M 5.8 17 120 M M 7 168 32 120
10 45 34 40 18 25 0 1.00 M M 11.9 28 270 M M 10 1 36 270
11 39 33 36 14 29 0 0.00 M M 9.0 21 290 M M 10 31 260
12 43 32 38 16 27 0 0.00 M M 7.8 21 140 M M 4 34 140
13 50 31 41 19 24 0 0.43 M M 12.2 31 270 M M 10 1 46 290
14 31 16 24 2 41 0 0.02 M M 12.9 31 280 M M 6 128 48 280
15 25 8 17 -5 48 0 0.00 M M 5.0 15 270 M M 1 21 290
16 23 15 19 -3 46 0 0.14 M M 8.3 22 290 M M 10 128 33 300
17 19 8 14 -8 51 0 T M M 10.7 20 270 M M 5 8 28 300
18 23 4 14 -7 51 0 T M M 4.4 13 210 M M 3 8 18 230
19 23 9 16 -5 49 0 0.01 M M 3.8 14 290 M M 7 18 20 330
20 11 3 7 -14 58 0 T M M 13.1 23 290 M M 8 8 33 290
21 17 5 11 -10 54 0 0.00 M M 14.3 28 290 M M 2 89 42 290
22 32 10 21 0 44 0 0.00 M M 5.1 14 230 M M 5 21 230
23 33 30 32 11 33 0 0.08 M M 5.2 16 310 M M 10 18 22 290
24 36 30 33 12 32 0 0.85 M M 3.6 12 140 M M 10 16 18 140
25 47 34 41 20 24 0 0.19 M M 3.2 14 230 M M 10 12 25 210
26 41 35 38 17 27 0 0.63 M M 4.2 10 100 M M 10 1 18 100
27 37 34 36 15 29 0 0.00 M M 2.7 13 280 M M 10 1 18 290
28 35 32 34 13 31 0 0.55 M M 4.1 13 60 M M 10 12 20 40
29 33 26 30 9 35 0 0.02 M M 7.1 18 320 M M 10 1 31 300
30 29 25 27 5 38 0 0.00 M M 1.2 8 150 M M 10 12 120
31 32 28 30 8 35 0 0.00 M M 3.5 9 230 M M 10 1 12 240
================================================================================
SM 1005 673 1167 0 4.82 M 214.2 M 242
================================================================================
AV 32.4 21.7 6.9 FASTST M M 8 MAX(MPH)
MISC ----> # 31 270 48 280
================================================================================
NOTES:
# LAST OF SEVERAL OCCURRENCES
COLUMN 17 PEAK WIND IN M.P.H.
PRELIMINARY LOCAL CLIMATOLOGICAL DATA (WS FORM: F-6) , PAGE 2
STATION: PITTSFIELD MA
MONTH: JANUARY
YEAR: 2024
LATITUDE: 42 25 N
LONGITUDE: 73 18 W
[TEMPERATURE DATA] [PRECIPITATION DATA] SYMBOLS USED IN COLUMN 16
AVERAGE MONTHLY: 27.1 TOTAL FOR MONTH: 4.82 1 = FOG OR MIST
DPTR FM NORMAL: 5.1 DPTR FM NORMAL: 2.15 2 = FOG REDUCING VISIBILITY
HIGHEST: 50 ON 13 GRTST 24HR 2.19 ON 9-10 TO 1/4 MILE OR LESS
LOWEST: 3 ON 20 3 = THUNDER
SNOW, ICE PELLETS, HAIL 4 = ICE PELLETS
TOTAL MONTH: M 5 = HAIL
GRTST 24HR M ON M 6 = FREEZING RAIN OR DRIZZLE
GRTST DEPTH: M ON M 7 = DUSTSTORM OR SANDSTORM:
VSBY 1/2 MILE OR LESS
8 = SMOKE OR HAZE
[NO. OF DAYS WITH] [WEATHER - DAYS WITH] 9 = BLOWING SNOW
X = TORNADO
MAX 32 OR BELOW: 14 0.01 INCH OR MORE: 14
MAX 90 OR ABOVE: 0 0.10 INCH OR MORE: 9
MIN 32 OR BELOW: 26 0.50 INCH OR MORE: 5
MIN 0 OR BELOW: 0 1.00 INCH OR MORE: 1
[HDD (BASE 65) ]
TOTAL THIS MO. 1167 CLEAR (SCALE 0-3) 2
DPTR FM NORMAL -166 PTCLDY (SCALE 4-7) 12
TOTAL FM JUL 1 3513 CLOUDY (SCALE 8-10) 17
DPTR FM NORMAL -545
[CDD (BASE 65) ]
TOTAL THIS MO. 0
DPTR FM NORMAL 0 [PRESSURE DATA]
TOTAL FM JAN 1 0 HIGHEST SLP 30.52 ON 24
DPTR FM NORMAL 0 LOWEST SLP 28.93 ON 10
[REMARKS]
#FINAL-01-24#