000
CXUS56 KSGX 011045
CF6PSP
PRELIMINARY LOCAL CLIMATOLOGICAL DATA (WS FORM: F-6)
STATION: PALM SPRINGS INTL AIRPORT CA
MONTH: MAY
YEAR: 2023
LATITUDE: 33 49 N
LONGITUDE: 116 30 W
TEMPERATURE IN F: :PCPN: SNOW: WIND :SUNSHINE: SKY :PK WND
================================================================================
1 2 3 4 5 6A 6B 7 8 9 10 11 12 13 14 15 16 17 18
12Z AVG MX 2MIN
DY MAX MIN AVG DEP HDD CDD WTR SNW DPTH SPD SPD DIR MIN PSBL S-S WX SPD DR
================================================================================
1 80 62 71 -5 0 6 0.00 M M 12.9 35 320 M M 0 43 320
2 80 56 68 -9 0 3 0.00 M M 10.5 26 330 M M 0 32 340
3 79 55 67 -10 0 2 0.00 M M 11.7 30 330 M M 0 41 330
4 73 56 65 -12 0 0 T M M 6.7 18 330 M M 3 24 330
5 78 54 66 -12 0 1 0.00 M M 11.5 31 330 M M 0 38 330
6 84 56 70 -8 0 5 0.00 M M 7.8 28 320 M M 0 36 320
7 87 57 72 -6 0 7 0.00 M M 9.2 25 320 M M 0 31 320
8 90 60 75 -3 0 10 0.00 M M 10.0 25 320 M M 0 31 320
9 88 59 74 -4 0 9 0.00 M M 11.1 31 330 M M 0 40 320
10 81 59 70 -9 0 5 0.00 M M 13.0 25 330 M M 0 35 320
11 92 59 76 -3 0 11 0.00 M M 6.6 21 320 M M 0 25 300
12 101 63 82 3 0 17 0.00 M M 6.0 21 320 M M 0 25 320
13 105 70 88 8 0 23 0.00 M M 8.2 22 320 M M 0 32 350
14 100 71 86 6 0 21 0.00 M M 6.7 15 110 M M 0 24 80
15 100 70 85 5 0 20 0.00 M M 7.5 16 330 M M 0 24 90
16 104 75 90 10 0 25 0.00 M M 8.4 18 340 M M 0 22 320
17 105 73 89 8 0 24 0.00 M M 5.6 14 120 M M 0 18 110
18 101 74 88 7 0 23 0.00 M M 6.3 22 310 M M 0 28 300
19 98 75 87 6 0 22 0.00 M M 8.5 17 330 M M 0 22 330
20 98 76 87 6 0 22 T M M 7.4 17 320 M M 1 3 23 310
21 102 76 89 7 0 24 0.00 M M 9.2 26 340 M M 0 3 30 340
22 102 76 89 7 0 24 0.00 M M 6.5 22 320 M M 0 26 330
23 97 70 84 2 0 19 0.00 M M 9.2 24 330 M M 0 8 29 330
24 95 67 81 -1 0 16 0.00 M M 10.2 25 330 M M 0 41 20
25 91 63 77 -6 0 12 0.00 M M 11.2 28 320 M M 0 33 320
26 88 63 76 -7 0 11 0.00 M M 13.4 26 330 M M 0 32 320
27 95 64 80 -3 0 15 0.00 M M 9.6 23 320 M M 0 27 320
28 93 66 80 -3 0 15 0.00 M M 10.7 26 320 M M 0 32 320
29 90 64 77 -7 0 12 0.00 M M 10.9 24 320 M M 0 30 320
30 89 63 76 -8 0 11 0.00 M M 13.8 29 320 M M 0 38 320
31 84 66 75 -9 0 10 0.00 M M 19.6 30 320 M M 0 43 330
================================================================================
SM 2850 2018 0 425 T M 299.9 M 4
================================================================================
AV 91.9 65.1 9.7 FASTST M M 0 MAX(MPH)
MISC ----> 35 320 # 43 320
================================================================================
NOTES:
# LAST OF SEVERAL OCCURRENCES
COLUMN 17 PEAK WIND IN M.P.H.
PRELIMINARY LOCAL CLIMATOLOGICAL DATA (WS FORM: F-6) , PAGE 2
STATION: PALM SPRINGS INTL AIRPORT CA
MONTH: MAY
YEAR: 2023
LATITUDE: 33 49 N
LONGITUDE: 116 30 W
[TEMPERATURE DATA] [PRECIPITATION DATA] SYMBOLS USED IN COLUMN 16
AVERAGE MONTHLY: 78.5 TOTAL FOR MONTH: T 1 = FOG OR MIST
DPTR FM NORMAL: -1.8 DPTR FM NORMAL: -0.02 2 = FOG REDUCING VISIBILITY
HIGHEST: 105 ON 17,13 GRTST 24HR T ON 4- 4 TO 1/4 MILE OR LESS
LOWEST: 54 ON 5 3 = THUNDER
SNOW, ICE PELLETS, HAIL 4 = ICE PELLETS
TOTAL MONTH: M 5 = HAIL
GRTST 24HR M ON M 6 = FREEZING RAIN OR DRIZZLE
GRTST DEPTH: M ON M 7 = DUSTSTORM OR SANDSTORM:
VSBY 1/2 MILE OR LESS
8 = SMOKE OR HAZE
[NO. OF DAYS WITH] [WEATHER - DAYS WITH] 9 = BLOWING SNOW
X = TORNADO
MAX 32 OR BELOW: 0 0.01 INCH OR MORE: 0
MAX 90 OR ABOVE: 19 0.10 INCH OR MORE: 0
MIN 32 OR BELOW: 0 0.50 INCH OR MORE: 0
MIN 0 OR BELOW: 0 1.00 INCH OR MORE: 0
[HDD (BASE 65) ]
TOTAL THIS MO. 0 CLEAR (SCALE 0-3) 31
DPTR FM NORMAL -1 PTCLDY (SCALE 4-7) 0
TOTAL FM JUL 1 913 CLOUDY (SCALE 8-10) 0
DPTR FM NORMAL 213
[CDD (BASE 65) ]
TOTAL THIS MO. 425
DPTR FM NORMAL -51 [PRESSURE DATA]
TOTAL FM JAN 1 772 HIGHEST SLP 30.04 ON 20
DPTR FM NORMAL -138 LOWEST SLP 29.62 ON 1
[REMARKS]
#FINAL-05-23#