000
CXUS55 KPUB 011738
CF6PUB
PRELIMINARY LOCAL CLIMATOLOGICAL DATA (WS FORM: F-6)
STATION: PUEBLO CO
MONTH: FEBRUARY
YEAR: 2024
LATITUDE: 38 16 N
LONGITUDE: 104 31 W
TEMPERATURE IN F: :PCPN: SNOW: WIND :SUNSHINE: SKY :PK WND
================================================================================
1 2 3 4 5 6A 6B 7 8 9 10 11 12 13 14 15 16 17 18
12Z AVG MX 2MIN
DY MAX MIN AVG DEP HDD CDD WTR SNW DPTH SPD SPD DIR MIN PSBL S-S WX SPD DR
================================================================================
1 65 33 49 16 16 0 0.00 0.0 0 6.6 18 300 M M 0 27 300
2 53 28 41 8 24 0 T 0.0 0 6.0 17 100 M M 5 21 100
3 42 32 37 4 28 0 1.06 0.6 0 8.6 22 40 M M 10 12 28 40
4 51 27 39 6 26 0 0.00 0.0 0 4.7 15 10 M M 1 24 40
5 51 22 37 4 28 0 0.00 0.0 0 4.2 12 350 M M 0 13 350
6 59 31 45 12 20 0 0.00 0.0 0 4.7 14 210 M M 0 21 180
7 60 35 48 15 17 0 0.00 0.0 0 16.7 32 240 M M 0 42 240
8 55 29 42 8 23 0 0.00 0.0 0 17.4 35 300 M M 0 48 300
9 45 28 37 3 28 0 0.03 T 0 7.8 15 140 M M 5 1 19 150
10 35 28 32 -2 33 0 0.30 3.3 0 7.5 18 70 M M 9 1 22 70
11 35 20 28 -6 37 0 T T 3 4.0 10 150 M M 4 1 13 150
12 45 17 31 -3 34 0 0.00 0.0 T 6.1 13 110 M M 0 20 40
13 51 21 36 2 29 0 0.00 0.0 0 6.7 16 130 M M 0 23 100
14 62 21 42 7 23 0 0.00 0.0 0 9.1 29 280 M M 0 39 280
15 58 21 40 5 25 0 0.00 0.0 0 8.4 32 290 M M 0 42 290
16 39 24 32 -3 33 0 0.01 T 0 11.1 20 60 M M 8 16 25 70
17 36 19 28 -7 37 0 0.01 0.5 T 4.9 18 60 M M 6 1 22 60
18 53 14 34 -2 31 0 0.00 0.0 0 8.2 30 290 M M 0 42 300
19 67 29 48 12 17 0 0.00 0.0 0 10.3 26 300 M M 0 38 290
20 71 22 47 11 18 0 0.00 0.0 0 7.2 24 260 M M 0 31 260
21 68 28 48 12 17 0 0.00 0.0 0 12.1 32 260 M M 0 45 230
22 57 27 42 5 23 0 T 0.0 0 5.8 25 30 M M 1 32 40
23 57 20 39 2 26 0 0.00 0.0 0 5.6 14 290 M M 0 17 290
24 71 16 44 7 21 0 0.00 0.0 0 9.6 25 270 M M 0 32 270
25 72 28 50 12 15 0 0.00 0.0 0 16.7 39 280 M M 0 53 280
26 72 37 55 17 10 0 0.00 0.0 0 11.7 26 260 M M 0 35 250
27 63 19 41 3 24 0 0.07 1.0 0 11.5 41 20 M M 6 12 55 20
28 49 11 30 -9 35 0 T T 1 6.6 14 100 M M 2 12 20 130
29 68 18 43 4 22 0 0.00 0.0 0 5.6 15 310 M M 0 22 330
================================================================================
SM 1610 705 720 0 1.48 5.4 245.4 M 57
================================================================================
AV 55.5 24.3 8.5 FASTST M M 2 MAX(MPH)
MISC ----> 41 20 55 20
================================================================================
NOTES:
# LAST OF SEVERAL OCCURRENCES
COLUMN 7; 2/28 SUPPLEMENTED COOP OBS (05-8992) PRECIP. PRECIP WAS TOO LIGHT FOR
ASOS TO DETECT.
COLUMN 17 PEAK WIND IN M.P.H.
PRELIMINARY LOCAL CLIMATOLOGICAL DATA (WS FORM: F-6) , PAGE 2
STATION: PUEBLO CO
MONTH: FEBRUARY
YEAR: 2024
LATITUDE: 38 16 N
LONGITUDE: 104 31 W
[TEMPERATURE DATA] [PRECIPITATION DATA] SYMBOLS USED IN COLUMN 16
AVERAGE MONTHLY: 39.9 TOTAL FOR MONTH: 1.48 1 = FOG OR MIST
DPTR FM NORMAL: 4.8 DPTR FM NORMAL: 1.16 2 = FOG REDUCING VISIBILITY
HIGHEST: 72 ON 25,26 GRTST 24HR 1.06 ON 3 TO 1/4 MILE OR LESS
LOWEST: 11 ON 28 3 = THUNDER
SNOW, ICE PELLETS, HAIL 4 = ICE PELLETS
TOTAL MONTH: 5.4 INCHES 5 = HAIL
GRTST 24HR 3.3 ON 10 6 = FREEZING RAIN OR DRIZZLE
GRTST DEPTH: 3 ON 10,11 7 = DUSTSTORM OR SANDSTORM:
VSBY 1/2 MILE OR LESS
8 = SMOKE OR HAZE
[NO. OF DAYS WITH] [WEATHER - DAYS WITH] 9 = BLOWING SNOW
X = TORNADO
MAX 32 OR BELOW: 0 0.01 INCH OR MORE: 6
MAX 90 OR ABOVE: 0 0.10 INCH OR MORE: 2
MIN 32 OR BELOW: 26 0.50 INCH OR MORE: 1
MIN 0 OR BELOW: 0 1.00 INCH OR MORE: 1
[HDD (BASE 65) ]
TOTAL THIS MO. 720 CLEAR (SCALE 0-3) 21
DPTR FM NORMAL -118 PTCLDY (SCALE 4-7) 5
TOTAL FM JUL 1 3732 CLOUDY (SCALE 8-10) 3
DPTR FM NORMAL -411
[CDD (BASE 65) ]
TOTAL THIS MO. 0
DPTR FM NORMAL 0 [PRESSURE DATA]
TOTAL FM JAN 1 0 HIGHEST SLP 30.48 ON 17
DPTR FM NORMAL 0 LOWEST SLP 29.31 ON 7
[REMARKS]
#FINAL-02-24#