000
CXUS56 KOTX 011010
CF6PUW
PRELIMINARY LOCAL CLIMATOLOGICAL DATA (WS FORM: F-6)
STATION: PULLMAN_MOSCOW AIRPORT
MONTH: DECEMBER
YEAR: 2022
LATITUDE: 46 44 N
LONGITUDE: 117 7 W
TEMPERATURE IN F: :PCPN: SNOW: WIND :SUNSHINE: SKY :PK WND
================================================================================
1 2 3 4 5 6A 6B 7 8 9 10 11 12 13 14 15 16 17 18
12Z AVG MX 2MIN
DY MAX MIN AVG DEP HDD CDD WTR SNW DPTH SPD SPD DIR MIN PSBL S-S WX SPD DR
================================================================================
1 33 25 29 -5 36 0 0.09 M M 7.0 16 280 M M 10 1 18 290
2 28 17 23 -11 42 0 T M M 8.3 15 90 M M 6 1 17 90
3 29 17 23 -11 42 0 0.00 M M 12.3 18 100 M M 0 22 90
4 28 19 24 -9 41 0 0.10 M M 8.8 21 90 M M 6 18 24 90
5 25 20 23 -10 42 0 0.01 M M 2.0 7 250 M M 10 128 8 240
6 32 23 28 -5 37 0 T M M 5.5 15 250 M M 10 12 22 250
7 33 20 27 -6 38 0 0.00 M M 7.6 16 130 M M 5 18 130
8 35 18 27 -5 38 0 T M M 12.4 20 150 M M 6 1 24 150
9 34 25 30 -2 35 0 0.05 M M 10.1 22 120 M M 7 1 29 120
10 37 31 34 2 31 0 0.09 M M 15.2 22 120 M M 10 1 26 110
11 40 30 35 3 30 0 0.01 M M 6.7 14 280 M M 8 126 16 270
12 31 29 30 -2 35 0 0.00 M M 8.0 14 300 M M 10 12 18 300
13 30 24 27 -5 38 0 0.00 M M 2.6 9 260 M M 9 18 12 260
14 30 25 28 -4 37 0 0.12 M M 5.6 12 280 M M 10 12 14 280
15 27 11 19 -12 46 0 T M M 2.4 9 280 M M 9 128 11 280
16 24 17 21 -10 44 0 0.00 M M 4.3 13 90 M M 7 18 17 120
17 26 16 21 -10 44 0 0.00 M M 10.4 21 140 M M 1 24 150
18 30 22 26 -5 39 0 0.17 M M 10.1 18 130 M M 10 1 22 260
19 24 20 22 -9 43 0 0.16 M M 2.2 10 100 M M 10 1 12 100
20 34 13 24 -7 41 0 0.28 M M 7.4 18 220 M M 10 18 23 230
21 13 -20 -3 -34 68 0 T M M 4.7 13 280 M M 7 18 14 290
22 8 -20 -6 -37 71 0 0.00 M M 4.1 14 90 M M 3 18 18 90
23 17 6 12 -19 53 0 0.36 M M 7.5 20 100 M M 10 168 24 100
24 39 17 28 -3 37 0 0.06 M M 13.2 26 140 M M 9 1 32 130
25 39 32 36 5 29 0 0.11 M M 9.8 21 100 M M 9 1 25 90
26 43 37 40 9 25 0 0.15 M M 12.7 22 160 M M 8 1 26 80
27 47 34 41 10 24 0 0.99 M M 17.8 36 230 M M 10 1 47 230
28 37 30 34 3 31 0 0.06 M M 14.4 36 250 M M 8 1 48 250
29 37 30 34 3 31 0 0.00 M M 10.2 18 120 M M 6 21 130
30 40 32 36 5 29 0 0.15 M M 5.5 18 130 M M 7 1 22 130
31 42 28 35 4 30 0 0.06 M M 5.7 16 240 M M 7 1 21 240
================================================================================
SM 972 628 1207 0 3.02 M 254.5 M 238
================================================================================
AV 31.4 20.3 8.2 FASTST M M 8 MAX(MPH)
MISC ----> # 36 230 48 250
================================================================================
NOTES:
# LAST OF SEVERAL OCCURRENCES
COLUMN 17 PEAK WIND IN M.P.H.
PRELIMINARY LOCAL CLIMATOLOGICAL DATA (WS FORM: F-6) , PAGE 2
STATION: PULLMAN_MOSCOW AIRPORT
MONTH: DECEMBER
YEAR: 2022
LATITUDE: 46 44 N
LONGITUDE: 117 7 W
[TEMPERATURE DATA] [PRECIPITATION DATA] SYMBOLS USED IN COLUMN 16
AVERAGE MONTHLY: 25.8 TOTAL FOR MONTH: 3.02 1 = FOG OR MIST
DPTR FM NORMAL: -5.9 DPTR FM NORMAL: 0.81 2 = FOG REDUCING VISIBILITY
HIGHEST: 47 ON 27 GRTST 24HR 1.08 ON 26-27 TO 1/4 MILE OR LESS
LOWEST: -20 ON 22,21 3 = THUNDER
SNOW, ICE PELLETS, HAIL 4 = ICE PELLETS
TOTAL MONTH: M 5 = HAIL
GRTST 24HR M ON M 6 = FREEZING RAIN OR DRIZZLE
GRTST DEPTH: M ON M 7 = DUSTSTORM OR SANDSTORM:
VSBY 1/2 MILE OR LESS
8 = SMOKE OR HAZE
[NO. OF DAYS WITH] [WEATHER - DAYS WITH] 9 = BLOWING SNOW
X = TORNADO
MAX 32 OR BELOW: 16 0.01 INCH OR MORE: 18
MAX 90 OR ABOVE: 0 0.10 INCH OR MORE: 10
MIN 32 OR BELOW: 29 0.50 INCH OR MORE: 1
MIN 0 OR BELOW: 2 1.00 INCH OR MORE: 0
[HDD (BASE 65) ]
TOTAL THIS MO. 1207 CLEAR (SCALE 0-3) 3
DPTR FM NORMAL 176 PTCLDY (SCALE 4-7) 13
TOTAL FM JUL 1 2695 CLOUDY (SCALE 8-10) 15
DPTR FM NORMAL 71
[CDD (BASE 65) ]
TOTAL THIS MO. 0
DPTR FM NORMAL 0 [PRESSURE DATA]
TOTAL FM JAN 1 402 HIGHEST SLP M ON M
DPTR FM NORMAL 119 LOWEST SLP 29.20 ON 27
[REMARKS]
#FINAL-12-22#