000
CXUS51 KBOX 021841
CF6PVD
PRELIMINARY LOCAL CLIMATOLOGICAL DATA (WS FORM: F-6)
STATION: PROVIDENCE RI
MONTH: OCTOBER
YEAR: 2020
LATITUDE: 41 43 N
LONGITUDE: 71 26 W
TEMPERATURE IN F: :PCPN: SNOW: WIND :SUNSHINE: SKY :PK WND
================================================================================
1 2 3 4 5 6A 6B 7 8 9 10 11 12 13 14 15 16 17 18
12Z AVG MX 2MIN
DY MAX MIN AVG DEP HDD CDD WTR SNW DPTH SPD SPD DIR MIN PSBL S-S WX SPD DR
================================================================================
1 77 56 67 8 0 2 0.00 0.0 0 9.6 22 180 M M 2 28 190
2 68 49 59 1 6 0 T 0.0 0 5.4 18 310 M M 4 1 24 320
3 71 42 57 -1 8 0 0.00 0.0 0 4.5 15 250 M M 2 19 250
4 68 43 56 -2 9 0 T 0.0 0 4.6 13 150 M M 4 16 150
5 66 50 58 1 7 0 0.27 0.0 0 6.0 14 10 M M 6 1 16 10
6 68 46 57 0 8 0 0.00 0.0 0 7.2 21 150 M M 2 1 25 150
7 75 53 64 7 1 0 0.07 0.0 0 12.1 40 320 M M 4 13 48 310
8 65 45 55 -1 10 0 0.00 0.0 0 11.3 22 310 M M 0 30 290
9 64 42 53 -3 12 0 0.00 0.0 0 8.1 17 350 M M 2 22 360
10 75 54 65 10 0 0 0.00 0.0 0 14.3 26 200 M M 3 34 240
11 66 49 58 3 7 0 0.00 0.0 0 9.1 17 360 M M 6 22 10
12 56 49 53 -2 12 0 0.05 0.0 0 11.3 17 70 M M 8 22 70
13 61 53 57 3 8 0 1.11 0.0 0 10.4 17 50 M M 10 1 21 40
14 70 49 60 6 5 0 0.00 0.0 0 6.9 14 300 M M 2 19 270
15 73 45 59 5 6 0 0.00 0.0 0 9.1 26 190 M M 5 33 190
16 71 50 61 8 4 0 0.69 0.0 0 9.6 17 320 M M 8 1 21 320
17 60 39 50 -3 15 0 1.23 0.0 0 9.9 21 350 M M 4 1 28 330
18 62 35 49 -4 16 0 0.00 0.0 0 4.3 14 140 M M 3 17 130
19 65 40 53 0 12 0 0.00 0.0 0 2.9 13 170 M M 6 1 14 160
20 65 46 56 4 9 0 0.26 0.0 0 1.7 15 160 M M 8 12 18 160
21 71 60 66 14 0 1 0.00 0.0 0 5.1 15 150 M M 8 12 20 220
22 76 61 69 17 0 4 0.00 0.0 0 3.8 13 160 M M 5 12 15 170
23 68 54 61 10 4 0 0.00 0.0 0 2.8 8 40 M M 6 12 9 170
24 67 48 58 7 7 0 0.00 0.0 0 7.1 17 350 M M 8 25 350
25 54 42 48 -3 17 0 T 0.0 0 9.8 18 360 M M 5 26 10
26 56 47 52 2 13 0 T 0.0 0 5.9 13 100 M M 10 1 18 100
27 60 50 55 5 10 0 0.00 0.0 0 6.7 14 20 M M 9 1 18 30
28 52 45 49 -1 16 0 0.20 0.0 0 6.0 12 20 M M 8 1 14 300
29 49 45 47 -3 18 0 1.33 0.0 0 7.6 21 20 M M 9 1 28 30
30 46 26 36 -13 29 0 0.46 1.6 0 13.6 24 30 M M 8 12 31 20
31 47 24 36 -13 29 0 0.00 0.0 0 3.1 10 190 M M 1 13 200
================================================================================
SM 1992 1437 298 7 5.67 1.6 229.8 M 166
================================================================================
AV 64.3 46.4 7.4 FASTST M M 5 MAX(MPH)
MISC ----> # 40 320 # 48 310
================================================================================
NOTES:
# LAST OF SEVERAL OCCURRENCES
COLUMN 17 PEAK WIND IN M.P.H.
PRELIMINARY LOCAL CLIMATOLOGICAL DATA (WS FORM: F-6) , PAGE 2
STATION: PROVIDENCE RI
MONTH: OCTOBER
YEAR: 2020
LATITUDE: 41 43 N
LONGITUDE: 71 26 W
[TEMPERATURE DATA] [PRECIPITATION DATA] SYMBOLS USED IN COLUMN 16
AVERAGE MONTHLY: 55.3 TOTAL FOR MONTH: 5.67 1 = FOG OR MIST
DPTR FM NORMAL: 1.7 DPTR FM NORMAL: 1.74 2 = FOG REDUCING VISIBILITY
HIGHEST: 77 ON 1 GRTST 24HR 1.33 ON 29-29 TO 1/4 MILE OR LESS
LOWEST: 24 ON 31 3 = THUNDER
SNOW, ICE PELLETS, HAIL 4 = ICE PELLETS
TOTAL MONTH: 1.6 INCHES 5 = HAIL
GRTST 24HR 1.6 ON 30-30 6 = FREEZING RAIN OR DRIZZLE
GRTST DEPTH: 0 7 = DUSTSTORM OR SANDSTORM:
VSBY 1/2 MILE OR LESS
8 = SMOKE OR HAZE
[NO. OF DAYS WITH] [WEATHER - DAYS WITH] 9 = BLOWING SNOW
X = TORNADO
MAX 32 OR BELOW: 0 0.01 INCH OR MORE: 10
MAX 90 OR ABOVE: 0 0.10 INCH OR MORE: 8
MIN 32 OR BELOW: 2 0.50 INCH OR MORE: 4
MIN 0 OR BELOW: 0 1.00 INCH OR MORE: 3
[HDD (BASE 65) ]
TOTAL THIS MO. 298 CLEAR (SCALE 0-3) 8
DPTR FM NORMAL -63 PTCLDY (SCALE 4-7) 16
TOTAL FM JUL 1 357 CLOUDY (SCALE 8-10) 7
DPTR FM NORMAL -101
[CDD (BASE 65) ]
TOTAL THIS MO. 7
DPTR FM NORMAL -1 [PRESSURE DATA]
TOTAL FM JAN 1 1043 HIGHEST SLP 30.55 ON 31
DPTR FM NORMAL 299 LOWEST SLP 29.50 ON 7
[REMARKS]
#FINAL-10-20#