000
CXUS51 KBOX 011848
CF6PVD
PRELIMINARY LOCAL CLIMATOLOGICAL DATA (WS FORM: F-6)
STATION: PROVIDENCE RI
MONTH: APRIL
YEAR: 2020
LATITUDE: 41 43 N
LONGITUDE: 71 26 W
TEMPERATURE IN F: :PCPN: SNOW: WIND :SUNSHINE: SKY :PK WND
================================================================================
1 2 3 4 5 6A 6B 7 8 9 10 11 12 13 14 15 16 17 18
12Z AVG MX 2MIN
DY MAX MIN AVG DEP HDD CDD WTR SNW DPTH SPD SPD DIR MIN PSBL S-S WX SPD DR
================================================================================
1 46 31 39 -5 26 0 0.00 0.0 0 11.7 23 40 M M 7 42 70
2 55 40 48 4 17 0 0.05 0.0 0 15.7 25 340 M M 9 35 350
3 46 42 44 -1 21 0 0.38 0.0 0 22.5 35 20 M M 8 1 45 20
4 53 38 46 1 19 0 T 0.0 0 12.5 26 30 M M 7 1 38 40
5 52 40 46 0 19 0 0.00 0.0 0 7.0 20 150 M M 9 24 150
6 63 38 51 5 14 0 0.00 0.0 0 6.8 17 180 M M 2 22 10
7 67 46 57 11 8 0 0.00 0.0 0 9.7 21 280 M M 5 28 260
8 55 41 48 1 17 0 0.04 0.0 0 6.3 15 20 M M 9 1 20 50
9 52 40 46 -1 19 0 0.69 0.0 0 12.5 33 280 M M 5 13 46 300
10 50 37 44 -3 21 0 0.22 0.0 0 17.0 31 280 M M 6 1 43 300
11 53 36 45 -3 20 0 0.00 0.0 0 13.2 26 280 M M 2 36 300
12 59 33 46 -2 19 0 0.00 0.0 0 9.1 22 190 M M 4 29 200
13 61 51 56 8 9 0 1.52 0.0 0 19.1 44 200 M M 9 1 56 180
14 59 45 52 3 13 0 0.00 0.0 0 8.9 20 310 M M 5 28 330
15 55 35 45 -4 20 0 0.06 0.0 0 7.8 22 320 M M 6 1 29 280
16 49 33 41 -8 24 0 T 0.0 0 10.7 24 270 M M 5 36 270
17 51 33 42 -8 23 0 0.13 0.0 0 11.2 22 220 M M 5 1 29 250
18 41 32 37 -13 28 0 0.62 1.2 1 9.8 20 30 M M 9 1 26 40
19 60 34 47 -3 18 0 0.00 0.0 0 12.2 28 210 M M 4 38 210
20 54 34 44 -7 21 0 0.00 0.0 0 7.8 18 10 M M 8 25 70
21 49 31 40 -11 25 0 0.38 0.0 0 10.4 25 290 M M 5 13 36 300
22 48 34 41 -10 24 0 0.00 0.0 0 15.7 29 280 M M 3 40 270
23 55 31 43 -9 22 0 0.00 0.0 0 8.5 18 260 M M 5 23 280
24 45 38 42 -10 23 0 0.46 0.0 0 10.9 23 10 M M 10 1 28 10
25 61 32 47 -5 18 0 0.00 0.0 0 6.6 23 150 M M 4 28 160
26 54 40 47 -6 18 0 0.43 0.0 0 12.5 32 30 M M 9 18 38 40
27 43 38 41 -12 24 0 0.16 0.0 0 18.3 29 20 M M 10 18 38 20
28 58 39 49 -4 16 0 T 0.0 0 9.8 20 360 M M 8 25 10
29 62 32 47 -7 18 0 0.00 0.0 0 7.3 20 160 M M 6 23 150
30 54 44 49 -5 16 0 0.31 0.0 0 12.1 20 140 M M 10 1 27 130
================================================================================
SM 1610 1118 580 0 5.45 1.2 343.6 M 194
================================================================================
AV 53.7 37.3 11.5 FASTST M M 6 MAX(MPH)
MISC ----> # 44 200 # 56 180
================================================================================
NOTES:
# LAST OF SEVERAL OCCURRENCES
COLUMN 17 PEAK WIND IN M.P.H.
PRELIMINARY LOCAL CLIMATOLOGICAL DATA (WS FORM: F-6) , PAGE 2
STATION: PROVIDENCE RI
MONTH: APRIL
YEAR: 2020
LATITUDE: 41 43 N
LONGITUDE: 71 26 W
[TEMPERATURE DATA] [PRECIPITATION DATA] SYMBOLS USED IN COLUMN 16
AVERAGE MONTHLY: 45.5 TOTAL FOR MONTH: 5.45 1 = FOG OR MIST
DPTR FM NORMAL: -3.6 DPTR FM NORMAL: 1.09 2 = FOG REDUCING VISIBILITY
HIGHEST: 67 ON 7 GRTST 24HR 1.52 ON 13-13 TO 1/4 MILE OR LESS
LOWEST: 31 ON 23,21 3 = THUNDER
SNOW, ICE PELLETS, HAIL 4 = ICE PELLETS
TOTAL MONTH: 1.2 INCHES 5 = HAIL
GRTST 24HR 1.2 ON 18-18 6 = FREEZING RAIN OR DRIZZLE
GRTST DEPTH: 1 ON 18 7 = DUSTSTORM OR SANDSTORM:
VSBY 1/2 MILE OR LESS
8 = SMOKE OR HAZE
[NO. OF DAYS WITH] [WEATHER - DAYS WITH] 9 = BLOWING SNOW
X = TORNADO
MAX 32 OR BELOW: 0 0.01 INCH OR MORE: 14
MAX 90 OR ABOVE: 0 0.10 INCH OR MORE: 11
MIN 32 OR BELOW: 6 0.50 INCH OR MORE: 3
MIN 0 OR BELOW: 0 1.00 INCH OR MORE: 1
[HDD (BASE 65) ]
TOTAL THIS MO. 580 CLEAR (SCALE 0-3) 3
DPTR FM NORMAL 101 PTCLDY (SCALE 4-7) 17
TOTAL FM JUL 1 4944 CLOUDY (SCALE 8-10) 10
DPTR FM NORMAL -406
[CDD (BASE 65) ]
TOTAL THIS MO. 0
DPTR FM NORMAL -2 [PRESSURE DATA]
TOTAL FM JAN 1 0 HIGHEST SLP 30.37 ON 29
DPTR FM NORMAL -2 LOWEST SLP 29.04 ON 9
[REMARKS]
#FINAL-04-20#