000
CXUS54 KOUN 010810
CF6PWA
PRELIMINARY LOCAL CLIMATOLOGICAL DATA (WS FORM: F-6)
STATION: BETHANY/WILEY POST
MONTH: MARCH
YEAR: 2022
LATITUDE: 35 31 N
LONGITUDE: 97 38 W
TEMPERATURE IN F: :PCPN: SNOW: WIND :SUNSHINE: SKY :PK WND
================================================================================
1 2 3 4 5 6A 6B 7 8 9 10 11 12 13 14 15 16 17 18
12Z AVG MX 2MIN
DY MAX MIN AVG DEP HDD CDD WTR SNW DPTH SPD SPD DIR MIN PSBL S-S WX SPD DR
================================================================================
1 76 32 54 7 11 0 0.00 0.0 0 9.5 14 220 M M 0 18 210
2 78 37 58 10 7 0 0.00 0.0 0 8.2 16 220 M M 0 19 220
3 81 39 60 12 5 0 0.00 M M 9.6 16 160 M M 0 21 170
4 79 52 66 18 0 1 0.00 M M 17.4 26 170 M M 1 35 170
5 81 45 63 15 2 0 0.00 M M 21.1 32 230 M M 2 40 200
6 45 31 38 -11 27 0 0.18 M M 16.4 24 340 M M 7 138 32 340
7 42 26 34 -15 31 0 0.00 0.0 M 13.3 22 340 M M 2 29 320
8 45 26 36 -14 29 0 0.00 0.0 M 4.4 14 50 M M 3 17 50
9 56 24 40 -10 25 0 0.00 0.0 M 6.0 15 120 M M 0 22 180
10 49 27 38 -12 27 0 0.00 M M 15.5 26 360 M M 5 33 350
11 37 20 29 -22 36 0 M M M 13.8 28 10 M M 6 128 36 360
12 56 18 37 -14 28 0 0.00 M M 10.0 24 200 M M 0 29 200
13 69 39 54 3 11 0 0.00 M M 21.7 31 170 M M 0 38 200
14 68 48 58 6 7 0 0.00 0.0 0 18.7 32 190 M M 3 41 200
15 68 42 55 3 10 0 0.00 0.0 0 9.0 22 350 M M 2 28 340
16 81 40 61 9 4 0 0.00 M M 17.7 30 180 M M 0 39 180
17 74 47 61 8 4 0 0.53 M M 17.0 30 160 M M 3 13 36 170
18 60 37 49 -4 16 0 0.01 M M 17.3 31 340 M M 6 40 330
19 74 32 53 0 12 0 0.00 M M 9.2 20 210 M M 0 24 210
20 81 48 65 11 0 0 0.00 M M 18.9 36 170 M M 0 45 180
21 63 51 57 3 8 0 1.47 M M 12.7 28 160 M M 9 13 36 170
22 54 40 47 -7 18 0 T M M 16.5 28 320 M M 10 1 36 320
23 54 36 45 -9 20 0 0.00 M M 15.6 32 320 M M 2 41 330
24 64 32 48 -7 17 0 0.00 M M 8.1 22 330 M M 2 29 340
25 69 34 52 -3 13 0 0.00 M M 7.5 20 360 M M 0 8 25 30
26 73 46 60 5 5 0 0.00 M M 8.0 16 90 M M 0 21 80
27 76 50 63 7 2 0 0.00 M M 13.0 21 80 M M 0 24 90
28 85 50 68 12 0 3 0.00 M M 14.9 26 160 M M 0 33 160
29 82 62 72 16 0 7 0.28 M M 24.5 39 170 M M 1 3 48 170
30 65 40 53 -3 12 0 T M M 17.6 32 360 M M 4 41 340
31 59 35 47 -10 18 0 0.00 M M 8.1 18 320 M M 2 23 320
================================================================================
SM 2044 1186 405 11 2.47 0.0 421.2 M 70
================================================================================
AV 65.9 38.3 13.6 FASTST M M 2 MAX(MPH)
MISC ----> 39 170 48 170
================================================================================
NOTES:
# LAST OF SEVERAL OCCURRENCES
COLUMN 17 PEAK WIND IN M.P.H.
PRELIMINARY LOCAL CLIMATOLOGICAL DATA (WS FORM: F-6) , PAGE 2
STATION: BETHANY/WILEY POST
MONTH: MARCH
YEAR: 2022
LATITUDE: 35 31 N
LONGITUDE: 97 38 W
[TEMPERATURE DATA] [PRECIPITATION DATA] SYMBOLS USED IN COLUMN 16
AVERAGE MONTHLY: 52.1 TOTAL FOR MONTH: 2.47 1 = FOG OR MIST
DPTR FM NORMAL: 0.0 DPTR FM NORMAL: 0.43 2 = FOG REDUCING VISIBILITY
HIGHEST: 85 ON 28 GRTST 24HR 1.47 ON 21-21 TO 1/4 MILE OR LESS
LOWEST: 18 ON 12 3 = THUNDER
SNOW, ICE PELLETS, HAIL 4 = ICE PELLETS
TOTAL MONTH: 0.0 INCH 5 = HAIL
GRTST 24HR 0.0 6 = FREEZING RAIN OR DRIZZLE
GRTST DEPTH: 0 7 = DUSTSTORM OR SANDSTORM:
VSBY 1/2 MILE OR LESS
8 = SMOKE OR HAZE
[NO. OF DAYS WITH] [WEATHER - DAYS WITH] 9 = BLOWING SNOW
X = TORNADO
MAX 32 OR BELOW: 0 0.01 INCH OR MORE: 5
MAX 90 OR ABOVE: 0 0.10 INCH OR MORE: 4
MIN 32 OR BELOW: 10 0.50 INCH OR MORE: 2
MIN 0 OR BELOW: 0 1.00 INCH OR MORE: 1
[HDD (BASE 65) ]
TOTAL THIS MO. 405 CLEAR (SCALE 0-3) 23
DPTR FM NORMAL -9 PTCLDY (SCALE 4-7) 6
TOTAL FM JUL 1 2753 CLOUDY (SCALE 8-10) 2
DPTR FM NORMAL -447
[CDD (BASE 65) ]
TOTAL THIS MO. 11
DPTR FM NORMAL -3 [PRESSURE DATA]
TOTAL FM JAN 1 11 HIGHEST SLP M ON M
DPTR FM NORMAL -5 LOWEST SLP 29.33 ON 30
[REMARKS]
#FINAL-03-22#