000
CXUS53 KMKX 010810
CF6RAC
PRELIMINARY LOCAL CLIMATOLOGICAL DATA (WS FORM: F-6)
STATION: RACINE WI
MONTH: OCTOBER
YEAR: 2022
LATITUDE: 42 45 N
LONGITUDE: 87 49 W
TEMPERATURE IN F: :PCPN: SNOW: WIND :SUNSHINE: SKY :PK WND
================================================================================
1 2 3 4 5 6A 6B 7 8 9 10 11 12 13 14 15 16 17 18
12Z AVG MX 2MIN
DY MAX MIN AVG DEP HDD CDD WTR SNW DPTH SPD SPD DIR MIN PSBL S-S WX SPD DR
================================================================================
1 66 46 56 -2 9 0 0.00 M M 8.5 16 30 M M 0 1 22 20
2 62 53 58 0 7 0 0.00 M M 10.3 17 10 M M 4 23 10
3 63 42 53 -4 12 0 0.00 M M 4.1 10 110 M M 0 18 15 120
4 71 43 57 0 8 0 0.00 M M 4.3 10 120 M M 0 1 13 130
5 75 46 61 5 4 0 0.00 M M 4.1 13 210 M M 0 18 210
6 71 48 60 4 5 0 0.05 M M 10.5 29 10 M M 9 18 43 30
7 52 36 44 -12 21 0 0.00 M M 10.8 20 20 M M 5 28 360
8 58 35 47 -8 18 0 0.00 M M 9.2 20 260 M M 0 32 250
9 69 44 57 2 8 0 T 0.0 0 7.2 15 260 M M 3 23 230
10 62 44 53 -1 12 0 0.00 0.0 0 6.0 15 70 M M 1 18 18 60
11 74 42 58 4 7 0 0.19 M M 10.4 21 170 M M 5 12 34 220
12 66 48 57 3 8 0 0.31 M M 12.7 32 320 M M 7 138 51 210
13 53 36 45 -8 20 0 0.04 M M 8.9 21 240 M M 4 31 240
14 55 37 46 -7 19 0 0.01 M M 8.4 23 230 M M 7 38 250
15 55 34 45 -7 20 0 0.00 M M 10.7 21 220 M M 2 31 210
16 50 40 45 -7 20 0 0.01 M M 8.9 17 310 M M 7 26 280
17 44 34 39 -13 26 0 T M M 16.6 24 320 M M 9 1 37 310
18 46 35 41 -10 24 0 0.00 M M 15.8 26 340 M M 9 39 320
19 46 32 39 -12 26 0 0.00 M M 8.5 17 270 M M 1 26 270
20 59 32 46 -4 19 0 0.00 M M 6.3 13 230 M M 3 18 200
21 75 43 59 9 6 0 0.00 M M 11.9 23 210 M M 0 34 210
22 72 56 64 14 1 0 0.00 M M 11.7 20 210 M M 0 28 160
23 68 57 63 14 2 0 T M M 12.6 20 160 M M 1 3 30 160
24 72 59 66 17 0 1 0.02 M M 13.4 21 190 M M 3 32 210
25 71 43 57 9 8 0 0.62 M M 10.1 25 200 M M 9 18 38 210
26 50 34 42 -6 23 0 0.14 M M 8.0 18 330 M M 4 1 27 320
27 53 32 43 -5 22 0 0.00 M M 6.2 14 140 M M 1 19 130
28 55 36 46 -1 19 0 0.00 M M 5.8 13 130 M M 0 1 19 140
29 59 34 47 0 18 0 0.00 M M 2.6 9 140 M M 0 18 13 120
30 58 41 50 4 15 0 0.03 M M 2.0 8 50 M M 3 128 10 20
31 60 44 52 6 13 0 0.04 M M 2.9 9 10 M M 6 18 11 360
================================================================================
SM 1890 1286 420 1 1.46 0.0 269.4 M 103
================================================================================
AV 61.0 41.5 8.7 FASTST M M 3 MAX(MPH)
MISC ----> 32 320 51 210
================================================================================
NOTES:
# LAST OF SEVERAL OCCURRENCES
COLUMN 17 PEAK WIND IN M.P.H.
PRELIMINARY LOCAL CLIMATOLOGICAL DATA (WS FORM: F-6) , PAGE 2
STATION: RACINE WI
MONTH: OCTOBER
YEAR: 2022
LATITUDE: 42 45 N
LONGITUDE: 87 49 W
[TEMPERATURE DATA] [PRECIPITATION DATA] SYMBOLS USED IN COLUMN 16
AVERAGE MONTHLY: 51.2 TOTAL FOR MONTH: 1.46 1 = FOG OR MIST
DPTR FM NORMAL: -0.9 DPTR FM NORMAL: -1.47 2 = FOG REDUCING VISIBILITY
HIGHEST: 75 ON 21, 5 GRTST 24HR 0.74 ON 25-26 TO 1/4 MILE OR LESS
LOWEST: 32 ON 27,20 3 = THUNDER
SNOW, ICE PELLETS, HAIL 4 = ICE PELLETS
TOTAL MONTH: 0.0 INCH 5 = HAIL
GRTST 24HR 0.0 6 = FREEZING RAIN OR DRIZZLE
GRTST DEPTH: 0 7 = DUSTSTORM OR SANDSTORM:
VSBY 1/2 MILE OR LESS
8 = SMOKE OR HAZE
[NO. OF DAYS WITH] [WEATHER - DAYS WITH] 9 = BLOWING SNOW
X = TORNADO
MAX 32 OR BELOW: 0 0.01 INCH OR MORE: 11
MAX 90 OR ABOVE: 0 0.10 INCH OR MORE: 4
MIN 32 OR BELOW: 3 0.50 INCH OR MORE: 1
MIN 0 OR BELOW: 0 1.00 INCH OR MORE: 0
[HDD (BASE 65) ]
TOTAL THIS MO. 420 CLEAR (SCALE 0-3) 18
DPTR FM NORMAL 11 PTCLDY (SCALE 4-7) 9
TOTAL FM JUL 1 525 CLOUDY (SCALE 8-10) 4
DPTR FM NORMAL -9
[CDD (BASE 65) ]
TOTAL THIS MO. 1
DPTR FM NORMAL -7 [PRESSURE DATA]
TOTAL FM JAN 1 787 HIGHEST SLP M ON M
DPTR FM NORMAL 132 LOWEST SLP 29.57 ON 14
[REMARKS]
#FINAL-10-22#