000
CXUS53 KMKX 010810
CF6RAC
PRELIMINARY LOCAL CLIMATOLOGICAL DATA (WS FORM: F-6)
STATION: RACINE WI
MONTH: AUGUST
YEAR: 2022
LATITUDE: 42 45 N
LONGITUDE: 87 49 W
TEMPERATURE IN F: :PCPN: SNOW: WIND :SUNSHINE: SKY :PK WND
================================================================================
1 2 3 4 5 6A 6B 7 8 9 10 11 12 13 14 15 16 17 18
12Z AVG MX 2MIN
DY MAX MIN AVG DEP HDD CDD WTR SNW DPTH SPD SPD DIR MIN PSBL S-S WX SPD DR
================================================================================
1 86 69 78 6 0 13 0.00 M M 10.5 20 280 M M 4 28 260
2 80 63 72 0 0 7 0.00 M M 8.3 18 170 M M 2 24 210
3 85 75 80 8 0 15 0.04 M M 10.1 20 260 M M 2 3 30 270
4 78 64 71 -1 0 6 0.00 M M 8.9 17 10 M M 2 24 20
5 84 61 73 1 0 8 0.00 M M 6.4 12 100 M M 0 17 100
6 89 72 81 9 0 16 0.00 M M 9.2 20 170 M M 1 1 27 150
7 84 68 76 4 0 11 0.31 M M 6.0 28 280 M M 7 13 41 280
8 78 63 71 -1 0 6 0.29 M M 8.9 18 220 M M 9 1 30 230
9 75 58 67 -5 0 2 0.00 M M 5.4 14 10 M M 0 18 10
10 86 60 73 1 0 8 0.00 M M 7.0 15 360 M M 1 23 10
11 76 57 67 -5 0 2 0.00 M M 9.7 17 30 M M 0 23 40
12 74 57 66 -6 0 1 0.00 M M 5.4 12 120 M M 1 14 160
13 79 67 73 1 0 8 T M M 9.6 18 180 M M 9 28 210
14 70 64 67 -5 0 2 0.00 M M 10.4 15 10 M M 10 18 22 20
15 77 63 70 -1 0 5 0.00 M M 9.1 14 40 M M 4 19 20
16 77 62 70 -1 0 5 0.00 M M 8.8 15 30 M M 0 M M
17 79 60 70 -1 0 5 0.00 M M 5.8 12 50 M M 0 15 40
18 84 59 72 1 0 7 0.00 M M 6.7 17 160 M M 1 21 180
19 85 67 76 5 0 11 T M M 9.2 18 200 M M 3 3 27 190
20 77 65 71 0 0 6 0.59 M M 6.9 20 250 M M 7 13 33 270
21 76 65 71 0 0 6 0.02 M M 8.8 20 20 M M 6 128 25 20
22 80 62 71 1 0 6 0.00 M M 5.0 10 100 M M 0 17 50
23 83 63 73 3 0 8 0.00 M M 5.6 13 150 M M 1 17 120
24 85 65 75 5 0 10 0.00 M M 7.3 15 170 M M 0 21 170
25 80 66 73 3 0 8 0.63 M M 7.7 15 310 M M 7 1 22 300
26 74 58 66 -4 0 1 0.00 M M 6.7 15 10 M M 4 21 350
27 77 56 67 -3 0 2 0.00 M M 5.7 13 170 M M 0 18 140
28 84 71 78 9 0 13 0.56 M M 8.8 20 230 M M 3 13 31 230
29 83 69 76 7 0 11 0.02 M M 9.3 17 250 M M 3 13 27 230
30 79 63 71 2 0 6 0.00 M M 9.8 18 300 M M 0 29 300
31 85 61 73 4 0 8 0.00 M M 8.0 16 290 M M 0 23 260
================================================================================
SM 2489 1973 0 223 2.46 M 245.0 M 87
================================================================================
AV 80.3 63.6 7.9 FASTST M M 3 MAX(MPH)
MISC ----> 28 280 41 280
================================================================================
NOTES:
# LAST OF SEVERAL OCCURRENCES
COLUMN 17 PEAK WIND IN M.P.H.
PRELIMINARY LOCAL CLIMATOLOGICAL DATA (WS FORM: F-6) , PAGE 2
STATION: RACINE WI
MONTH: AUGUST
YEAR: 2022
LATITUDE: 42 45 N
LONGITUDE: 87 49 W
[TEMPERATURE DATA] [PRECIPITATION DATA] SYMBOLS USED IN COLUMN 16
AVERAGE MONTHLY: 72.0 TOTAL FOR MONTH: 2.46 1 = FOG OR MIST
DPTR FM NORMAL: 0.9 DPTR FM NORMAL: -0.89 2 = FOG REDUCING VISIBILITY
HIGHEST: 89 ON 6 GRTST 24HR 0.63 ON 25-25 TO 1/4 MILE OR LESS
LOWEST: 56 ON 27 3 = THUNDER
SNOW, ICE PELLETS, HAIL 4 = ICE PELLETS
TOTAL MONTH: M 5 = HAIL
GRTST 24HR M ON M 6 = FREEZING RAIN OR DRIZZLE
GRTST DEPTH: M ON M 7 = DUSTSTORM OR SANDSTORM:
VSBY 1/2 MILE OR LESS
8 = SMOKE OR HAZE
[NO. OF DAYS WITH] [WEATHER - DAYS WITH] 9 = BLOWING SNOW
X = TORNADO
MAX 32 OR BELOW: 0 0.01 INCH OR MORE: 8
MAX 90 OR ABOVE: 0 0.10 INCH OR MORE: 5
MIN 32 OR BELOW: 0 0.50 INCH OR MORE: 3
MIN 0 OR BELOW: 0 1.00 INCH OR MORE: 0
[HDD (BASE 65) ]
TOTAL THIS MO. 0 CLEAR (SCALE 0-3) 19
DPTR FM NORMAL -9 PTCLDY (SCALE 4-7) 9
TOTAL FM JUL 1 0 CLOUDY (SCALE 8-10) 3
DPTR FM NORMAL -13
[CDD (BASE 65) ]
TOTAL THIS MO. 223
DPTR FM NORMAL 25 [PRESSURE DATA]
TOTAL FM JAN 1 680 HIGHEST SLP M ON M
DPTR FM NORMAL 107 LOWEST SLP 29.73 ON 3
[REMARKS]
#FINAL-08-22#