000
CXUS53 KUNR 071514
CF6RAP
PRELIMINARY LOCAL CLIMATOLOGICAL DATA (WS FORM: F-6)
STATION: RAPID CITY AIRPORT SD
MONTH: JULY
YEAR: 2022
LATITUDE: 44 2 N
LONGITUDE: 103 4 W
TEMPERATURE IN F: :PCPN: SNOW: WIND :SUNSHINE: SKY :PK WND
================================================================================
1 2 3 4 5 6A 6B 7 8 9 10 11 12 13 14 15 16 17 18
12Z AVG MX 2MIN
DY MAX MIN AVG DEP HDD CDD WTR SNW DPTH SPD SPD DIR MIN PSBL S-S WX SPD DR
================================================================================
1 88 53 71 2 0 6 0.47 M M 10.9 46 20 M M 2 13 62 10
2 85 53 69 -1 0 4 0.03 M M 9.0 22 320 M M 1 123 29 320
3 93 61 77 7 0 12 0.08 M M 11.6 30 90 M M 1 3 40 100
4 90 62 76 6 0 11 T M M 8.2 24 330 M M 1 3 32 330
5 83 62 73 2 0 8 T M M 7.0 35 10 M M 4 12 45 10
6 87 59 73 2 0 8 0.67 M M 8.1 29 80 M M 4 13 35 210
7 85 63 74 3 0 9 T M M 9.0 23 60 M M 2 3 31 60
8 87 61 74 3 0 9 0.00 M M 7.9 17 110 M M 2 12 26 130
9 94 66 80 8 0 15 0.00 M M 9.4 20 360 M M 0 28 10
10 93 60 77 5 0 12 0.38 M M 15.8 56 320 M M 1 13 75 310
11 80 54 67 -5 0 2 0.06 M M 11.0 25 360 M M 4 13 35 350
12 89 51 70 -2 0 5 0.00 M M 7.3 16 180 M M 0 22 180
13 92 57 75 3 0 10 0.00 M M 7.9 17 100 M M 0 24 120
14 99 63 81 8 0 16 0.00 M M 10.8 29 330 M M 0 37 340
15 98 64 81 8 0 16 0.58 M M 9.5 23 150 M M 3 13 32 120
16 91 63 77 4 0 12 0.55 M M 5.9 15 360 M M 1 1 21 340
17 98 64 81 8 0 16 0.00 M M 4.9 16 90 M M 0 22 90
18 105 67 86 13 0 21 0.00 M M 11.3 41 330 M M 0 57 340
19 87 58 73 0 0 8 0.00 M M 18.1 37 330 M M 0 52 320
20 97 53 75 1 0 10 0.00 M M 7.2 28 340 M M 0 37 350
21 97 59 78 4 0 13 0.00 M M 9.9 21 180 M M 0 3 29 180
22 100 60 80 6 0 15 0.00 M M 10.4 26 180 M M 0 39 170
23 89 61 75 1 0 10 0.00 M M 15.4 40 330 M M 0 56 330
24 86 60 73 -1 0 8 1.18 M M 10.6 23 300 M M 6 13 29 130
25 84 58 71 -3 0 6 T M M 4.8 17 190 M M 2 23 210
26 79 59 69 -5 0 4 0.03 M M 10.1 24 340 M M 2 1 32 340
27 87 57 72 -2 0 7 T M M 7.3 30 350 M M 2 41 350
28 80 51 66 -8 0 1 0.00 M M 4.0 13 350 M M 1 16 80
29 87 50 69 -5 0 4 T M M 4.6 21 220 M M 0 3 30 220
30 95 61 78 4 0 13 T M M 4.3 17 210 M M 0 25 220
31 91 64 78 4 0 13 0.00 M M 10.8 25 340 M M 0 33 340
================================================================================
SM 2796 1834 0 304 4.03 M 283.0 M 39
================================================================================
AV 90.2 59.2 9.1 FASTST M M 1 MAX(MPH)
MISC ----> 56 320 75 310
================================================================================
NOTES:
# LAST OF SEVERAL OCCURRENCES
COLUMN 17 PEAK WIND IN M.P.H.
PRELIMINARY LOCAL CLIMATOLOGICAL DATA (WS FORM: F-6) , PAGE 2
STATION: RAPID CITY AIRPORT SD
MONTH: JULY
YEAR: 2022
LATITUDE: 44 2 N
LONGITUDE: 103 4 W
[TEMPERATURE DATA] [PRECIPITATION DATA] SYMBOLS USED IN COLUMN 16
AVERAGE MONTHLY: 74.7 TOTAL FOR MONTH: 4.03 1 = FOG OR MIST
DPTR FM NORMAL: 2.3 DPTR FM NORMAL: 1.75 2 = FOG REDUCING VISIBILITY
HIGHEST: 105 ON 18 GRTST 24HR 1.18 ON 24-24 TO 1/4 MILE OR LESS
LOWEST: 50 ON 29 3 = THUNDER
SNOW, ICE PELLETS, HAIL 4 = ICE PELLETS
TOTAL MONTH: M 5 = HAIL
GRTST 24HR M ON M 6 = FREEZING RAIN OR DRIZZLE
GRTST DEPTH: M ON M 7 = DUSTSTORM OR SANDSTORM:
VSBY 1/2 MILE OR LESS
8 = SMOKE OR HAZE
[NO. OF DAYS WITH] [WEATHER - DAYS WITH] 9 = BLOWING SNOW
X = TORNADO
MAX 32 OR BELOW: 0 0.01 INCH OR MORE: 10
MAX 90 OR ABOVE: 15 0.10 INCH OR MORE: 6
MIN 32 OR BELOW: 0 0.50 INCH OR MORE: 4
MIN 0 OR BELOW: 0 1.00 INCH OR MORE: 1
[HDD (BASE 65) ]
TOTAL THIS MO. 0 CLEAR (SCALE 0-3) 27
DPTR FM NORMAL -13 PTCLDY (SCALE 4-7) 4
TOTAL FM JUL 1 0 CLOUDY (SCALE 8-10) 0
DPTR FM NORMAL -7
[CDD (BASE 65) ]
TOTAL THIS MO. 304
DPTR FM NORMAL 60 [PRESSURE DATA]
TOTAL FM JAN 1 411 HIGHEST SLP 30.17 ON 28
DPTR FM NORMAL 74 LOWEST SLP 29.53 ON 18
[REMARKS]
#FINAL-07-22#