000
CXUS56 KSTO 030502
CF6RBL
PRELIMINARY LOCAL CLIMATOLOGICAL DATA (WS FORM: F-6)
STATION: RED BLUFF
MONTH: OCTOBER
YEAR: 2023
LATITUDE: 40 8 N
LONGITUDE: 122-15 E
TEMPERATURE IN F: :PCPN: SNOW: WIND :SUNSHINE: SKY :PK WND
================================================================================
1 2 3 4 5 6A 6B 7 8 9 10 11 12 13 14 15 16 17 18
12Z AVG MX 2MIN
DY MAX MIN AVG DEP HDD CDD WTR SNW DPTH SPD SPD DIR MIN PSBL S-S WX SPD DR
================================================================================
1 79 56 68 -3 0 3 0.00 M M 10.4 23 350 M M 0 8 29 350
2 83 53 68 -3 0 3 0.00 M M 7.6 22 350 M M 1 27 350
3 89 55 72 2 0 7 0.00 M M 7.0 21 360 M M 0 25 360
4 94 68 81 11 0 16 0.00 M M 9.2 18 330 M M 0 22 330
5 95 61 78 8 0 13 0.00 M M 6.1 13 360 M M 0 17 350
6 97 63 80 11 0 15 0.00 M M 4.0 9 340 M M 0 12 310
7 94 59 77 8 0 12 0.00 M M 5.7 12 160 M M 0 17 150
8 93 59 76 8 0 11 0.00 M M 7.5 17 160 M M 0 21 150
9 73 59 66 -2 0 1 T M M 6.9 17 150 M M 2 22 150
10 71 57 64 -4 1 0 T M M 10.4 21 160 M M 9 27 140
11 74 49 62 -5 3 0 0.00 M M 6.8 14 10 M M 1 23 330
12 81 53 67 0 0 2 0.00 M M 8.4 17 360 M M 0 23 350
13 72 47 60 -6 5 0 0.00 M M 4.1 10 340 M M 3 13 180
14 78 57 68 2 0 3 0.00 M M 4.5 13 150 M M 6 16 150
15 84 57 71 5 0 6 0.00 M M 6.0 14 160 M M 0 17 170
16 76 53 65 0 0 0 T 0.0 M 4.6 9 90 M M 2 14 70
17 89 57 73 8 0 8 0.00 M M 8.6 18 350 M M 0 22 10
18 89 53 71 7 0 6 0.00 M M 3.4 8 320 M M 0 10 340
19 95 52 74 10 0 9 0.00 M M 4.1 9 350 M M 0 19 70
20 88 57 73 9 0 8 0.00 M M 6.4 15 170 M M 0 17 160
21 78 52 65 2 0 0 0.00 M M 4.9 13 180 M M 0 15 170
22 61 55 58 -5 7 0 0.03 M M 4.8 10 140 M M 7 18 16 140
23 83 52 68 6 0 3 0.00 M M 9.5 22 340 M M 0 1 29 350
24 76 48 62 0 3 0 0.00 M M 5.9 13 160 M M 0 15 150
25 64 44 54 -7 11 0 T M M 9.3 23 160 M M 2 27 170
26 68 39 54 -7 11 0 0.00 M M 6.7 15 340 M M 1 19 330
27 67 34 51 -10 14 0 0.00 M M 4.0 9 320 M M 1 8 14 340
28 69 37 53 -7 12 0 0.00 0.0 M 12.9 30 340 M M 0 8 39 340
29 76 42 59 -1 6 0 0.00 M M 9.3 20 350 M M 0 24 340
30 73 37 55 -4 10 0 0.00 M M 4.7 9 350 M M 0 12 140
31 77 37 57 -2 8 0 0.00 M M 5.1 10 350 M M 0 14 330
================================================================================
SM 2486 1602 91 126 0.03 0.0 208.8 M 35
================================================================================
AV 80.2 51.7 6.7 FASTST M M 1 MAX(MPH)
MISC ----> 30 340 39 340
================================================================================
NOTES:
# LAST OF SEVERAL OCCURRENCES
COLUMN 17 PEAK WIND IN M.P.H.
PRELIMINARY LOCAL CLIMATOLOGICAL DATA (WS FORM: F-6) , PAGE 2
STATION: RED BLUFF
MONTH: OCTOBER
YEAR: 2023
LATITUDE: 40 8 N
LONGITUDE: 122-15 E
[TEMPERATURE DATA] [PRECIPITATION DATA] SYMBOLS USED IN COLUMN 16
AVERAGE MONTHLY: 65.9 TOTAL FOR MONTH: 0.03 1 = FOG OR MIST
DPTR FM NORMAL: 0.8 DPTR FM NORMAL: -1.01 2 = FOG REDUCING VISIBILITY
HIGHEST: 97 ON 6 GRTST 24HR 0.10 ON 30- 1 TO 1/4 MILE OR LESS
LOWEST: 34 ON 27 3 = THUNDER
SNOW, ICE PELLETS, HAIL 4 = ICE PELLETS
TOTAL MONTH: 0.0 INCH 5 = HAIL
GRTST 24HR 0.0 6 = FREEZING RAIN OR DRIZZLE
GRTST DEPTH: M ON M 7 = DUSTSTORM OR SANDSTORM:
VSBY 1/2 MILE OR LESS
8 = SMOKE OR HAZE
[NO. OF DAYS WITH] [WEATHER - DAYS WITH] 9 = BLOWING SNOW
X = TORNADO
MAX 32 OR BELOW: 0 0.01 INCH OR MORE: 1
MAX 90 OR ABOVE: 6 0.10 INCH OR MORE: 0
MIN 32 OR BELOW: 0 0.50 INCH OR MORE: 0
MIN 0 OR BELOW: 0 1.00 INCH OR MORE: 0
[HDD (BASE 65) ]
TOTAL THIS MO. 91 CLEAR (SCALE 0-3) 28
DPTR FM NORMAL 5 PTCLDY (SCALE 4-7) 2
TOTAL FM JUL 1 91 CLOUDY (SCALE 8-10) 1
DPTR FM NORMAL -1
[CDD (BASE 65) ]
TOTAL THIS MO. 126
DPTR FM NORMAL 35 [PRESSURE DATA]
TOTAL FM JAN 1 2195 HIGHEST SLP 30.30 ON 29
DPTR FM NORMAL 272 LOWEST SLP 29.70 ON 10
[REMARKS]
#FINAL-10-23#