000
CXUS51 KPHI 161632
CF6RDG
PRELIMINARY LOCAL CLIMATOLOGICAL DATA (WS FORM: F-6)
STATION: READING PA
MONTH: JULY
YEAR: 2022
LATITUDE: 40 22 N
LONGITUDE: 75 58 W
TEMPERATURE IN F: :PCPN: SNOW: WIND :SUNSHINE: SKY :PK WND
================================================================================
1 2 3 4 5 6A 6B 7 8 9 10 11 12 13 14 15 16 17 18
12Z AVG MX 2MIN
DY MAX MIN AVG DEP HDD CDD WTR SNW DPTH SPD SPD DIR MIN PSBL S-S WX SPD DR
================================================================================
1 92 66 79 4 0 14 0.01 T 0 4.6 26 200 M M 2 358 37 220
2 89 74 82 6 0 17 T 0.0 0 6.2 18 230 M M 2 13 23 230
3 88 68 78 2 0 13 0.00 0.0 0 5.6 15 330 M M 2 19 320
4 86 59 73 -3 0 8 0.00 0.0 0 3.4 13 240 M M 0 8 17 250
5 86 69 78 2 0 13 T 0.0 0 7.3 21 200 M M 5 18 26 190
6 89 72 81 5 0 16 0.00 0.0 0 7.4 16 290 M M 6 1 19 300
7 85 72 79 3 0 14 T 0.0 0 4.1 10 80 M M 8 14 140
8 89 68 79 3 0 14 0.09 0.0 0 4.6 15 240 M M 6 18 17 250
9 84 68 76 0 0 11 0.02 0.0 0 4.7 14 170 M M 5 1 18 170
10 87 62 75 -1 0 10 0.00 0.0 0 4.1 12 10 M M 1 1 16 20
11 87 61 74 -2 0 9 0.00 0.0 0 7.2 16 190 M M 1 23 220
12 94 68 81 5 0 16 T 0.0 0 7.0 20 230 M M 1 3 26 200
13 92 68 80 4 0 15 T 0.0 0 5.2 15 160 M M 2 18 20 150
14 90 66 78 2 0 13 0.00 0.0 0 4.5 15 310 M M 2 24 300
15 89 65 77 1 0 12 0.00 0.0 0 5.0 12 30 M M 3 16 30
16 87 68 78 2 0 13 0.72 0.0 0 3.6 17 250 M M 8 13 22 250
17 84 69 77 1 0 12 0.16 0.0 0 3.7 15 260 M M 8 1238 19 260
18 88 71 80 4 0 15 0.12 0.0 0 5.9 15 150 M M 5 138 19 240
19 92 71 82 6 0 17 0.00 0.0 0 6.9 16 250 M M 1 21 300
20 94 70 82 6 0 17 0.00 0.0 0 5.8 15 190 M M 0 8 19 190
21 94 77 86 10 0 21 0.00 0.0 0 6.3 20 250 M M 2 30 270
22 96 73 85 9 0 20 0.00 0.0 0 5.6 22 230 M M 1 29 230
23 97 73 85 9 0 20 0.00 0.0 0 4.4 14 210 M M 0 18 20 210
24 97 70 84 8 0 19 0.00 0.0 0 6.9 18 200 M M 0 24 210
25 92 77 85 9 0 20 T 0.0 0 8.2 17 250 M M 2 24 250
26 83 68 76 0 0 11 0.00 0.0 0 5.0 12 260 M M 0 16 240
27 89 67 78 2 0 13 0.69 0.0 0 4.2 17 210 M M 6 13 21 210
28 91 71 81 5 0 16 0.72 0.0 0 3.9 35 310 M M 4 123 45 300
29 81 69 75 -1 0 10 0.03 0.0 0 2.2 12 290 M M 5 18 16 290
30 89 66 78 2 0 13 0.00 0.0 0 5.4 17 290 M M 2 1 22 330
31 88 65 77 1 0 12 0.28 0.0 0 4.6 18 230 M M 3 1 24 220
================================================================================
SM 2769 2131 0 444 2.84 T 163.5 M 93
================================================================================
AV 89.3 68.7 5.3 FASTST M M 3 MAX(MPH)
MISC ----> 35 310 45 300
================================================================================
NOTES:
# LAST OF SEVERAL OCCURRENCES
COLUMN 17 PEAK WIND IN M.P.H.
PRELIMINARY LOCAL CLIMATOLOGICAL DATA (WS FORM: F-6) , PAGE 2
STATION: READING PA
MONTH: JULY
YEAR: 2022
LATITUDE: 40 22 N
LONGITUDE: 75 58 W
[TEMPERATURE DATA] [PRECIPITATION DATA] SYMBOLS USED IN COLUMN 16
AVERAGE MONTHLY: 79.0 TOTAL FOR MONTH: 2.84 1 = FOG OR MIST
DPTR FM NORMAL: 2.9 DPTR FM NORMAL: -1.93 2 = FOG REDUCING VISIBILITY
HIGHEST: 97 ON 24,23 GRTST 24HR 0.72 ON 16-16 TO 1/4 MILE OR LESS
LOWEST: 59 ON 4 3 = THUNDER
SNOW, ICE PELLETS, HAIL 4 = ICE PELLETS
TOTAL MONTH: T 5 = HAIL
GRTST 24HR T ON 1- 1 6 = FREEZING RAIN OR DRIZZLE
GRTST DEPTH: 0 7 = DUSTSTORM OR SANDSTORM:
VSBY 1/2 MILE OR LESS
8 = SMOKE OR HAZE
[NO. OF DAYS WITH] [WEATHER - DAYS WITH] 9 = BLOWING SNOW
X = TORNADO
MAX 32 OR BELOW: 0 0.01 INCH OR MORE: 10
MAX 90 OR ABOVE: 12 0.10 INCH OR MORE: 6
MIN 32 OR BELOW: 0 0.50 INCH OR MORE: 3
MIN 0 OR BELOW: 0 1.00 INCH OR MORE: 0
[HDD (BASE 65) ]
TOTAL THIS MO. 0 CLEAR (SCALE 0-3) 19
DPTR FM NORMAL 0 PTCLDY (SCALE 4-7) 12
TOTAL FM JUL 1 0 CLOUDY (SCALE 8-10) 0
DPTR FM NORMAL 0
[CDD (BASE 65) ]
TOTAL THIS MO. 444
DPTR FM NORMAL 98 [PRESSURE DATA]
TOTAL FM JAN 1 754 HIGHEST SLP M ON M
DPTR FM NORMAL 119 LOWEST SLP 29.64 ON 21
[REMARKS]
#FINAL-07-22#