000
CXUS56 KBOI 011002
CF6REO
PRELIMINARY LOCAL CLIMATOLOGICAL DATA (WS FORM: F-6)
STATION: ROME OR
MONTH: APRIL
YEAR: 2021
LATITUDE: 42 35 N
LONGITUDE: 117 52 W
TEMPERATURE IN F: :PCPN: SNOW: WIND :SUNSHINE: SKY :PK WND
================================================================================
1 2 3 4 5 6A 6B 7 8 9 10 11 12 13 14 15 16 17 18
12Z AVG MX 2MIN
DY MAX MIN AVG DEP HDD CDD WTR SNW DPTH SPD SPD DIR MIN PSBL S-S WX SPD DR
================================================================================
1 75 20 48 6 17 0 0.00 M M 8.5 23 240 M M 0 30 250
2 75 35 55 12 10 0 0.00 M M 8.4 18 210 M M 0 26 210
3 79 40 60 17 5 0 0.00 M M 7.8 21 250 M M 0 33 220
4 77 40 59 16 6 0 0.00 M M 10.4 23 260 M M 0 32 260
5 51 31 41 -2 24 0 0.00 M M 11.6 26 330 M M 0 37 330
6 63 16 40 -3 25 0 0.00 M M 5.9 13 160 M M 0 18 160
7 70 31 51 7 14 0 0.00 M M 9.1 24 270 M M 0 36 220
8 59 29 44 0 21 0 0.00 M M 9.8 21 300 M M 0 31 300
9 69 17 43 -1 22 0 0.00 M M 4.4 14 260 M M 0 20 260
10 68 32 50 6 15 0 0.00 M M 13.1 24 240 M M 0 35 350
11 53 22 38 -6 27 0 0.00 M M 6.4 12 40 M M 0 18 10
12 55 15 35 -10 30 0 0.00 M M 7.0 14 10 M M 0 22 20
13 51 28 40 -5 25 0 0.00 M M 14.1 26 30 M M 0 38 40
14 57 28 43 -2 22 0 0.00 M M 8.1 20 30 M M 0 25 40
15 60 21 41 -4 24 0 0.00 M M 6.8 15 360 M M 0 23 350
16 62 34 48 2 17 0 0.00 M M 9.3 18 40 M M 0 25 30
17 67 24 46 0 19 0 0.00 M M 5.6 15 30 M M 0 24 70
18 76 26 51 5 14 0 0.00 M M 6.7 20 300 M M 0 26 280
19 69 41 55 9 10 0 0.00 M M 11.8 25 340 M M 0 35 350
20 64 26 45 -2 20 0 0.00 M M 8.7 22 10 M M 0 32 30
21 67 24 46 -1 19 0 0.00 M M 8.9 21 10 M M 0 30 360
22 70 29 50 3 15 0 0.00 M M 11.1 28 310 M M 0 40 320
23 70 27 49 1 16 0 0.00 M M 8.9 16 240 M M 0 23 240
24 61 44 53 5 12 0 0.06 M M 14.6 36 250 M M 0 46 250
25 56 39 48 0 17 0 0.02 M M 11.1 24 250 M M 0 31 260
26 52 33 43 -5 22 0 0.49 M M 7.2 17 280 M M 0 23 220
27 59 33 46 -3 19 0 0.08 M M 5.2 14 80 M M 0 18 80
28 73 35 54 5 11 0 0.00 M M 6.3 12 160 M M 0 15 170
29 86 42 64 15 1 0 0.00 M M 6.9 17 230 M M 0 21 230
30 86 49 68 18 0 3 0.00 M M 7.0 18 280 M M 0 26 270
================================================================================
SM 1980 911 499 3 0.65 M 260.7 M 0
================================================================================
AV 66.0 30.4 8.7 FASTST M M 0 MAX(MPH)
MISC ----> 36 250 46 250
================================================================================
NOTES:
# LAST OF SEVERAL OCCURRENCES
COLUMN 17 PEAK WIND IN M.P.H.
PRELIMINARY LOCAL CLIMATOLOGICAL DATA (WS FORM: F-6) , PAGE 2
STATION: ROME OR
MONTH: APRIL
YEAR: 2021
LATITUDE: 42 35 N
LONGITUDE: 117 52 W
[TEMPERATURE DATA] [PRECIPITATION DATA] SYMBOLS USED IN COLUMN 16
AVERAGE MONTHLY: 48.2 TOTAL FOR MONTH: 0.65 1 = FOG OR MIST
DPTR FM NORMAL: 2.5 DPTR FM NORMAL: -0.33 2 = FOG REDUCING VISIBILITY
HIGHEST: 86 ON 30,29 GRTST 24HR 0.57 ON 26-27 TO 1/4 MILE OR LESS
LOWEST: 15 ON 12 3 = THUNDER
SNOW, ICE PELLETS, HAIL 4 = ICE PELLETS
TOTAL MONTH: M 5 = HAIL
GRTST 24HR M ON M 6 = FREEZING RAIN OR DRIZZLE
GRTST DEPTH: M ON M 7 = DUSTSTORM OR SANDSTORM:
VSBY 1/2 MILE OR LESS
8 = SMOKE OR HAZE
[NO. OF DAYS WITH] [WEATHER - DAYS WITH] 9 = BLOWING SNOW
X = TORNADO
MAX 32 OR BELOW: 0 0.01 INCH OR MORE: 4
MAX 90 OR ABOVE: 0 0.10 INCH OR MORE: 1
MIN 32 OR BELOW: 18 0.50 INCH OR MORE: 0
MIN 0 OR BELOW: 0 1.00 INCH OR MORE: 0
[HDD (BASE 65) ]
TOTAL THIS MO. 499 CLEAR (SCALE 0-3) 30
DPTR FM NORMAL -80 PTCLDY (SCALE 4-7) 0
TOTAL FM JUL 1 5401 CLOUDY (SCALE 8-10) 0
DPTR FM NORMAL -694
[CDD (BASE 65) ]
TOTAL THIS MO. 3
DPTR FM NORMAL 3 [PRESSURE DATA]
TOTAL FM JAN 1 3 HIGHEST SLP M ON M
DPTR FM NORMAL 3 LOWEST SLP 29.61 ON 25
[REMARKS]
#FINAL-04-21#