000
CXUS53 KGRB 030051
CLSRHI
CLIMATE REPORT
NATIONAL WEATHER SERVICE GREEN BAY
751 PM CDT FRI SEP 02 2022
...................................
...THE RHINELANDER WI CLIMATE SUMMARY FOR THE SEASON, FROM
6/1/2022 TO 8/31/2022...
CLIMATE NORMAL PERIOD: 1991 TO 2020
CLIMATE RECORD PERIOD: 1908 TO 2022
WEATHER OBSERVED NORMAL DEPART LAST YEAR`S
VALUE DATE(S) VALUE FROM VALUE DATE(S)
NORMAL
................................................................
TEMPERATURE (F)
RECORD
HIGH 108 07/13/1936
LOW 27 06/01/2003
HIGHEST 93 06/20 92 1 94 06/08
LOWEST 33 06/04 35 -2 40 06/01
AVG. MAXIMUM 77.2 77.5 -0.3 79.4
AVG. MINIMUM 52.7 52.4 0.3 54.1
MEAN 64.9 64.9 0.0 66.7
DAYS MAX >= 90 1 3.2 -2.2 4
DAYS MAX <= 32 0 0.0 0.0 0
DAYS MIN <= 32 0 0.5 -0.5 0
DAYS MIN <= 0 0 0.0 0.0 0
PRECIPITATION (INCHES)
RECORD
MAXIMUM 21.33 1978
MINIMUM 5.37 1910
TOTALS 8.75 11.04 -2.29 14.10
DAILY AVG. 0.09 0.12 -0.03 0.15
DAYS >= .01 35 34.8 0.2 35
DAYS >= .10 21 20.1 0.9 22
DAYS >= .50 4 7.1 -3.1 10
DAYS >= 1.00 2 2.4 -0.4 3
SNOWFALL (INCHES)
RECORDS
TOTAL T 1945
24 HR TOTAL MM
TOTALS 0.0 MM MM 0.0
SINCE 7/1 0.0 MM MM MM
DAYS >= TRACE 0 MM MM 0
DAYS >= 1.0 0 MM MM 0
GREATEST
SNOW DEPTH 0 0 MM
24 HR TOTAL MM
DEGREE DAYS
HEATING TOTAL 201 246 -45 118
SINCE 7/1 66 127 -61 62
COOLING TOTAL 222 242 -20 298
SINCE 1/1 267 255 12 313
FREEZE DATES
RECORD
EARLIEST 08/27/1915
LATEST 07/30/1928
EARLIEST MM
LATEST 05/23
................................................................
WIND (MPH)
AVERAGE WIND SPEED 6.2
RESULTANT WIND SPEED/DIRECTION 3/240
HIGHEST WIND SPEED/DIRECTION 32/270 DATE 06/16
HIGHEST GUST SPEED/DIRECTION 48/280 DATE 06/16
SKY COVER
POSSIBLE SUNSHINE (PERCENT) MM
AVERAGE SKY COVER 0.37
NUMBER OF DAYS FAIR 46
NUMBER OF DAYS PC 39
NUMBER OF DAYS CLOUDY 7
AVERAGE RH (PERCENT) 69
WEATHER CONDITIONS. NUMBER OF DAYS WITH
THUNDERSTORM 18 MIXED PRECIP 0
HEAVY RAIN 12 RAIN 22
LIGHT RAIN 40 FREEZING RAIN 0
LT FREEZING RAIN 0 HAIL 0
HEAVY SNOW 0 SNOW 0
LIGHT SNOW 0 SLEET 0
FOG 58 FOG W/VIS <= 1/4 MILE 26
HAZE 3
- INDICATES NEGATIVE NUMBERS.
R INDICATES RECORD WAS SET OR TIED.
MM INDICATES DATA IS MISSING.
T INDICATES TRACE AMOUNT.
$$