000
CXUS56 KSGX 011045
CF6RIV
PRELIMINARY LOCAL CLIMATOLOGICAL DATA (WS FORM: F-6)
STATION: RIVERSIDE/MARCH ARB CA
MONTH: AUGUST
YEAR: 2023
LATITUDE: 33 53 N
LONGITUDE: 117-15 E
TEMPERATURE IN F: :PCPN: SNOW: WIND :SUNSHINE: SKY :PK WND
================================================================================
1 2 3 4 5 6A 6B 7 8 9 10 11 12 13 14 15 16 17 18
12Z AVG MX 2MIN
DY MAX MIN AVG DEP HDD CDD WTR SNW DPTH SPD SPD DIR MIN PSBL S-S WX SPD DR
================================================================================
1 94 71 83 5 0 18 0.06 M M 4.9 13 300 M M 4 18 290
2 96 65 81 3 0 16 0.00 M M 4.6 13 290 M M 0 18 310
3 92 59 76 -2 0 11 0.00 M M 4.3 14 320 M M 0 M M
4 92 58 75 -3 0 10 0.00 M M 4.1 13 330 M M 0 M M
5 98 60 79 1 0 14 0.00 M M 4.5 14 320 M M 0 21 300
6 104 60 82 4 0 17 0.00 M M 4.5 14 160 M M 0 25 160
7 97 57 77 -1 0 12 0.00 M M 6.6 18 140 M M 0 23 180
8 95 58 77 -1 0 12 0.00 M M 4.9 13 340 M M 2 M M
9 90 67 79 1 0 14 0.00 M M 5.1 14 320 M M 2 M M
10 81 62 72 -6 0 7 0.20 M M 4.4 12 300 M M 4 1 18 310
11 85 65 75 -3 0 10 0.00 M M 4.9 13 290 M M 3 M M
12 89 62 76 -2 0 11 0.00 M M 4.9 14 290 M M 0 M M
13 93 64 79 1 0 14 0.00 M M 5.5 17 310 M M 1 17 310
14 97 64 81 3 0 16 0.00 M M 5.6 14 320 M M 0 M M
15 102 68 85 7 0 20 0.00 M M 4.8 13 300 M M 1 M M
16 103 74 89 11 0 24 0.01 M M 6.8 24 10 M M 2 3 37 10
17 102 68 85 7 0 20 0.00 M M 5.5 16 310 M M 0 22 320
18 98 62 80 2 0 15 0.00 M M 4.6 14 320 M M 0 18 310
19 91 66 79 1 0 14 0.00 M M 6.9 21 80 M M 6 26 100
20 79 62 71 -7 0 6 1.97 M M 11.6 28 160 M M 10 1 40 140
21 81 61 71 -7 0 6 0.11 M M 6.4 21 140 M M 5 1 27 140
22 88 60 74 -4 0 9 0.00 M M 3.3 12 310 M M 0 M M
23 93 62 78 0 0 13 0.00 M M 4.5 13 300 M M 0 M M
24 90 65 78 0 0 13 0.00 M M 5.3 13 300 M M 0 M M
25 94 61 78 0 0 13 0.00 M M 4.7 12 320 M M 0 M M
26 97 60 79 1 0 14 0.00 M M 3.1 10 290 M M 0 M M
27 101 63 82 4 0 17 0.00 M M 3.6 14 300 M M 0 M M
28 103 65 84 6 0 19 0.00 M M 4.5 12 290 M M 0 M M
29 104 65 85 7 0 20 0.00 M M 3.1 12 300 M M 0 M M
30 104 67 86 8 0 21 0.00 M M 4.0 14 170 M M 0 M M
31 97 66 82 4 0 17 0.00 M M 4.1 8 140 M M 0 M M
================================================================================
SM 2930 1967 0 443 2.35 M 155.3 M 40
================================================================================
AV 94.5 63.5 5.0 FASTST M M 1 MAX(MPH)
MISC ----> 28 160 40 140
================================================================================
NOTES:
# LAST OF SEVERAL OCCURRENCES
COLUMN 17 PEAK WIND IN M.P.H.
PRELIMINARY LOCAL CLIMATOLOGICAL DATA (WS FORM: F-6) , PAGE 2
STATION: RIVERSIDE/MARCH ARB CA
MONTH: AUGUST
YEAR: 2023
LATITUDE: 33 53 N
LONGITUDE: 117-15 E
[TEMPERATURE DATA] [PRECIPITATION DATA] SYMBOLS USED IN COLUMN 16
AVERAGE MONTHLY: 79.0 TOTAL FOR MONTH: 2.35 1 = FOG OR MIST
DPTR FM NORMAL: 0.7 DPTR FM NORMAL: 1.99 2 = FOG REDUCING VISIBILITY
HIGHEST: 104 ON 30,29 GRTST 24HR 1.97 ON 20-20 TO 1/4 MILE OR LESS
LOWEST: 57 ON 7 3 = THUNDER
SNOW, ICE PELLETS, HAIL 4 = ICE PELLETS
TOTAL MONTH: M 5 = HAIL
GRTST 24HR M ON M 6 = FREEZING RAIN OR DRIZZLE
GRTST DEPTH: M ON M 7 = DUSTSTORM OR SANDSTORM:
VSBY 1/2 MILE OR LESS
8 = SMOKE OR HAZE
[NO. OF DAYS WITH] [WEATHER - DAYS WITH] 9 = BLOWING SNOW
X = TORNADO
MAX 32 OR BELOW: 0 0.01 INCH OR MORE: 5
MAX 90 OR ABOVE: 25 0.10 INCH OR MORE: 3
MIN 32 OR BELOW: 0 0.50 INCH OR MORE: 1
MIN 0 OR BELOW: 0 1.00 INCH OR MORE: 1
[HDD (BASE 65) ]
TOTAL THIS MO. 0 CLEAR (SCALE 0-3) 25
DPTR FM NORMAL 0 PTCLDY (SCALE 4-7) 5
TOTAL FM JUL 1 0 CLOUDY (SCALE 8-10) 1
DPTR FM NORMAL 0
[CDD (BASE 65) ]
TOTAL THIS MO. 443
DPTR FM NORMAL 31 [PRESSURE DATA]
TOTAL FM JAN 1 1061 HIGHEST SLP M ON M
DPTR FM NORMAL -31 LOWEST SLP M ON M
[REMARKS]
#FINAL-08-23#