000
CXUS54 KCRP 011210
CF6RKP
PRELIMINARY LOCAL CLIMATOLOGICAL DATA (WS FORM: F-6)
STATION: ROCKPORT
MONTH: APRIL
YEAR: 2022
LATITUDE: 28 4 N
LONGITUDE: 97 3 W
TEMPERATURE IN F: :PCPN: SNOW: WIND :SUNSHINE: SKY :PK WND
================================================================================
1 2 3 4 5 6A 6B 7 8 9 10 11 12 13 14 15 16 17 18
12Z AVG MX 2MIN
DY MAX MIN AVG DEP HDD CDD WTR SNW DPTH SPD SPD DIR MIN PSBL S-S WX SPD DR
================================================================================
1 78 65 72 2 0 7 0.00 0.0 0 14.2 21 100 M M 1 27 100
2 86 68 77 7 0 12 0.00 0.0 0 9.0 17 120 M M 6 18 22 120
3 80 63 72 1 0 7 0.00 0.0 0 10.1 21 120 M M 7 128 28 110
4 81 72 77 6 0 12 0.00 0.0 0 11.9 18 130 M M 9 18 23 130
5 85 72 79 8 0 14 0.00 0.0 0 7.3 16 160 M M 7 128 25 170
6 91 67 79 8 0 14 0.00 0.0 0 12.7 28 340 M M 4 18 35 340
7 82 59 71 0 0 6 0.00 0.0 0 11.7 21 20 M M 0 30 350
8 82 50 66 -6 0 1 0.00 0.0 0 8.1 17 150 M M 0 24 130
9 80 55 68 -4 0 3 0.00 0.0 0 11.1 22 170 M M 0 34 180
10 80 71 76 4 0 11 T 0.0 0 16.9 25 150 M M 5 8 42 170
11 84 73 79 7 0 14 T 0.0 0 15.4 25 150 M M 6 18 51 170
12 84 73 79 7 0 14 T 0.0 0 15.6 25 140 M M 6 138 40 160
13 85 71 78 5 0 13 0.00 0.0 0 10.2 21 150 M M 6 18 30 160
14 80 71 76 3 0 11 0.00 0.0 0 19.3 30 80 M M 6 18 41 70
15 82 72 77 4 0 12 T 0.0 0 11.0 17 140 M M 8 18 23 170
16 85 74 80 7 0 15 0.00 0.0 0 10.6 18 150 M M 6 18 27 150
17 84 74 79 6 0 14 0.00 0.0 0 9.8 18 140 M M 8 18 26 150
18 84 71 78 4 0 13 0.00 0.0 0 12.3 22 110 M M 4 18 28 100
19 79 70 75 1 0 10 T 0.0 0 18.0 25 110 M M 9 18 34 120
20 84 74 79 5 0 14 T 0.0 0 14.7 26 140 M M 7 18 39 140
21 84 74 79 5 0 14 0.00 0.0 0 16.5 22 140 M M 8 18 31 140
22 84 75 80 6 0 15 0.00 0.0 M 17.7 24 140 M M 7 18 35 150
23 84 75 80 6 0 15 0.00 0.0 M 15.6 24 140 M M 6 8 35 150
24 85 75 80 5 0 15 0.00 0.0 0 16.1 23 140 M M 8 18 35 130
25 85 72 79 4 0 14 T 0.0 0 14.5 31 40 M M 7 18 44 50
26 79 67 73 -2 0 8 0.00 0.0 0 13.8 21 70 M M 6 27 70
27 82 66 74 -1 0 9 0.00 0.0 0 11.3 17 130 M M 5 1 23 130
28 87 74 81 6 0 16 0.00 0.0 0 13.4 21 140 M M 3 30 150
29 86 76 81 5 0 16 T 0.0 M 14.9 23 150 M M 6 34 150
30 85 76 81 5 0 16 0.00 0.0 M 11.3 21 130 M M 6 18 27 140
================================================================================
SM 2497 2095 0 355 T 0.0 395.0 M 167
================================================================================
AV 83.2 69.8 13.2 FASTST M M 6 MAX(MPH)
MISC ----> 31 40 51 170
================================================================================
NOTES:
# LAST OF SEVERAL OCCURRENCES
COLUMN 17 PEAK WIND IN M.P.H.
PRELIMINARY LOCAL CLIMATOLOGICAL DATA (WS FORM: F-6) , PAGE 2
STATION: ROCKPORT
MONTH: APRIL
YEAR: 2022
LATITUDE: 28 4 N
LONGITUDE: 97 3 W
[TEMPERATURE DATA] [PRECIPITATION DATA] SYMBOLS USED IN COLUMN 16
AVERAGE MONTHLY: 76.5 TOTAL FOR MONTH: T 1 = FOG OR MIST
DPTR FM NORMAL: 3.5 DPTR FM NORMAL: -1.46 2 = FOG REDUCING VISIBILITY
HIGHEST: 91 ON 6 GRTST 24HR T ON 10-10 TO 1/4 MILE OR LESS
LOWEST: 50 ON 8 3 = THUNDER
SNOW, ICE PELLETS, HAIL 4 = ICE PELLETS
TOTAL MONTH: 0.0 INCH 5 = HAIL
GRTST 24HR 0.0 6 = FREEZING RAIN OR DRIZZLE
GRTST DEPTH: 0 7 = DUSTSTORM OR SANDSTORM:
VSBY 1/2 MILE OR LESS
8 = SMOKE OR HAZE
[NO. OF DAYS WITH] [WEATHER - DAYS WITH] 9 = BLOWING SNOW
X = TORNADO
MAX 32 OR BELOW: 0 0.01 INCH OR MORE: 0
MAX 90 OR ABOVE: 1 0.10 INCH OR MORE: 0
MIN 32 OR BELOW: 0 0.50 INCH OR MORE: 0
MIN 0 OR BELOW: 0 1.00 INCH OR MORE: 0
[HDD (BASE 65) ]
TOTAL THIS MO. 0 CLEAR (SCALE 0-3) 5
DPTR FM NORMAL -12 PTCLDY (SCALE 4-7) 22
TOTAL FM JUL 1 789 CLOUDY (SCALE 8-10) 3
DPTR FM NORMAL -35
[CDD (BASE 65) ]
TOTAL THIS MO. 355
DPTR FM NORMAL 103 [PRESSURE DATA]
TOTAL FM JAN 1 499 HIGHEST SLP 30.29 ON 8
DPTR FM NORMAL 51 LOWEST SLP 29.55 ON 5
[REMARKS]
#FINAL-04-22#