814
CXUS54 KCRP 011300
CF6RKP
PRELIMINARY LOCAL CLIMATOLOGICAL DATA (WS FORM: F-6)
STATION: ROCKPORT
MONTH: OCTOBER
YEAR: 2020
LATITUDE: 28 4 N
LONGITUDE: 97 3 W
TEMPERATURE IN F: :PCPN: SNOW: WIND :SUNSHINE: SKY :PK WND
================================================================================
1 2 3 4 5 6A 6B 7 8 9 10 11 12 13 14 15 16 17 18
12Z AVG MX 2MIN
DY MAX MIN AVG DEP HDD CDD WTR SNW DPTH SPD SPD DIR MIN PSBL S-S WX SPD DR
================================================================================
1 85 58 72 -7 0 7 0.00 0.0 0 4.7 10 140 M M 0 12 130
2 82 60 71 -8 0 6 0.00 0.0 0 9.3 15 90 M M 0 21 60
3 84 63 74 -5 0 9 0.00 0.0 0 9.5 14 130 M M 0 18 120
4 84 63 74 -4 0 9 0.00 0.0 0 6.0 13 130 M M 0 15 120
5 84 62 73 -5 0 8 0.00 0.0 0 7.1 14 340 M M 0 1 16 340
6 85 66 76 -2 0 11 0.00 0.0 0 6.6 16 130 M M 1 1 18 130
7 86 64 75 -3 0 10 0.00 0.0 0 7.7 15 50 M M 1 1 19 50
8 90 72 81 3 0 16 T 0.0 0 10.7 20 70 M M 5 1 24 60
9 94 73 84 7 0 19 0.00 0.0 0 10.6 21 340 M M 4 1 25 350
10 90 73 82 5 0 17 0.00 0.0 0 7.2 13 170 M M 0 18 19 170
11 87 76 82 5 0 17 0.00 0.0 0 9.7 16 150 M M 1 1 24 180
12 89 75 82 5 0 17 0.00 0.0 0 7.4 14 140 M M 3 1 19 150
13 87 67 77 1 0 12 0.00 0.0 0 7.1 13 140 M M 0 18 15 140
14 87 68 78 2 0 13 0.00 0.0 0 7.2 16 150 M M 0 12 22 150
15 88 77 83 7 0 18 0.00 0.0 0 11.2 17 140 M M 2 24 180
16 79 61 70 -6 0 5 0.00 0.0 0 15.3 25 20 M M 10 1 31 20
17 86 63 75 -1 0 10 T 0.0 0 8.4 17 160 M M 6 18 24 160
18 87 76 82 7 0 17 0.00 0.0 0 10.6 17 140 M M 1 1 22 160
19 88 77 83 8 0 18 T 0.0 0 11.0 18 140 M M 2 1 23 140
20 86 77 82 7 0 17 0.00 0.0 0 10.7 16 130 M M 2 20 140
21 87 75 81 7 0 16 0.00 0.0 0 11.1 17 100 M M 1 23 100
22 87 75 81 7 0 16 0.03 0.0 0 11.1 17 110 M M 4 1 21 100
23 88 61 75 1 0 10 0.00 0.0 0 9.2 29 20 M M 4 37 10
24 73 57 65 -9 0 0 0.00 0.0 0 9.1 24 10 M M 8 30 10
25 84 69 77 4 0 12 0.00 0.0 0 9.3 16 140 M M 7 22 140
26 87 60 74 1 0 9 0.00 0.0 0 13.7 22 20 M M 5 28 10
27 64 46 55 -18 10 0 T 0.0 0 13.8 22 330 M M 10 18 26 320
28 60 44 52 -21 13 0 T 0.0 0 13.3 23 330 M M 4 1 35 330
29 74 42 58 -14 7 0 0.00 0.0 0 12.4 22 310 M M 0 30 330
30 70 47 59 -13 6 0 0.00 0.0 0 7.6 14 90 M M 0 19 20
31 77 47 62 -10 3 0 0.00 0.0 0 5.7 12 120 M M 0 1 15 120
================================================================================
SM 2579 1994 39 319 0.03 0.0 294.3 M 81
================================================================================
AV 83.2 64.3 9.5 FASTST M M 3 MAX(MPH)
MISC ----> # 29 20 # 37 10
================================================================================
NOTES:
# LAST OF SEVERAL OCCURRENCES
COLUMN 17 PEAK WIND IN M.P.H.
PRELIMINARY LOCAL CLIMATOLOGICAL DATA (WS FORM: F-6) , PAGE 2
STATION: ROCKPORT
MONTH: OCTOBER
YEAR: 2020
LATITUDE: 28 4 N
LONGITUDE: 97 3 W
[TEMPERATURE DATA] [PRECIPITATION DATA] SYMBOLS USED IN COLUMN 16
AVERAGE MONTHLY: 73.8 TOTAL FOR MONTH: 0.03 1 = FOG OR MIST
DPTR FM NORMAL: -1.8 DPTR FM NORMAL: -4.30 2 = FOG REDUCING VISIBILITY
HIGHEST: 94 ON 9 GRTST 24HR 0.03 ON 22-22 TO 1/4 MILE OR LESS
LOWEST: 42 ON 29 3 = THUNDER
SNOW, ICE PELLETS, HAIL 4 = ICE PELLETS
TOTAL MONTH: 0.0 INCH 5 = HAIL
GRTST 24HR 0.0 6 = FREEZING RAIN OR DRIZZLE
GRTST DEPTH: 0 7 = DUSTSTORM OR SANDSTORM:
VSBY 1/2 MILE OR LESS
8 = SMOKE OR HAZE
[NO. OF DAYS WITH] [WEATHER - DAYS WITH] 9 = BLOWING SNOW
X = TORNADO
MAX 32 OR BELOW: 0 0.01 INCH OR MORE: 1
MAX 90 OR ABOVE: 3 0.10 INCH OR MORE: 0
MIN 32 OR BELOW: 0 0.50 INCH OR MORE: 0
MIN 0 OR BELOW: 0 1.00 INCH OR MORE: 0
[HDD (BASE 65) ]
TOTAL THIS MO. 39 CLEAR (SCALE 0-3) 20
DPTR FM NORMAL 32 PTCLDY (SCALE 4-7) 9
TOTAL FM JUL 1 39 CLOUDY (SCALE 8-10) 2
DPTR FM NORMAL 32
[CDD (BASE 65) ]
TOTAL THIS MO. 319
DPTR FM NORMAL -16 [PRESSURE DATA]
TOTAL FM JAN 1 3801 HIGHEST SLP 30.33 ON 30
DPTR FM NORMAL 310 LOWEST SLP 29.70 ON 9
[REMARKS]
#FINAL-10-20#