000
CXUS55 KRIW 011010
CF6RKS
PRELIMINARY LOCAL CLIMATOLOGICAL DATA (WS FORM: F-6)
STATION: ROCK SPRINGS WY
MONTH: JUNE
YEAR: 2021
LATITUDE: 41 35 N
LONGITUDE: 109 4 W
TEMPERATURE IN F: :PCPN: SNOW: WIND :SUNSHINE: SKY :PK WND
================================================================================
1 2 3 4 5 6A 6B 7 8 9 10 11 12 13 14 15 16 17 18
12Z AVG MX 2MIN
DY MAX MIN AVG DEP HDD CDD WTR SNW DPTH SPD SPD DIR MIN PSBL S-S WX SPD DR
================================================================================
1 77 41 59 3 6 0 0.00 M M 7.4 22 60 M M 3 34 330
2 79 50 65 8 0 0 0.00 M M 4.7 13 310 M M 3 20 320
3 86 52 69 12 0 4 0.00 M M 4.3 15 320 M M 0 22 330
4 90 58 74 17 0 9 0.00 M M 7.6 28 230 M M 0 34 230
5 86 57 72 14 0 7 0.02 M M 11.2 38 220 M M 1 3 46 270
6 85 57 71 13 0 6 0.00 M M 13.1 28 270 M M 1 39 300
7 88 59 74 16 0 9 0.00 M M 9.7 26 200 M M 1 37 200
8 82 52 67 9 0 2 0.00 M M 14.0 39 200 M M 0 50 200
9 86 50 68 9 0 3 0.00 M M 10.5 29 180 M M 0 41 200
10 83 43 63 4 2 0 0.00 M M 21.3 41 270 M M 0 57 260
11 73 33 53 -7 12 0 0.00 M M 7.3 23 310 M M 0 29 310
12 86 44 65 5 0 0 0.00 M M 6.1 21 300 M M 0 27 300
13 91 51 71 11 0 6 0.00 M M 6.4 22 210 M M 0 36 180
14 94 51 73 13 0 8 0.00 M M 5.8 22 280 M M 0 29 280
15 95 55 75 14 0 10 0.00 M M 9.3 28 280 M M 0 47 280
16 95 63 79 18 0 14 0.00 M M 10.0 33 260 M M 0 53 250
17 92 59 76 15 0 11 0.00 M M 12.9 33 290 M M 0 45 290
18 92 56 74 12 0 9 0.00 M M 8.1 26 280 M M 0 45 280
19 89 62 76 14 0 11 0.00 M M 12.3 32 280 M M 1 42 280
20 85 49 67 5 0 2 0.00 M M 20.2 38 60 M M 0 56 50
21 82 43 63 0 2 0 0.00 M M 7.7 17 280 M M 0 24 250
22 92 55 74 11 0 9 T M M 11.7 36 280 M M 0 50 270
23 84 63 74 10 0 9 0.00 M M 9.5 29 260 M M 1 42 270
24 75 53 64 0 1 0 T M M 10.4 39 240 M M 5 50 250
25 66 51 59 -5 6 0 0.14 M M 5.2 23 30 M M 8 13 30 40
26 71 48 60 -4 5 0 0.01 M M 8.3 28 50 M M 9 37 50
27 71 46 59 -6 6 0 T M M 9.1 35 10 M M 8 47 10
28 74 51 63 -2 2 0 T M M 9.6 23 70 M M 5 1 30 80
29 80 48 64 -2 1 0 0.00 M M 8.6 18 50 M M 0 29 80
30 77 54 66 0 0 1 T M M 8.3 21 210 M M 5 27 120
================================================================================
SM 2506 1554 43 130 0.17 M 290.6 M 51
================================================================================
AV 83.5 51.8 9.7 FASTST M M 2 MAX(MPH)
MISC ----> 41 270 57 260
================================================================================
NOTES:
# LAST OF SEVERAL OCCURRENCES
COLUMN 17 PEAK WIND IN M.P.H.
PRELIMINARY LOCAL CLIMATOLOGICAL DATA (WS FORM: F-6) , PAGE 2
STATION: ROCK SPRINGS WY
MONTH: JUNE
YEAR: 2021
LATITUDE: 41 35 N
LONGITUDE: 109 4 W
[TEMPERATURE DATA] [PRECIPITATION DATA] SYMBOLS USED IN COLUMN 16
AVERAGE MONTHLY: 67.7 TOTAL FOR MONTH: 0.17 1 = FOG OR MIST
DPTR FM NORMAL: 6.7 DPTR FM NORMAL: -0.53 2 = FOG REDUCING VISIBILITY
HIGHEST: 95 ON 16,15 GRTST 24HR 0.14 ON 25-25 TO 1/4 MILE OR LESS
LOWEST: 33 ON 11 3 = THUNDER
SNOW, ICE PELLETS, HAIL 4 = ICE PELLETS
TOTAL MONTH: M 5 = HAIL
GRTST 24HR M ON M 6 = FREEZING RAIN OR DRIZZLE
GRTST DEPTH: M ON M 7 = DUSTSTORM OR SANDSTORM:
VSBY 1/2 MILE OR LESS
8 = SMOKE OR HAZE
[NO. OF DAYS WITH] [WEATHER - DAYS WITH] 9 = BLOWING SNOW
X = TORNADO
MAX 32 OR BELOW: 0 0.01 INCH OR MORE: 3
MAX 90 OR ABOVE: 8 0.10 INCH OR MORE: 1
MIN 32 OR BELOW: 0 0.50 INCH OR MORE: 0
MIN 0 OR BELOW: 0 1.00 INCH OR MORE: 0
[HDD (BASE 65) ]
TOTAL THIS MO. 43 CLEAR (SCALE 0-3) 23
DPTR FM NORMAL -116 PTCLDY (SCALE 4-7) 6
TOTAL FM JUL 1 7849 CLOUDY (SCALE 8-10) 1
DPTR FM NORMAL -214
[CDD (BASE 65) ]
TOTAL THIS MO. 130
DPTR FM NORMAL 91 [PRESSURE DATA]
TOTAL FM JAN 1 130 HIGHEST SLP 30.25 ON 28
DPTR FM NORMAL 89 LOWEST SLP 29.56 ON 7
[REMARKS]
#FINAL-06-21#