000
CXUS55 KRIW 011110
CF6RKS
PRELIMINARY LOCAL CLIMATOLOGICAL DATA (WS FORM: F-6)
STATION: ROCK SPRINGS WY
MONTH: OCTOBER
YEAR: 2020
LATITUDE: 41 35 N
LONGITUDE: 109 4 W
TEMPERATURE IN F: :PCPN: SNOW: WIND :SUNSHINE: SKY :PK WND
================================================================================
1 2 3 4 5 6A 6B 7 8 9 10 11 12 13 14 15 16 17 18
12Z AVG MX 2MIN
DY MAX MIN AVG DEP HDD CDD WTR SNW DPTH SPD SPD DIR MIN PSBL S-S WX SPD DR
================================================================================
1 69 36 53 3 12 0 0.00 M M 7.7 15 260 M M 0 22 260
2 71 47 59 9 6 0 0.00 M M 8.7 20 320 M M 1 26 290
3 68 38 53 4 12 0 0.00 M M 5.0 10 300 M M 0 20 260
4 74 42 58 9 7 0 0.00 M M 10.9 26 260 M M 0 33 260
5 74 48 61 13 4 0 0.00 M M 16.9 25 260 M M 0 37 260
6 75 40 58 10 7 0 0.00 M M 11.7 21 260 M M 0 27 240
7 72 43 58 10 7 0 0.00 M M 5.8 14 260 M M 0 19 270
8 76 34 55 8 10 0 0.00 M M 7.7 22 260 M M 0 30 250
9 74 43 59 12 6 0 0.00 M M 6.4 21 250 M M 0 27 240
10 75 39 57 10 8 0 T M M 9.9 38 230 M M 3 55 220
11 55 32 44 -2 21 0 0.05 M M 21.3 38 260 M M 4 1 51 250
12 60 33 47 1 18 0 0.00 M M 21.5 45 250 M M 1 60 250
13 68 41 55 9 10 0 0.00 M M 20.1 40 250 M M 0 53 250
14 56 34 45 0 20 0 T M M 21.8 38 290 M M 4 1 52 280
15 49 29 39 -6 26 0 0.00 M M 16.2 28 270 M M 0 36 260
16 58 29 44 0 21 0 0.00 M M 21.2 40 260 M M 0 55 260
17 62 46 54 10 11 0 0.00 M M 27.4 41 280 M M 0 58 280
18 63 40 52 8 13 0 0.00 M M 23.5 41 260 M M 2 55 250
19 63 45 54 11 11 0 0.00 M M 27.1 41 260 M M 0 53 260
20 62 44 53 10 12 0 0.00 M M 23.4 35 270 M M 0 50 250
21 65 41 53 10 12 0 0.00 M M 20.0 39 270 M M 0 55 250
22 45 14 30 -12 35 0 0.00 M M 15.3 29 60 M M 5 35 60
23 38 10 24 -18 41 0 0.00 M M 5.3 14 250 M M 2 19 250
24 48 9 29 -13 36 0 0.01 M M 17.7 31 60 M M 8 1 42 50
25 9 -5 2 -39 63 0 0.01 M M 25.3 38 40 M M 8 129 54 60
26 18 -10 4 -37 61 0 0.00 M M 7.4 14 250 M M 0 18 250
27 36 10 23 -17 42 0 0.00 M M 12.4 22 240 M M 0 26 240
28 50 27 39 -1 26 0 0.00 M M 11.0 20 250 M M 0 24 240
29 58 32 45 6 20 0 0.00 M M 16.3 25 250 M M 0 32 250
30 57 30 44 5 21 0 0.00 M M 10.1 24 250 M M 0 30 250
31 56 33 45 7 20 0 0.00 M M 13.6 26 250 M M 0 33 260
================================================================================
SM 1804 974 619 0 0.07 M 468.6 M 38
================================================================================
AV 58.2 31.4 15.1 FASTST M M 1 MAX(MPH)
MISC ----> 45 250 60 250
================================================================================
NOTES:
# LAST OF SEVERAL OCCURRENCES
COLUMN 17 PEAK WIND IN M.P.H.
PRELIMINARY LOCAL CLIMATOLOGICAL DATA (WS FORM: F-6) , PAGE 2
STATION: ROCK SPRINGS WY
MONTH: OCTOBER
YEAR: 2020
LATITUDE: 41 35 N
LONGITUDE: 109 4 W
[TEMPERATURE DATA] [PRECIPITATION DATA] SYMBOLS USED IN COLUMN 16
AVERAGE MONTHLY: 44.8 TOTAL FOR MONTH: 0.07 1 = FOG OR MIST
DPTR FM NORMAL: 0.4 DPTR FM NORMAL: -0.80 2 = FOG REDUCING VISIBILITY
HIGHEST: 76 ON 8 GRTST 24HR 0.05 ON 11-11 TO 1/4 MILE OR LESS
LOWEST: -10 ON 26 3 = THUNDER
SNOW, ICE PELLETS, HAIL 4 = ICE PELLETS
TOTAL MONTH: M 5 = HAIL
GRTST 24HR M ON M 6 = FREEZING RAIN OR DRIZZLE
GRTST DEPTH: M ON M 7 = DUSTSTORM OR SANDSTORM:
VSBY 1/2 MILE OR LESS
8 = SMOKE OR HAZE
[NO. OF DAYS WITH] [WEATHER - DAYS WITH] 9 = BLOWING SNOW
X = TORNADO
MAX 32 OR BELOW: 2 0.01 INCH OR MORE: 3
MAX 90 OR ABOVE: 0 0.10 INCH OR MORE: 0
MIN 32 OR BELOW: 12 0.50 INCH OR MORE: 0
MIN 0 OR BELOW: 2 1.00 INCH OR MORE: 0
[HDD (BASE 65) ]
TOTAL THIS MO. 619 CLEAR (SCALE 0-3) 26
DPTR FM NORMAL -20 PTCLDY (SCALE 4-7) 5
TOTAL FM JUL 1 898 CLOUDY (SCALE 8-10) 0
DPTR FM NORMAL -69
[CDD (BASE 65) ]
TOTAL THIS MO. 0
DPTR FM NORMAL 0 [PRESSURE DATA]
TOTAL FM JAN 1 457 HIGHEST SLP 30.58 ON 26
DPTR FM NORMAL 171 LOWEST SLP 29.59 ON 11
[REMARKS]
#FINAL-10-20#