000
CXUS51 KRNK 010552
CF6RNK
PRELIMINARY LOCAL CLIMATOLOGICAL DATA (WS FORM: F-6)
STATION: BLACKSBURG VA
MONTH: JULY
YEAR: 2022
LATITUDE: 37 13 N
LONGITUDE: 80 25 W
TEMPERATURE IN F: :PCPN: SNOW: WIND :SUNSHINE: SKY :PK WND
================================================================================
1 2 3 4 5 6A 6B 7 8 9 10 11 12 13 14 15 16 17 18
12Z AVG MX 2MIN
DY MAX MIN AVG DEP HDD CDD WTR SNW DPTH SPD SPD DIR MIN PSBL S-S WX SPD DR
================================================================================
1 89 63 76 5 0 11 0.20 0.0 0 2.5 9 170 M M 4 1 M M
2 90 64 77 6 0 12 0.07 0.0 0 2.1 17 350 M M 3 13 26 350
3 83 64 74 3 0 9 0.00 0.0 0 1.1 7 60 M M 5 1 M M
4 84 67 76 5 0 11 T 0.0 0 3.1 9 110 M M 7 16 180
5 89 64 77 5 0 12 0.24 0.0 0 1.3 8 90 M M 5 13 M M
6 90 64 77 5 0 12 0.17 0.0 0 2.1 8 230 M M 3 13 20 240
7 90 67 79 7 0 14 0.00 0.0 0 3.5 13 320 M M 3 17 280
8 88 68 78 6 0 13 0.03 0.0 0 2.1 13 310 M M 6 20 310
9 78 65 72 0 0 7 0.53 0.0 0 3.3 15 80 M M 8 20 80
10 67 58 63 -9 2 0 0.70 0.0 0 6.5 18 90 M M 9 1 25 90
11 81 54 68 -4 0 3 0.00 0.0 0 1.7 8 160 M M 1 1 M M
12 87 61 74 2 0 9 0.35 0.0 0 3.5 14 340 M M 4 123 35 340
13 85 64 75 3 0 10 T 0.0 0 1.7 7 310 M M 7 17 310
14 85 59 72 0 0 7 0.00 0.0 0 2.1 9 310 M M 2 M M
15 85 60 73 1 0 8 0.00 0.0 0 1.5 9 120 M M 3 M M
16 85 64 75 3 0 10 0.00 0.0 0 1.9 8 290 M M 3 1 M M
17 85 64 75 3 0 10 0.26 0.0 0 1.5 17 300 M M 1 13 24 300
18 88 65 77 5 0 12 0.23 0.0 0 1.9 9 310 M M 5 13 16 270
19 83 65 74 2 0 9 T 0.0 0 2.8 12 320 M M 6 M M
20 89 63 76 4 0 11 0.00 0.0 0 2.0 8 270 M M 3 1 M M
21 88 68 78 6 0 13 T 0.0 0 3.2 10 310 M M 2 18 310
22 91 63 77 5 0 12 0.00 0.0 0 2.3 12 320 M M 1 17 320
23 90 62 76 4 0 11 0.39 0.0 0 1.4 7 300 M M 1 13 17 290
24 88 61 75 3 0 10 0.00 0.0 0 1.5 5 190 M M 3 12 M M
25 86 68 77 5 0 12 1.04 0.0 0 1.3 8 270 M M 3 123 41 170
26 79 69 74 2 0 9 0.09 0.0 0 1.0 10 300 M M 6 1 21 300
27 80 68 74 2 0 9 0.84 0.0 0 1.3 12 290 M M 6 1 21 290
28 83 68 76 4 0 11 0.03 0.0 0 2.1 9 270 M M 3 12 M M
29 84 68 76 5 0 11 0.04 0.0 0 2.0 8 290 M M 5 1 30 310
30 82 63 73 2 0 8 0.00 0.0 0 2.3 9 320 M M 2 M M
31 82 68 75 4 0 10 0.14 0.0 0 1.5 7 300 M M 8 M M
================================================================================
SM 2634 1989 2 306 5.35 0.0 68.1 M 128
================================================================================
AV 85.0 64.2 2.2 FASTST M M 4 MAX(MPH)
MISC ----> 18 90 41 170
================================================================================
NOTES:
# LAST OF SEVERAL OCCURRENCES
COLUMN 17 PEAK WIND IN M.P.H.
PRELIMINARY LOCAL CLIMATOLOGICAL DATA (WS FORM: F-6) , PAGE 2
STATION: BLACKSBURG VA
MONTH: JULY
YEAR: 2022
LATITUDE: 37 13 N
LONGITUDE: 80 25 W
[TEMPERATURE DATA] [PRECIPITATION DATA] SYMBOLS USED IN COLUMN 16
AVERAGE MONTHLY: 74.6 TOTAL FOR MONTH: 5.35 1 = FOG OR MIST
DPTR FM NORMAL: 2.9 DPTR FM NORMAL: 1.14 2 = FOG REDUCING VISIBILITY
HIGHEST: 91 ON 22 GRTST 24HR 1.04 ON 25-25 TO 1/4 MILE OR LESS
LOWEST: 54 ON 11 3 = THUNDER
SNOW, ICE PELLETS, HAIL 4 = ICE PELLETS
TOTAL MONTH: 0.0 INCH 5 = HAIL
GRTST 24HR 0.0 6 = FREEZING RAIN OR DRIZZLE
GRTST DEPTH: 0 7 = DUSTSTORM OR SANDSTORM:
VSBY 1/2 MILE OR LESS
8 = SMOKE OR HAZE
[NO. OF DAYS WITH] [WEATHER - DAYS WITH] 9 = BLOWING SNOW
X = TORNADO
MAX 32 OR BELOW: 0 0.01 INCH OR MORE: 17
MAX 90 OR ABOVE: 5 0.10 INCH OR MORE: 12
MIN 32 OR BELOW: 0 0.50 INCH OR MORE: 4
MIN 0 OR BELOW: 0 1.00 INCH OR MORE: 1
[HDD (BASE 65) ]
TOTAL THIS MO. 2 CLEAR (SCALE 0-3) 12
DPTR FM NORMAL -3 PTCLDY (SCALE 4-7) 17
TOTAL FM JUL 1 2 CLOUDY (SCALE 8-10) 2
DPTR FM NORMAL 2
[CDD (BASE 65) ]
TOTAL THIS MO. 306
DPTR FM NORMAL 95 [PRESSURE DATA]
TOTAL FM JAN 1 510 HIGHEST SLP M ON M
DPTR FM NORMAL 143 LOWEST SLP M ON M
[REMARKS]
#FINAL-07-22#