000
CXUS56 KSGX 011245
CF6RNM
PRELIMINARY LOCAL CLIMATOLOGICAL DATA (WS FORM: F-6)
STATION: RAMONA AIRPORT CA
MONTH: APRIL
YEAR: 2020
LATITUDE: 33 2 N
LONGITUDE: 116 55 W
TEMPERATURE IN F: :PCPN: SNOW: WIND :SUNSHINE: SKY :PK WND
================================================================================
1 2 3 4 5 6A 6B 7 8 9 10 11 12 13 14 15 16 17 18
12Z AVG MX 2MIN
DY MAX MIN AVG DEP HDD CDD WTR SNW DPTH SPD SPD DIR MIN PSBL S-S WX SPD DR
================================================================================
1 71 43 57 3 8 0 0.00 0.0 0 3.7 13 290 M M 2 1 17 290
2 65 49 57 3 8 0 0.00 0.0 0 4.7 13 170 M M 8 17 170
3 66 41 54 0 11 0 0.00 0.0 0 3.5 15 280 M M 5 1 19 270
4 64 46 55 1 10 0 0.00 0.0 0 5.3 14 190 M M 8 1 18 190
5 58 48 53 -1 12 0 0.00 0.0 0 5.2 13 270 M M 10 16 270
6 59 49 54 0 11 0 0.50 M 0 8.1 18 180 M M 10 1 24 180
7 60 48 54 0 11 0 0.68 M 0 5.5 18 160 M M 10 1 29 180
8 53 40 47 -8 18 0 0.48 M 0 4.3 16 220 M M 8 13 21 230
9 55 42 49 -6 16 0 0.36 M 0 4.7 13 190 M M 10 1 17 180
10 53 47 50 -5 15 0 1.97 M 0 5.1 14 170 M M 10 1 19 160
11 62 39 51 -4 14 0 0.05 M 0 3.4 13 260 M M 7 1 16 300
12 55 50 53 -2 12 0 T 0.0 0 3.7 12 220 M M 10 1 14 220
13 57 49 53 -2 12 0 0.02 M 0 3.4 10 280 M M 10 1 13 290
14 75 46 61 5 4 0 0.00 0.0 0 4.5 14 300 M M 4 1 20 310
15 77 40 59 3 6 0 0.00 0.0 0 4.5 15 270 M M 0 18 280
16 72 39 56 0 9 0 0.00 0.0 0 4.5 15 270 M M 0 20 280
17 63 39 51 -5 14 0 T M 0 5.0 15 250 M M 6 20 250
18 62 50 56 0 9 0 0.12 0.0 0 5.8 16 270 M M 10 1 21 270
19 64 51 58 2 7 0 0.00 0.0 0 5.0 15 260 M M 9 18 270
20 65 52 59 2 6 0 0.00 0.0 0 5.4 16 270 M M 8 21 260
21 67 48 58 1 7 0 0.01 M 0 4.6 13 250 M M 8 12 17 270
22 81 42 62 5 3 0 0.00 0.0 0 3.5 12 270 M M 1 12 14 260
23 85 45 65 8 0 0 0.00 0.0 0 3.0 13 280 M M 0 15 280
24 91 50 71 14 0 6 0.00 0.0 0 3.2 14 300 M M 0 1 16 260
25 90 50 70 12 0 5 0.00 0.0 0 3.1 12 280 M M 0 15 290
26 87 49 68 10 0 3 0.00 0.0 0 3.2 13 280 M M 0 17 300
27 82 47 65 7 0 0 0.00 0.0 0 4.1 15 300 M M 0 1 18 300
28 82 46 64 6 1 0 0.00 0.0 0 3.6 15 270 M M 0 12 18 270
29 81 50 66 8 0 1 0.00 0.0 0 5.4 15 280 M M 5 12 18 280
30 80 54 67 8 0 2 0.00 0.0 0 3.9 13 290 M M 6 12 16 310
================================================================================
SM 2082 1389 224 17 4.19 0.0 132.9 M 165
================================================================================
AV 69.4 46.3 4.4 FASTST M M 6 MAX(MPH)
MISC ----> # 18 180 # 29 180
================================================================================
NOTES:
# LAST OF SEVERAL OCCURRENCES
COLUMN 17 PEAK WIND IN M.P.H.
PRELIMINARY LOCAL CLIMATOLOGICAL DATA (WS FORM: F-6) , PAGE 2
STATION: RAMONA AIRPORT CA
MONTH: APRIL
YEAR: 2020
LATITUDE: 33 2 N
LONGITUDE: 116 55 W
[TEMPERATURE DATA] [PRECIPITATION DATA] SYMBOLS USED IN COLUMN 16
AVERAGE MONTHLY: 57.9 TOTAL FOR MONTH: 4.19 1 = FOG OR MIST
DPTR FM NORMAL: 1.9 DPTR FM NORMAL: 2.79 2 = FOG REDUCING VISIBILITY
HIGHEST: 91 ON 24 GRTST 24HR 1.97 ON 10-10 TO 1/4 MILE OR LESS
LOWEST: 39 ON 17,16 3 = THUNDER
SNOW, ICE PELLETS, HAIL 4 = ICE PELLETS
TOTAL MONTH: 0.0 INCH 5 = HAIL
GRTST 24HR 0.0 6 = FREEZING RAIN OR DRIZZLE
GRTST DEPTH: 0 7 = DUSTSTORM OR SANDSTORM:
VSBY 1/2 MILE OR LESS
8 = SMOKE OR HAZE
[NO. OF DAYS WITH] [WEATHER - DAYS WITH] 9 = BLOWING SNOW
X = TORNADO
MAX 32 OR BELOW: 0 0.01 INCH OR MORE: 9
MAX 90 OR ABOVE: 2 0.10 INCH OR MORE: 6
MIN 32 OR BELOW: 0 0.50 INCH OR MORE: 3
MIN 0 OR BELOW: 0 1.00 INCH OR MORE: 1
[HDD (BASE 65) ]
TOTAL THIS MO. 224 CLEAR (SCALE 0-3) 10
DPTR FM NORMAL -52 PTCLDY (SCALE 4-7) 8
TOTAL FM JUL 1 2179 CLOUDY (SCALE 8-10) 12
DPTR FM NORMAL -213
[CDD (BASE 65) ]
TOTAL THIS MO. 17
DPTR FM NORMAL 13 [PRESSURE DATA]
TOTAL FM JAN 1 17 HIGHEST SLP 30.14 ON 9
DPTR FM NORMAL 12 LOWEST SLP 29.81 ON 1
[REMARKS]
#FINAL-04-20#