000
CXUS55 KREV 020412
CF6RNO
PRELIMINARY LOCAL CLIMATOLOGICAL DATA (WS FORM: F-6)
STATION: RENO-TAHOE INTL AIRPORT NV
MONTH: OCTOBER
YEAR: 2021
LATITUDE: 39 30 N
LONGITUDE: 119 47 W
TEMPERATURE IN F: :PCPN: SNOW: WIND :SUNSHINE: SKY :PK WND
================================================================================
1 2 3 4 5 6A 6B 7 8 9 10 11 12 13 14 15 16 17 18
12Z AVG MX 2MIN
DY MAX MIN AVG DEP HDD CDD WTR SNW DPTH SPD SPD DIR MIN PSBL S-S WX SPD DR
================================================================================
1 78 39 59 -2 6 0 0.00 0.0 0 2.4 9 80 M M 2 13 50
2 80 40 60 -1 5 0 0.00 0.0 0 1.5 9 80 M M 3 8 13 70
3 83 41 62 2 3 0 0.00 0.0 0 2.3 10 70 M M 2 13 70
4 82 45 64 4 1 0 0.00 0.0 0 3.5 21 280 M M 4 8 26 270
5 79 45 62 2 3 0 0.00 0.0 0 4.1 18 240 M M 5 23 230
6 73 57 65 6 0 0 0.00 0.0 0 10.1 28 170 M M 8 35 170
7 68 52 60 1 5 0 0.01 0.0 0 6.1 26 280 M M 8 34 300
8 61 41 51 -7 14 0 0.12 0.0 0 10.9 24 300 M M 6 3 32 310
9 62 33 48 -10 17 0 0.00 0.0 0 2.9 10 40 M M 1 13 350
10 69 35 52 -5 13 0 0.00 0.0 0 3.9 18 320 M M 1 25 320
11 54 33 44 -13 21 0 0.06 T 0 15.9 33 10 M M 8 158 41 10
12 50 30 40 -16 25 0 0.00 0.0 0 4.9 17 320 M M 3 22 320
13 59 33 46 -10 19 0 0.00 0.0 0 3.4 18 350 M M 6 23 340
14 59 31 45 -11 20 0 0.00 0.0 0 3.8 10 50 M M 0 15 30
15 70 31 51 -4 14 0 0.00 0.0 0 1.9 8 80 M M 1 11 40
16 74 33 54 -1 11 0 0.00 0.0 0 1.8 13 80 M M 0 15 60
17 69 37 53 -1 12 0 T 0.0 0 11.6 32 270 M M 7 41 270
18 49 36 43 -11 22 0 0.03 T 0 8.6 23 210 M M 6 28 220
19 62 29 46 -8 19 0 0.00 0.0 0 2.7 20 170 M M 5 25 160
20 64 50 57 4 8 0 T 0.0 0 9.1 33 170 M M 7 42 170
21 70 50 60 7 5 0 T 0.0 0 8.0 24 190 M M 8 29 170
22 61 48 55 2 10 0 0.01 0.0 0 16.3 39 200 M M 8 49 190
23 54 43 49 -3 16 0 T 0.0 0 5.8 17 280 M M 9 21 280
24 60 41 51 -1 14 0 1.88 0.0 0 9.0 29 160 M M 10 1 35 160
25 51 34 43 -9 22 0 1.03 0.0 0 7.2 22 290 M M 8 1 28 300
26 56 32 44 -7 21 0 0.00 0.0 0 5.2 23 310 M M 7 31 320
27 66 41 54 3 11 0 0.00 0.0 0 4.6 18 350 M M 4 24 350
28 71 39 55 5 10 0 0.00 0.0 0 2.3 9 140 M M 0 13 260
29 73 37 55 5 10 0 0.00 0.0 0 2.1 12 300 M M 6 22 280
30 72 41 57 7 8 0 0.00 0.0 0 6.2 23 200 M M 7 30 180
31 67 41 54 5 11 0 0.00 0.0 0 2.5 17 280 M M 5 24 280
================================================================================
SM 2046 1218 376 0 3.14 T 180.6 M 155
================================================================================
AV 66.0 39.3 5.8 FASTST M M 5 MAX(MPH)
MISC ----> 39 200 49 190
================================================================================
NOTES:
# LAST OF SEVERAL OCCURRENCES
COLUMN 17 PEAK WIND IN M.P.H.
PRELIMINARY LOCAL CLIMATOLOGICAL DATA (WS FORM: F-6) , PAGE 2
STATION: RENO-TAHOE INTL AIRPORT NV
MONTH: OCTOBER
YEAR: 2021
LATITUDE: 39 30 N
LONGITUDE: 119 47 W
[TEMPERATURE DATA] [PRECIPITATION DATA] SYMBOLS USED IN COLUMN 16
AVERAGE MONTHLY: 52.6 TOTAL FOR MONTH: 3.14 1 = FOG OR MIST
DPTR FM NORMAL: -2.5 DPTR FM NORMAL: 2.64 2 = FOG REDUCING VISIBILITY
HIGHEST: 83 ON 3 GRTST 24HR 2.79 ON 24-25 TO 1/4 MILE OR LESS
LOWEST: 29 ON 19 3 = THUNDER
SNOW, ICE PELLETS, HAIL 4 = ICE PELLETS
TOTAL MONTH: T 5 = HAIL
GRTST 24HR T ON 11-11 6 = FREEZING RAIN OR DRIZZLE
GRTST DEPTH: 0 7 = DUSTSTORM OR SANDSTORM:
VSBY 1/2 MILE OR LESS
8 = SMOKE OR HAZE
[NO. OF DAYS WITH] [WEATHER - DAYS WITH] 9 = BLOWING SNOW
X = TORNADO
MAX 32 OR BELOW: 0 0.01 INCH OR MORE: 7
MAX 90 OR ABOVE: 0 0.10 INCH OR MORE: 3
MIN 32 OR BELOW: 5 0.50 INCH OR MORE: 2
MIN 0 OR BELOW: 0 1.00 INCH OR MORE: 2
[HDD (BASE 65) ]
TOTAL THIS MO. 376 CLEAR (SCALE 0-3) 10
DPTR FM NORMAL 59 PTCLDY (SCALE 4-7) 17
TOTAL FM JUL 1 417 CLOUDY (SCALE 8-10) 4
DPTR FM NORMAL 38
[CDD (BASE 65) ]
TOTAL THIS MO. 0
DPTR FM NORMAL -8 [PRESSURE DATA]
TOTAL FM JAN 1 1366 HIGHEST SLP M ON M
DPTR FM NORMAL 327 LOWEST SLP 25.49 ON 30
[REMARKS]
THE AVERAGE TEMPERATURE FOR OCTOBER 2021 AT THE RENO-TAHOE
INTERNATIONAL AIRPORT WAS 52.6 DEGREES WHICH IS 2.5 DEGREES BELOW
NORMAL. THE HIGHEST TEMPERATURE FOR OCTOBER WAS 83 DEGREES WHICH
OCCURRED ON THE 3RD. THE LOWEST TEMPERATURE FOR THE MONTH WAS 29
DEGREES WHICH OCCURRED ON THE 19TH.
FOR OCTOBER 2021, 3.14 INCHES OF PRECIPITATION WERE RECORDED AT THE
RENO-TAHOE INTERNATIONAL AIRPORT. THIS IS 2.64 INCHES ABOVE NORMAL
AND SET A NEW RECORD FOR MOST PRECIPITATION IN OCTOBER. A TRACE OF
SNOWFALL OCCURRED DURING THE MONTH.
THE AVERAGE WIND SPEED FOR OCTOBER 2021 WAS 5.8 MPH. THE PEAK WIND
GUST FOR THE MONTH WAS 49 MPH FROM THE SOUTH ON THE 22ND.
#FINAL-10-21#