000
CXUS55 KREV 021642
CF6RNO
PRELIMINARY LOCAL CLIMATOLOGICAL DATA (WS FORM: F-6)
STATION: RENO-TAHOE INTL AIRPORT NV
MONTH: OCTOBER
YEAR: 2020
LATITUDE: 39 30 N
LONGITUDE: 119 47 W
TEMPERATURE IN F: :PCPN: SNOW: WIND :SUNSHINE: SKY :PK WND
================================================================================
1 2 3 4 5 6A 6B 7 8 9 10 11 12 13 14 15 16 17 18
12Z AVG MX 2MIN
DY MAX MIN AVG DEP HDD CDD WTR SNW DPTH SPD SPD DIR MIN PSBL S-S WX SPD DR
================================================================================
1 89 46 68 8 0 3 0.00 0.0 0 2.2 15 70 M M 2 8 20 60
2 89 47 68 9 0 3 0.00 0.0 0 2.3 10 70 M M 0 13 70
3 88 45 67 8 0 2 0.00 0.0 0 2.1 13 90 M M 0 16 90
4 88 44 66 7 0 1 0.00 0.0 0 2.9 20 290 M M 0 27 270
5 85 42 64 6 1 0 0.00 0.0 0 2.0 9 310 M M 0 13 260
6 84 43 64 6 1 0 0.00 0.0 0 2.2 8 150 M M 2 11 310
7 85 47 66 8 0 1 0.00 0.0 0 2.2 13 330 M M 3 17 320
8 79 45 62 5 3 0 0.00 0.0 0 3.0 18 290 M M M 25 290
9 79 42 61 4 4 0 0.00 0.0 0 2.3 20 290 M M M 27 300
10 73 45 59 3 6 0 0.00 0.0 0 10.6 26 290 M M M 39 270
11 72 49 61 5 4 0 0.00 0.0 0 4.8 18 290 M M M 23 290
12 80 41 61 5 4 0 0.00 0.0 0 2.5 12 40 M M M 19 40
13 84 42 63 8 2 0 0.00 0.0 0 4.6 18 310 M M M 23 310
14 79 46 63 8 2 0 0.00 0.0 0 2.7 12 10 M M 1 15 10
15 72 43 58 4 7 0 0.00 0.0 0 4.5 14 80 M M 0 18 100
16 75 39 57 3 8 0 0.00 0.0 0 2.6 9 20 M M 0 13 50
17 81 38 60 6 5 0 0.00 0.0 0 1.7 10 40 M M 2 16 260
18 83 41 62 9 3 0 0.00 0.0 0 3.4 17 360 M M 1 21 360
19 79 42 61 8 4 0 0.00 0.0 0 3.0 14 50 M M 1 17 40
20 78 39 59 7 6 0 0.00 0.0 0 2.4 14 10 M M 0 17 30
21 76 41 59 7 6 0 0.00 0.0 0 3.3 12 30 M M 2 14 10
22 60 40 50 -2 15 0 0.00 0.0 0 4.8 12 40 M M 3 15 90
23 63 35 49 -2 16 0 0.00 0.0 0 1.6 8 190 M M 1 14 290
24 74 33 54 3 11 0 0.00 0.0 0 5.2 21 340 M M 2 24 330
25 53 30 42 -8 23 0 0.00 0.0 0 9.0 20 30 M M 3 24 30
26 51 23 37 -13 28 0 0.00 0.0 0 4.8 15 100 M M 1 19 90
27 62 27 45 -5 20 0 0.00 0.0 0 2.1 12 40 M M 1 15 30
28 70 28 49 0 16 0 0.00 0.0 0 2.3 9 90 M M 0 11 260
29 72 28 50 1 15 0 0.00 0.0 0 1.0 8 120 M M 0 10 210
30 76 29 53 4 12 0 0.00 0.0 0 2.1 10 270 M M 1 17 270
31 75 33 54 6 11 0 0.00 0.0 0 2.1 8 50 M M 1 11 50
================================================================================
SM 2354 1213 233 10 0.00 0.0 102.3 M 27
================================================================================
AV 75.9 39.1 3.3 FASTST M M 1 MAX(MPH)
MISC ----> 26 290 39 270
================================================================================
NOTES:
# LAST OF SEVERAL OCCURRENCES
COLUMN 17 PEAK WIND IN M.P.H.
PRELIMINARY LOCAL CLIMATOLOGICAL DATA (WS FORM: F-6) , PAGE 2
STATION: RENO-TAHOE INTL AIRPORT NV
MONTH: OCTOBER
YEAR: 2020
LATITUDE: 39 30 N
LONGITUDE: 119 47 W
[TEMPERATURE DATA] [PRECIPITATION DATA] SYMBOLS USED IN COLUMN 16
AVERAGE MONTHLY: 57.5 TOTAL FOR MONTH: 0.00 1 = FOG OR MIST
DPTR FM NORMAL: 3.5 DPTR FM NORMAL: -0.51 2 = FOG REDUCING VISIBILITY
HIGHEST: 89 ON 2, 1 GRTST 24HR 0.00 ON 1- 1 TO 1/4 MILE OR LESS
LOWEST: 23 ON 26 3 = THUNDER
SNOW, ICE PELLETS, HAIL 4 = ICE PELLETS
TOTAL MONTH: 0.0 INCH 5 = HAIL
GRTST 24HR 0.0 6 = FREEZING RAIN OR DRIZZLE
GRTST DEPTH: 0 7 = DUSTSTORM OR SANDSTORM:
VSBY 1/2 MILE OR LESS
8 = SMOKE OR HAZE
[NO. OF DAYS WITH] [WEATHER - DAYS WITH] 9 = BLOWING SNOW
X = TORNADO
MAX 32 OR BELOW: 0 0.01 INCH OR MORE: 0
MAX 90 OR ABOVE: 0 0.10 INCH OR MORE: 0
MIN 32 OR BELOW: 6 0.50 INCH OR MORE: 0
MIN 0 OR BELOW: 0 1.00 INCH OR MORE: 0
[HDD (BASE 65) ]
TOTAL THIS MO. 233 CLEAR (SCALE 0-3) 25
DPTR FM NORMAL -113 PTCLDY (SCALE 4-7) 0
TOTAL FM JUL 1 248 CLOUDY (SCALE 8-10) 6
DPTR FM NORMAL -189
[CDD (BASE 65) ]
TOTAL THIS MO. 10
DPTR FM NORMAL 5 [PRESSURE DATA]
TOTAL FM JAN 1 1176 HIGHEST SLP 30.46 ON 26
DPTR FM NORMAL 337 LOWEST SLP 29.79 ON 24
[REMARKS]
...THE RENO-TAHOE INTL AIRPORT NV CLIMATE SUMMARY FOR THE MONTH OF
OCTOBER 2020...
THE AVERAGE TEMPERATURE FOR OCTOBER 2020 AT THE RENO-TAHOE
INTERNATIONAL AIRPORT WAS 57.5 DEGREES WHICH IS 3.5 DEGREES ABOVE
NORMAL. THE HIGHEST TEMPERATURE FOR OCTOBER WAS 89 DEGREES WHICH
OCCURRED ON THE 2ND AND THE 1ST. THE LOWEST TEMPERATURE FOR THE
MONTH WAS 23 DEGREES WHICH OCCURRED ON THE 26TH.
FOR OCTOBER 2020, 0.00 INCHES OF PRECIPITATION WAS RECORDED AT THE
RENO-TAHOE INTERNATIONAL AIRPORT. THIS IS 0.51 INCHES BELOW NORMAL.
NO SNOWFALL OCCURRED DURING THE MONTH.
THE AVERAGE WIND SPEED FOR OCTOBER 2020 WAS 3.3 MPH. THE PEAK WIND
GUST FOR THE MONTH WAS 39 MPH FROM THE WEST ON THE 10TH.
#FINAL-10-20#