000
CXUS55 KREV 011137
CLMRNO
CLIMATE REPORT
NATIONAL WEATHER SERVICE RENO NV
437 AM PDT SAT JUL 01 2023
...................................
...THE RENO-TAHOE INTL AIRPORT NV CLIMATE SUMMARY FOR THE MONTH OF JUNE 2023...
THE AVERAGE TEMPERATURE FOR JUNE 2023 AT THE RENO-TAHOE
INTERNATIONAL AIRPORT WAS 66.8 DEGREES, WHICH IS 2.4 DEGREES BELOW
NORMAL. THE HIGHEST TEMPERATURE FOR JUNE WAS 94 DEGREES, WHICH
OCCURRED ON THE 30TH. THE LOWEST TEMPERATURE FOR THE MONTH WAS 41
DEGREES, WHICH OCCURRED ON THE 20TH.
FOR JUNE 2023, 0.63 INCHES OF PRECIPITATION WERE RECORDED AT THE
RENO-TAHOE INTERNATIONAL AIRPORT. THIS IS 0.22 INCHES ABOVE NORMAL
FOR THE MONTH.
THE AVERAGE WIND SPEED FOR JUNE 2023 WAS 7.0 MPH. THE PEAK WIND GUST
FOR THE MONTH WAS 48 MPH FROM THE SOUTH ON THE 6TH.
CLIMATE NORMAL PERIOD 1991 TO 2020
CLIMATE RECORD PERIOD 1888 TO 2023
WEATHER OBSERVED NORMAL DEPART LAST YEAR`S
VALUE DATE(S) VALUE FROM VALUE
NORMAL
..............................................................
TEMPERATURE (F)
RECORD
HIGH 104 06/20/2017
06/16/1940
06/25/2015
LOW 25 06/06/1954
HIGHEST 94 06/30 104 -10
LOWEST 41 06/20 25 16
AVG. MAXIMUM 80.4 84.6 -4.2
AVG. MINIMUM 53.2 53.8 -0.6
MEAN 66.8 69.2 -2.4
DAYS MAX >= 90 1 10.2 -9.2
DAYS MAX <= 32 0 0.0 0.0
DAYS MIN <= 32 0 0.0 0.0
DAYS MIN <= 0 0 0.0 0.0
PRECIPITATION (INCHES)
RECORD
MAXIMUM 1.94 1920
MINIMUM 0.00 1994
TOTALS 0.63 0.41 0.22
DAILY AVG. 0.02 0.01 0.01
DAYS >= .01 8 3.1 4.9
DAYS >= .10 2 1.3 0.7
DAYS >= .50 0 0.1 -0.1
DAYS >= 1.00 0 0.0 0.0
GREATEST
24 HR. TOTAL 0.32 06/11 TO 06/12
STORM TOTAL 0.30
(MM/DD(HH))
SNOWFALL (INCHES)
RECORDS
TOTAL 0.2 5
24 HR TOTAL MM
TOTALS 0.0 0.0 0.0
LIQUID EQUIV 0.00 0.00 0.00
SINCE 7/1 50.2 20.9 29.3
LIQUID 7/1 5.02
DAYS >= TRACE 0 0.0 0.0
DAYS >= 1.0 0 0.0 0.0
GREATEST
SNOW DEPTH 0
24 HR TOTAL MM
STORM TOTAL 0.0
(MM/DD(HH))
DEGREE DAYS
HEATING TOTAL 25 47 -22
SINCE 7/1 5171 4667 504
COOLING TOTAL 87 173 -86
SINCE 1/1 135 218 -83
FREEZE DATES
RECORD
EARLIEST 08/23/1973
LATEST 06/27/1974
EARLIEST 10/23 10/23
LATEST 04/19 05/11
..............................................................
WIND (MPH)
AVERAGE WIND SPEED 7.0
HIGHEST WIND SPEED/DIRECTION 40/180 DATE 06/06
HIGHEST GUST SPEED/DIRECTION 48/170 DATE 06/06
AVERAGE RH (PERCENT) 43
WEATHER CONDITIONS. NUMBER OF DAYS WITH
THUNDERSTORM 10 MIXED PRECIP 0
HEAVY RAIN 2 RAIN 2
LIGHT RAIN 11 FREEZING RAIN 0
LT FREEZING RAIN 0 HAIL 0
HEAVY SNOW 0 SNOW 0
LIGHT SNOW 0 SLEET 0
FOG 3 FOG W/VIS <= 1/4 MILE 0
HAZE 3
- INDICATES NEGATIVE NUMBERS.
R INDICATES RECORD WAS SET OR TIED.
MM INDICATES DATA IS MISSING.
T INDICATES TRACE AMOUNT.
$$