000
CXUS55 KABQ 011438
CF6ROW
PRELIMINARY LOCAL CLIMATOLOGICAL DATA (WS FORM: F-6)
STATION: ROSWELL NM
MONTH: AUGUST
YEAR: 2022
LATITUDE: 33 17 N
LONGITUDE: 104 32 W
TEMPERATURE IN F: :PCPN: SNOW: WIND :SUNSHINE: SKY :PK WND
================================================================================
1 2 3 4 5 6A 6B 7 8 9 10 11 12 13 14 15 16 17 18
12Z AVG MX 2MIN
DY MAX MIN AVG DEP HDD CDD WTR SNW DPTH SPD SPD DIR MIN PSBL S-S WX SPD DR
================================================================================
1 104 72 88 5 0 23 0.00 0.0 0 8.2 23 260 M M 1 28 260
2 104 75 90 7 0 25 0.00 0.0 0 8.3 15 110 M M 0 24 140
3 106 77 92 9 0 27 0.12 0.0 0 9.4 39 130 M M 1 38 56 140
4 98 73 86 3 0 21 T 0.0 0 9.1 22 360 M M 2 3 29 320
5 101 74 88 5 0 23 T 0.0 0 5.5 17 110 M M 1 3 24 90
6 100 74 87 4 0 22 0.00 0.0 0 8.1 18 150 M M 1 25 170
7 97 72 85 2 0 20 0.00 0.0 0 8.7 17 160 M M 0 24 130
8 97 70 84 1 0 19 0.00 0.0 0 6.8 18 110 M M 3 38 29 140
9 96 73 85 2 0 20 0.14 0.0 0 8.5 31 10 M M 2 3 43 20
10 91 71 81 -2 0 16 T 0.0 0 7.3 16 360 M M 5 21 350
11 84 67 76 -6 0 11 0.71 0.0 0 7.2 20 350 M M 7 13 27 340
12 94 68 81 -1 0 16 0.00 0.0 0 4.2 16 180 M M 1 22 190
13 96 70 83 1 0 18 0.00 0.0 0 3.8 13 90 M M 1 19 30
14 99 71 85 3 0 20 0.00 0.0 0 5.1 15 140 M M 0 25 120
15 98 72 85 3 0 20 0.00 0.0 0 8.4 20 160 M M 0 26 170
16 91 68 80 -2 0 15 0.00 0.0 0 9.2 22 150 M M 1 29 150
17 93 73 83 1 0 18 T 0.0 0 6.8 21 140 M M 4 3 29 150
18 86 70 78 -4 0 13 0.14 0.0 0 3.9 20 70 M M 6 25 60
19 84 69 77 -4 0 12 0.03 0.0 0 6.6 22 180 M M 6 29 200
20 76 67 72 -9 0 7 0.90 0.0 0 9.8 21 140 M M 9 13 29 160
21 83 66 75 -6 0 10 0.00 0.0 0 12.2 22 310 M M 5 30 320
22 83 68 76 -5 0 11 0.00 0.0 0 9.8 17 20 M M 8 25 30
23 87 66 77 -4 0 12 0.00 0.0 0 5.5 10 40 M M 3 15 50
24 88 67 78 -2 0 13 0.00 0.0 0 3.8 12 130 M M 2 17 190
25 91 67 79 -1 0 14 0.00 0.0 0 3.6 10 40 M M 0 15 40
26 92 68 80 0 0 15 0.00 0.0 0 6.8 17 170 M M 1 21 190
27 93 70 82 2 0 17 T 0.0 0 9.0 22 180 M M 1 3 29 190
28 98 68 83 3 0 18 0.00 0.0 0 6.2 15 190 M M 0 21 180
29 95 65 80 1 0 15 0.86 0.0 0 10.0 36 40 M M 1 13 52 40
30 76 64 70 -9 0 5 0.18 0.0 0 7.1 24 270 M M 5 13 32 270
31 83 66 75 -4 0 10 0.09 0.0 0 6.7 23 140 M M 6 13 29 140
================================================================================
SM 2864 2161 0 506 3.17 0.0 225.6 M 83
================================================================================
AV 92.4 69.7 7.3 FASTST M M 3 MAX(MPH)
MISC ----> 39 130 56 140
================================================================================
NOTES:
# LAST OF SEVERAL OCCURRENCES
COLUMN 17 PEAK WIND IN M.P.H.
PRELIMINARY LOCAL CLIMATOLOGICAL DATA (WS FORM: F-6) , PAGE 2
STATION: ROSWELL NM
MONTH: AUGUST
YEAR: 2022
LATITUDE: 33 17 N
LONGITUDE: 104 32 W
[TEMPERATURE DATA] [PRECIPITATION DATA] SYMBOLS USED IN COLUMN 16
AVERAGE MONTHLY: 81.0 TOTAL FOR MONTH: 3.17 1 = FOG OR MIST
DPTR FM NORMAL: -0.6 DPTR FM NORMAL: 1.49 2 = FOG REDUCING VISIBILITY
HIGHEST: 106 ON 3 GRTST 24HR 0.97 ON 29-30 TO 1/4 MILE OR LESS
LOWEST: 64 ON 30 3 = THUNDER
SNOW, ICE PELLETS, HAIL 4 = ICE PELLETS
TOTAL MONTH: 0.0 INCH 5 = HAIL
GRTST 24HR 0.0 6 = FREEZING RAIN OR DRIZZLE
GRTST DEPTH: 0 7 = DUSTSTORM OR SANDSTORM:
VSBY 1/2 MILE OR LESS
8 = SMOKE OR HAZE
[NO. OF DAYS WITH] [WEATHER - DAYS WITH] 9 = BLOWING SNOW
X = TORNADO
MAX 32 OR BELOW: 0 0.01 INCH OR MORE: 9
MAX 90 OR ABOVE: 21 0.10 INCH OR MORE: 7
MIN 32 OR BELOW: 0 0.50 INCH OR MORE: 3
MIN 0 OR BELOW: 0 1.00 INCH OR MORE: 0
[HDD (BASE 65) ]
TOTAL THIS MO. 0 CLEAR (SCALE 0-3) 21
DPTR FM NORMAL 0 PTCLDY (SCALE 4-7) 9
TOTAL FM JUL 1 0 CLOUDY (SCALE 8-10) 1
DPTR FM NORMAL 0
[CDD (BASE 65) ]
TOTAL THIS MO. 506
DPTR FM NORMAL -9 [PRESSURE DATA]
TOTAL FM JAN 1 2203 HIGHEST SLP 30.13 ON 11
DPTR FM NORMAL 327 LOWEST SLP 29.58 ON 28
[REMARKS]
#FINAL-08-22#