000
CXUS55 KABQ 021632
CLMROW
CLIMATE REPORT
NATIONAL WEATHER SERVICE ALBUQUERQUE NM
1032 AM MDT SUN JUL 02 2023
...................................
...THE ROSWELL NM CLIMATE SUMMARY FOR THE MONTH OF JUNE 2023...
CLIMATE NORMAL PERIOD 1991 TO 2020
CLIMATE RECORD PERIOD 1893 TO 2023
WEATHER OBSERVED NORMAL DEPART LAST YEAR`S
VALUE DATE(S) VALUE FROM VALUE DATE(S)
NORMAL
................................................................
TEMPERATURE (F)
RECORD
HIGH 114 06/27/1994
LOW 47 06/02/1992
06/01/1964
HIGHEST 112 06/27 MM MM 111 06/11
LOWEST 57 06/08 MM MM 60 06/04
06/10
06/13
AVG. MAXIMUM 99.6 96.2 3.4 97.1
AVG. MINIMUM 66.1 65.7 0.4 68.3
MEAN 82.9 81.0 1.9 82.7
DAYS MAX >= 90 26 24.5 1.5 24
DAYS MAX <= 32 0 0.0 0.0 0
DAYS MIN <= 32 0 0.0 0.0 0
DAYS MIN <= 0 0 0.0 0.0 0
PRECIPITATION (INCHES)
TOTALS 0.84R 1.28 -0.44 3.11
DAILY AVG. 0.03 0.04 -0.01 0.10
DAYS >= .01 3 4.6 -1.6 7
DAYS >= .10 3 2.5 0.5 4
DAYS >= .50 0 0.8 -0.8 1
DAYS >= 1.00 0 0.3 -0.3 1
GREATEST
24 HR. TOTAL 0.85 05/31 TO 06/01 2.46
SNOWFALL (INCHES)
TOTALS 0.0 0.0 0.0 0.0
SINCE 7/1 2.5 9.6 -7.1 MM
DAYS >= 1.0 0 0.0 0.0 0
GREATEST
SNOW DEPTH 0 0 MM
24 HR TOTAL MM MM
DEGREE DAYS
HEATING TOTAL 0 0 0 0
SINCE 7/1 2806 2874 -68 MM
COOLING TOTAL 545 479 66 539
SINCE 1/1 850 797 53 MM
................................................................
WIND (MPH)
AVERAGE WIND SPEED 9.1
HIGHEST WIND SPEED/DIRECTION 37/270 DATE 06/01
HIGHEST GUST SPEED/DIRECTION 59/240 DATE 06/17
SKY COVER
AVERAGE SKY COVER 0.05
AVERAGE RH (PERCENT) 32
WEATHER CONDITIONS. NUMBER OF DAYS WITH
THUNDERSTORM 7 MIXED PRECIP 0
HEAVY RAIN 2 RAIN 0
LIGHT RAIN 6 FREEZING RAIN 0
LT FREEZING RAIN 0 HAIL 0
HEAVY SNOW 0 SNOW 0
LIGHT SNOW 0 SLEET 0
FOG 0 FOG W/VIS <= 1/4 MILE 0
HAZE 0
- INDICATES NEGATIVE NUMBERS.
R INDICATES RECORD WAS SET OR TIED.
MM INDICATES DATA IS MISSING.
T INDICATES TRACE AMOUNT.
$$