000
CXUS53 KGRB 280725
CF6RRL
PRELIMINARY LOCAL CLIMATOLOGICAL DATA (WS FORM: F-6)
STATION: MERRILL MUNICIPAL AI
MONTH: OCTOBER
YEAR: 2019
LATITUDE: 45 10 N
LONGITUDE: 89 42 W
TEMPERATURE IN F: :PCPN: SNOW: WIND :SUNSHINE: SKY :PK WND
================================================================================
1 2 3 4 5 6A 6B 7 8 9 10 11 12 13 14 15 16 17 18
12Z AVG MX 2MIN
DY MAX MIN AVG DEP HDD CDD WTR SNW DPTH SPD SPD DIR MIN PSBL S-S WX SPD DR
================================================================================
1 72 49 61 M 4 0 0.00 0.0 0 6.1 9 10 M M 9 M M
2 52 44 48 M 17 0 0.00 0.0 0 8.6 14 90 M M 10 20 60
3 55 37 46 M 19 0 0.00 0.0 0 7.4 17 320 M M 9 1 23 320
4 49 38 44 M 21 0 0.00 0.0 0 4.4 9 120 M M 10 M M
5 53 44 49 M 16 0 0.01 M 0 9.2 17 230 M M 10 25 250
6 63 43 53 M 12 0 0.00 0.0 0 12.5 25 270 M M 5 31 260
7 62 33 48 M 17 0 0.90 M 0 5.9 17 300 M M 0 22 300
8 68 31 50 M 15 0 0.00 0.0 0 5.2 15 210 M M 0 23 210
9 69 43 56 M 9 0 0.00 0.0 0 5.5 14 170 M M 0 24 190
10 66 46 56 M 9 0 0.06 M M 8.2 14 150 M M 7 21 130
11 62 35 49 M 16 0 0.05 M 0 13.2 22 230 M M 10 1 31 250
12 36 31 34 M 31 0 0.00 0.0 0 12.8 18 230 M M 10 31 230
13 43 32 38 M 27 0 0.03 M 0 9.4 14 280 M M 9 21 290
14 49 28 39 M 26 0 0.00 0.0 0 5.7 13 270 M M 3 16 270
15 47 30 39 M 26 0 0.40 M 0 6.5 14 360 M M 10 21 360
16 49 38 44 M 21 0 0.00 0.0 0 9.4 14 340 M M 10 23 340
17 51 28 40 M 25 0 0.00 0.0 0 0.4 4 230 M M 6 M M
18 57 26 42 M 23 0 0.00 0.0 0 6.9 16 150 M M 0 23 150
19 53 40 47 M 18 0 0.05 M 0 4.4 10 250 M M 6 12 17 250
20 62 36 49 M 16 0 0.00 0.0 0 1.2 4 60 M M 4 128 M M
21 58 36 47 M 18 0 0.43 M 0 9.5 16 110 M M 7 28 120
22 46 38 42 M 23 0 0.13 M 0 11.4 21 260 M M 10 1 27 280
23 43 35 39 M 26 0 0.00 0.0 0 9.5 16 270 M M 9 22 270
24 40 31 36 M 29 0 0.00 0.0 0 5.8 13 300 M M 9 M M
25 47 22 35 M 30 0 0.00 0.0 0 4.6 13 260 M M 1 17 250
26 49 26 38 M 27 0 0.00 0.0 0 3.0 12 170 M M 0 18 180
27 55 26 41 M 24 0 0.00 0.0 0 4.5 12 260 M M 3 16 280
================================================================================
SM 1456 946 545 0 2.06 0.0 191.2 M 167
================================================================================
AV 53.9 35.0 7.1 FASTST M M 6 MAX(MPH)
MISC ----> # 25 270 # 31 260
================================================================================
NOTES:
# LAST OF SEVERAL OCCURRENCES
COLUMN 17 PEAK WIND IN M.P.H.
PRELIMINARY LOCAL CLIMATOLOGICAL DATA (WS FORM: F-6) , PAGE 2
STATION: MERRILL MUNICIPAL AI
MONTH: OCTOBER
YEAR: 2019
LATITUDE: 45 10 N
LONGITUDE: 89 42 W
[TEMPERATURE DATA] [PRECIPITATION DATA] SYMBOLS USED IN COLUMN 16
AVERAGE MONTHLY: 44.5 TOTAL FOR MONTH: 2.06 1 = FOG OR MIST
DPTR FM NORMAL: M DPTR FM NORMAL: M 2 = FOG REDUCING VISIBILITY
HIGHEST: 72 ON 1 GRTST 24HR 0.90 ON 7- 7 TO 1/4 MILE OR LESS
LOWEST: 22 ON 25 3 = THUNDER
SNOW, ICE PELLETS, HAIL 4 = ICE PELLETS
TOTAL MONTH: 0.0 INCH 5 = HAIL
GRTST 24HR 0.0 6 = FREEZING RAIN OR DRIZZLE
GRTST DEPTH: 0 7 = DUSTSTORM OR SANDSTORM:
VSBY 1/2 MILE OR LESS
8 = SMOKE OR HAZE
[NO. OF DAYS WITH] [WEATHER - DAYS WITH] 9 = BLOWING SNOW
X = TORNADO
MAX 32 OR BELOW: 0 0.01 INCH OR MORE: 9
MAX 90 OR ABOVE: 0 0.10 INCH OR MORE: 4
MIN 32 OR BELOW: 11 0.50 INCH OR MORE: 1
MIN 0 OR BELOW: 0 1.00 INCH OR MORE: 0
[HDD (BASE 65) ]
TOTAL THIS MO. 545 CLEAR (SCALE 0-3) 6
DPTR FM NORMAL M PTCLDY (SCALE 4-7) 8
TOTAL FM JUL 1 852 CLOUDY (SCALE 8-10) 13
DPTR FM NORMAL M
[CDD (BASE 65) ]
TOTAL THIS MO. 0
DPTR FM NORMAL M [PRESSURE DATA]
TOTAL FM JAN 1 228 HIGHEST SLP M ON M
DPTR FM NORMAL 228 LOWEST SLP M ON M
[REMARKS]