000
CXUS53 KGRB 010715
CF6RRL
PRELIMINARY LOCAL CLIMATOLOGICAL DATA (WS FORM: F-6)
STATION: MERRILL MUNICIPAL AI
MONTH: AUGUST
YEAR: 2019
LATITUDE: 45 10 N
LONGITUDE: 89 42 W
TEMPERATURE IN F: :PCPN: SNOW: WIND :SUNSHINE: SKY :PK WND
================================================================================
1 2 3 4 5 6A 6B 7 8 9 10 11 12 13 14 15 16 17 18
12Z AVG MX 2MIN
DY MAX MIN AVG DEP HDD CDD WTR SNW DPTH SPD SPD DIR MIN PSBL S-S WX SPD DR
================================================================================
1 80 43 62 M 3 0 0.00 0.0 0 1.8 7 250 M M 1 1 M M
2 83 54 69 M 0 4 0.00 0.0 0 2.4 10 270 M M 3 M M
3 85 58 72 M 0 7 0.00 0.0 0 2.5 15 30 M M 3 1 22 30
4 83 56 70 M 0 5 0.00 0.0 0 2.9 9 260 M M 4 12 M M
5 81 57 69 M 0 4 0.98 0.0 0 2.8 14 150 M M 6 12 20 150
6 80 57 69 M 0 4 0.00 0.0 0 2.9 12 320 M M 4 12 M M
7 83 52 68 M 0 3 0.17 0.0 0 4.8 17 270 M M 4 1 24 270
8 74 50 62 M 3 0 0.00 0.0 0 6.3 14 280 M M 3 21 270
9 76 44 60 M 5 0 0.00 0.0 0 3.6 10 300 M M 1 16 300
10 76 47 62 M 3 0 0.00 0.0 0 2.5 9 230 M M 3 12 M M
11 75 58 67 M 0 2 0.00 0.0 0 1.0 7 30 M M 8 1 M M
12 81 57 69 M 0 4 0.00 0.0 0 2.0 6 100 M M 7 12 M M
13 71 56 64 M 1 0 0.21 0.0 0 4.2 9 110 M M 9 M M
14 74 52 63 M 2 0 0.00 0.0 0 2.9 8 50 M M 7 M M
15 76 50 63 M 2 0 0.00 0.0 0 1.4 9 240 M M 6 8 M M
16 71 57 64 M 1 0 0.39 0.0 0 4.1 10 170 M M 8 1 20 170
17 80 49 65 M 0 0 0.00 0.0 0 2.0 6 210 M M 4 12 M M
18 75 51 63 M 2 0 0.19 0.0 0 8.0 17 280 M M 6 1 23 290
19 76 42 59 M 6 0 0.00 0.0 0 2.9 12 250 M M 2 12 M M
20 78 45 62 M 3 0 0.00 0.0 0 2.0 12 310 M M 3 1 M M
21 73 47 60 M 5 0 0.00 0.0 0 5.6 13 340 M M 4 18 320
22 68 44 56 M 9 0 0.00 0.0 0 2.4 7 50 M M 8 1 M M
23 71 38 55 M 10 0 0.00 0.0 0 2.4 7 70 M M 2 18 M M
24 73 38 56 M 9 0 0.00 0.0 0 4.1 9 120 M M 5 1 16 130
25 74 44 59 M 6 0 0.00 0.0 0 6.3 14 180 M M 4 21 180
26 67 53 60 M 5 0 0.09 0.0 0 5.0 12 130 M M 8 1 16 130
27 73 55 64 M 1 0 0.00 0.0 0 11.3 23 260 M M 6 32 260
28 67 44 56 M 9 0 0.00 0.0 0 10.7 20 290 M M 7 30 280
29 74 38 56 M 9 0 0.15 M 0 7.3 17 300 M M 3 25 300
30 70 42 56 M 9 0 0.00 0.0 0 5.5 13 320 M M 1 1 20 350
31 70 37 54 M 11 0 0.00 0.0 0 2.1 10 230 M M 2 1 18 190
================================================================================
SM 2338 1515 114 33 2.18 0.0 125.7 M 142
================================================================================
AV 75.4 48.9 4.1 FASTST M M 5 MAX(MPH)
MISC ----> # 23 260 # 32 260
================================================================================
NOTES:
# LAST OF SEVERAL OCCURRENCES
COLUMN 17 PEAK WIND IN M.P.H.
PRELIMINARY LOCAL CLIMATOLOGICAL DATA (WS FORM: F-6) , PAGE 2
STATION: MERRILL MUNICIPAL AI
MONTH: AUGUST
YEAR: 2019
LATITUDE: 45 10 N
LONGITUDE: 89 42 W
[TEMPERATURE DATA] [PRECIPITATION DATA] SYMBOLS USED IN COLUMN 16
AVERAGE MONTHLY: 62.2 TOTAL FOR MONTH: 2.18 1 = FOG OR MIST
DPTR FM NORMAL: M DPTR FM NORMAL: M 2 = FOG REDUCING VISIBILITY
HIGHEST: 85 ON 3 GRTST 24HR 0.98 ON 5- 5 TO 1/4 MILE OR LESS
LOWEST: 37 ON 31 3 = THUNDER
SNOW, ICE PELLETS, HAIL 4 = ICE PELLETS
TOTAL MONTH: 0.0 INCH 5 = HAIL
GRTST 24HR 0.0 6 = FREEZING RAIN OR DRIZZLE
GRTST DEPTH: 0 7 = DUSTSTORM OR SANDSTORM:
VSBY 1/2 MILE OR LESS
8 = SMOKE OR HAZE
[NO. OF DAYS WITH] [WEATHER - DAYS WITH] 9 = BLOWING SNOW
X = TORNADO
MAX 32 OR BELOW: 0 0.01 INCH OR MORE: 7
MAX 90 OR ABOVE: 0 0.10 INCH OR MORE: 6
MIN 32 OR BELOW: 0 0.50 INCH OR MORE: 1
MIN 0 OR BELOW: 0 1.00 INCH OR MORE: 0
[HDD (BASE 65) ]
TOTAL THIS MO. 114 CLEAR (SCALE 0-3) 11
DPTR FM NORMAL M PTCLDY (SCALE 4-7) 18
TOTAL FM JUL 1 131 CLOUDY (SCALE 8-10) 2
DPTR FM NORMAL M
[CDD (BASE 65) ]
TOTAL THIS MO. 33
DPTR FM NORMAL M [PRESSURE DATA]
TOTAL FM JAN 1 199 HIGHEST SLP M ON M
DPTR FM NORMAL 199 LOWEST SLP M ON M
[REMARKS]
#FINAL-08-19#