000
CXUS53 KARX 012113
CF6RST
PRELIMINARY LOCAL CLIMATOLOGICAL DATA (WS FORM: F-6)
STATION: ROCHESTER MN
MONTH: JUNE
YEAR: 2023
LATITUDE: 43 55 N
LONGITUDE: 92 30 W
TEMPERATURE IN F: :PCPN: SNOW: WIND :SUNSHINE: SKY :PK WND
================================================================================
1 2 3 4 5 6A 6B 7 8 9 10 11 12 13 14 15 16 17 18
12Z AVG MX 2MIN
DY MAX MIN AVG DEP HDD CDD WTR SNW DPTH SPD SPD DIR MIN PSBL S-S WX SPD DR
================================================================================
1 83 62 73 9 0 8 0.35 0.0 0 9.4 30 170 M M 2 1 41 190
2 84 63 74 10 0 9 0.04 0.0 0 6.2 29 230 M M 3 3 39 220
3 85 63 74 10 0 9 0.01 0.0 0 4.2 13 200 M M 1 13 17 200
4 86 64 75 10 0 10 0.00 0.0 0 7.0 16 80 M M 1 22 90
5 85 61 73 8 0 8 0.00 0.0 0 4.6 10 100 M M 1 18 14 10
6 85 65 75 10 0 10 0.00 0.0 0 5.2 14 50 M M 5 21 10
7 79 60 70 4 0 5 0.00 0.0 0 8.2 15 100 M M 3 1 19 150
8 79 54 67 1 0 2 0.00 0.0 0 6.9 15 160 M M 0 22 160
9 82 51 67 1 0 2 0.00 0.0 0 7.5 14 310 M M 0 19 330
10 79 57 68 2 0 3 0.00 0.0 0 8.2 21 40 M M 6 28 20
11 68 49 59 -8 6 0 0.00 0.0 0 14.3 24 20 M M 5 33 10
12 77 45 61 -6 4 0 T 0.0 0 9.5 28 320 M M 4 39 350
13 82 51 67 0 0 2 0.00 0.0 0 9.4 23 330 M M 1 32 330
14 84 58 71 3 0 6 0.00 0.0 0 7.1 13 340 M M 1 8 19 360
15 72 51 62 -6 3 0 0.00 0.0 0 8.7 16 40 M M 2 18 22 10
16 75 45 60 -8 5 0 0.00 0.0 0 6.2 13 70 M M 0 17 110
17 81 51 66 -2 0 1 0.00 0.0 0 8.3 17 190 M M 0 25 200
18 77 61 69 1 0 4 0.04 0.0 0 9.4 23 120 M M 7 1 31 120
19 87 62 75 6 0 10 0.00 0.0 0 7.8 15 160 M M 2 12 20 180
20 86 61 74 5 0 9 0.00 0.0 0 10.6 20 110 M M 0 28 130
21 87 59 73 4 0 8 0.00 0.0 0 7.9 15 150 M M 0 21 130
22 88 63 76 7 0 11 0.00 0.0 0 6.5 13 80 M M 2 16 100
23 89 60 75 6 0 10 0.00 0.0 0 5.5 13 50 M M 4 17 50
24 84 62 73 3 0 8 T 0.0 0 10.9 23 170 M M 3 32 200
25 75 62 69 -1 0 4 0.50 0.0 0 12.0 25 320 M M 7 13 35 330
26 76 59 68 -2 0 3 0.00 0.0 0 13.8 23 360 M M 6 33 330
27 83 55 69 -1 0 4 T 0.0 0 4.7 12 150 M M 1 18 16 160
28 82 62 72 2 0 7 0.01 0.0 0 13.7 26 190 M M 4 18 37 190
29 87 64 76 6 0 11 0.39 0.0 0 5.8 29 310 M M 2 138 39 310
30 83 65 74 4 0 9 0.00 0.0 0 5.7 14 300 M M 2 18 300
================================================================================
SM 2450 1745 18 173 1.34 0.0 245.2 M 75
================================================================================
AV 81.7 58.2 8.2 FASTST M M 3 MAX(MPH)
MISC ----> 30 170 41 190
================================================================================
NOTES:
# LAST OF SEVERAL OCCURRENCES
COLUMN 17 PEAK WIND IN M.P.H.
PRELIMINARY LOCAL CLIMATOLOGICAL DATA (WS FORM: F-6) , PAGE 2
STATION: ROCHESTER MN
MONTH: JUNE
YEAR: 2023
LATITUDE: 43 55 N
LONGITUDE: 92 30 W
[TEMPERATURE DATA] [PRECIPITATION DATA] SYMBOLS USED IN COLUMN 16
AVERAGE MONTHLY: 69.9 TOTAL FOR MONTH: 1.34 1 = FOG OR MIST
DPTR FM NORMAL: 2.4 DPTR FM NORMAL: -4.01 2 = FOG REDUCING VISIBILITY
HIGHEST: 89 ON 23 GRTST 24HR 0.50 ON 24-25 TO 1/4 MILE OR LESS
LOWEST: 45 ON 16,12 3 = THUNDER
SNOW, ICE PELLETS, HAIL 4 = ICE PELLETS
TOTAL MONTH: 0.0 INCH 5 = HAIL
GRTST 24HR 0.0 6 = FREEZING RAIN OR DRIZZLE
GRTST DEPTH: 0 7 = DUSTSTORM OR SANDSTORM:
VSBY 1/2 MILE OR LESS
8 = SMOKE OR HAZE
[NO. OF DAYS WITH] [WEATHER - DAYS WITH] 9 = BLOWING SNOW
X = TORNADO
MAX 32 OR BELOW: 0 0.01 INCH OR MORE: 7
MAX 90 OR ABOVE: 0 0.10 INCH OR MORE: 3
MIN 32 OR BELOW: 0 0.50 INCH OR MORE: 1
MIN 0 OR BELOW: 0 1.00 INCH OR MORE: 0
[HDD (BASE 65) ]
TOTAL THIS MO. 18 CLEAR (SCALE 0-3) 20
DPTR FM NORMAL -31 PTCLDY (SCALE 4-7) 10
TOTAL FM JUL 1 7614 CLOUDY (SCALE 8-10) 0
DPTR FM NORMAL -243
[CDD (BASE 65) ]
TOTAL THIS MO. 173
DPTR FM NORMAL 47 [PRESSURE DATA]
TOTAL FM JAN 1 212 HIGHEST SLP 30.13 ON 21
DPTR FM NORMAL 52 LOWEST SLP 29.56 ON 25
[REMARKS]
#FINAL-06-23#