000
CXUS54 KEWX 011010
CF6RYW
PRELIMINARY LOCAL CLIMATOLOGICAL DATA (WS FORM: F-6)
STATION: LAGO VISTA
MONTH: SEPTEMBER
YEAR: 2022
LATITUDE: 30 30 N
LONGITUDE: 97 58 W
TEMPERATURE IN F: :PCPN: SNOW: WIND :SUNSHINE: SKY :PK WND
================================================================================
1 2 3 4 5 6A 6B 7 8 9 10 11 12 13 14 15 16 17 18
12Z AVG MX 2MIN
DY MAX MIN AVG DEP HDD CDD WTR SNW DPTH SPD SPD DIR MIN PSBL S-S WX SPD DR
================================================================================
1 96 71 84 M 0 19 0.00 M M 3.7 10 80 M M 0 3 16 70
2 98 72 85 M 0 20 0.00 M M 4.5 12 110 M M 0 1 17 110
3 86 71 79 M 0 14 0.66 M M 2.0 7 140 M M 0 3 M M
4 94 66 80 M 0 15 0.35 M M 5.8 13 50 M M 0 2 32 0
5 96 66 81 M 0 16 0.00 M M 4.1 8 140 M M 0 M M
6 98 70 84 M 0 19 0.00 M M 5.0 9 210 M M 0 M M
7 95 70 83 M 0 18 0.21 M M 4.3 10 30 M M 0 1 M M
8 95 69 82 M 0 17 0.00 M M 5.3 9 110 M M 0 M M
9 96 68 82 M 0 17 0.00 M M 3.5 8 100 M M 0 M M
10 96 71 84 M 0 19 0.00 M M 3.9 7 90 M M 0 M M
11 91 70 81 M 0 16 0.00 M M 4.8 9 10 M M 0 17 70
12 94 67 81 M 0 16 0.00 M M 4.6 8 30 M M 0 16 30
13 96 66 81 M 0 16 0.00 M M 4.4 8 130 M M 0 16 110
14 94 68 81 M 0 16 0.00 M M 4.4 8 110 M M 0 M M
15 95 64 80 M 0 15 0.00 M M 5.1 8 120 M M 0 16 80
16 97 72 85 M 0 20 0.00 M M 4.8 9 100 M M 0 16 120
17 97 73 85 M 0 20 0.00 M M 6.8 9 140 M M 0 17 130
18 98 71 85 M 0 20 0.00 M M 5.1 8 150 M M 0 M M
19 98 71 85 M 0 20 0.00 M M 4.7 10 110 M M 0 M M
20 99 74 87 M 0 22 0.00 0.0 M 3.8 7 130 M M 0 M M
21 98 73 86 M 0 21 0.00 0.0 M 4.7 10 100 M M 0 M M
22 100 71 86 M 0 21 0.00 M M 5.0 8 250 M M 0 M M
23 100 73 87 M 0 22 0.00 M M 5.1 10 150 M M 0 17 110
24 96 71 84 M 0 19 0.00 M M 5.7 10 130 M M 0 M M
25 99 73 86 M 0 21 0.00 M M 4.2 8 80 M M 0 17 90
26 93 73 83 M 0 18 0.00 M M 8.2 15 40 M M 0 23 40
27 M M M M M M 0.00 M M 4.5 12 100 M M 0 18 90
28 93 60 77 M 0 12 0.00 M M 5.1 9 140 M M 0 17 140
29 95 66 81 M 0 16 0.00 M M 4.2 7 90 M M 0 M M
30 88 59 74 M 0 9 0.00 M M 5.8 9 100 M M 0 16 100
================================================================================
SM 2771 2009 0 514 1.22 0.0 143.3 M 0
================================================================================
AV 95.6 69.3 4.8 FASTST M M 0 MAX(MPH)
MISC ----> 15 40 32 0
================================================================================
NOTES:
# LAST OF SEVERAL OCCURRENCES
COLUMN 17 PEAK WIND IN M.P.H.
PRELIMINARY LOCAL CLIMATOLOGICAL DATA (WS FORM: F-6) , PAGE 2
STATION: LAGO VISTA
MONTH: SEPTEMBER
YEAR: 2022
LATITUDE: 30 30 N
LONGITUDE: 97 58 W
[TEMPERATURE DATA] [PRECIPITATION DATA] SYMBOLS USED IN COLUMN 16
AVERAGE MONTHLY: 82.4 TOTAL FOR MONTH: 1.22 1 = FOG OR MIST
DPTR FM NORMAL: 0.0 DPTR FM NORMAL: M 2 = FOG REDUCING VISIBILITY
HIGHEST: 100 ON 23,22 GRTST 24HR 0.66 ON 3- 3 TO 1/4 MILE OR LESS
LOWEST: 59 ON 30 3 = THUNDER
SNOW, ICE PELLETS, HAIL 4 = ICE PELLETS
TOTAL MONTH: 0.0 INCH 5 = HAIL
GRTST 24HR 0.0 6 = FREEZING RAIN OR DRIZZLE
GRTST DEPTH: M ON M 7 = DUSTSTORM OR SANDSTORM:
VSBY 1/2 MILE OR LESS
8 = SMOKE OR HAZE
[NO. OF DAYS WITH] [WEATHER - DAYS WITH] 9 = BLOWING SNOW
X = TORNADO
MAX 32 OR BELOW: 0 0.01 INCH OR MORE: 3
MAX 90 OR ABOVE: 27 0.10 INCH OR MORE: 3
MIN 32 OR BELOW: 0 0.50 INCH OR MORE: 1
MIN 0 OR BELOW: 0 1.00 INCH OR MORE: 0
[HDD (BASE 65) ]
TOTAL THIS MO. 0 CLEAR (SCALE 0-3) 30
DPTR FM NORMAL M PTCLDY (SCALE 4-7) 0
TOTAL FM JUL 1 0 CLOUDY (SCALE 8-10) 0
DPTR FM NORMAL M
[CDD (BASE 65) ]
TOTAL THIS MO. 514
DPTR FM NORMAL M [PRESSURE DATA]
TOTAL FM JAN 1 3433 HIGHEST SLP M ON M
DPTR FM NORMAL M LOWEST SLP M ON M
[REMARKS]
#FINAL-09-22#