843
CXUS56 KSGX 011045
CF6SAN
PRELIMINARY LOCAL CLIMATOLOGICAL DATA (WS FORM: F-6)
STATION: SAN DIEGO INTL AIRPORT CA
MONTH: MARCH
YEAR: 2021
LATITUDE: 32 43 N
LONGITUDE: 117 10 W
TEMPERATURE IN F: :PCPN: SNOW: WIND :SUNSHINE: SKY :PK WND
================================================================================
1 2 3 4 5 6A 6B 7 8 9 10 11 12 13 14 15 16 17 18
12Z AVG MX 2MIN
DY MAX MIN AVG DEP HDD CDD WTR SNW DPTH SPD SPD DIR MIN PSBL S-S WX SPD DR
================================================================================
1 77 46 62 4 3 0 0.00 M M 3.5 13 270 M M 0 17 210
2 72 44 58 -1 7 0 0.00 M M 2.6 10 260 M M 2 8 19 210
3 63 49 56 -3 9 0 0.58 M M 8.1 25 130 M M 6 38 34 170
4 66 52 59 0 6 0 0.00 M M 5.1 13 300 M M 5 8 16 300
5 69 49 59 0 6 0 0.00 M M 4.6 16 300 M M 2 18 20 320
6 67 53 60 1 5 0 0.00 M M 5.9 16 290 M M 5 18 20 280
7 64 53 59 0 6 0 0.00 M M 6.5 15 200 M M 8 23 200
8 64 56 60 1 5 0 T M M 6.8 15 280 M M 7 20 270
9 64 51 58 -1 7 0 T M M 6.9 18 270 M M 6 24 270
10 63 52 58 -1 7 0 0.18 M M 8.0 25 260 M M 7 18 31 270
11 60 50 55 -4 10 0 0.49 M M 5.7 21 280 M M 7 27 280
12 61 49 55 -4 10 0 T M M 6.2 17 260 M M 7 21 280
13 64 52 58 -1 7 0 T M M 6.7 18 270 M M 7 23 270
14 63 55 59 0 6 0 0.00 M M 4.0 13 260 M M 7 19 190
15 59 54 57 -2 8 0 0.17 M M 12.9 25 280 M M 8 18 36 280
16 61 50 56 -3 9 0 0.01 M M 6.4 23 280 M M 5 33 280
17 62 46 54 -6 11 0 0.00 M M 4.2 16 280 M M 4 20 280
18 63 50 57 -3 8 0 0.00 M M 6.2 16 290 M M 5 21 280
19 67 50 59 -1 6 0 T M M 5.6 20 290 M M 3 23 280
20 66 54 60 0 5 0 T M M 4.4 13 280 M M 5 18 21 230
21 64 50 57 -3 8 0 0.00 M M 4.5 14 300 M M 2 22 190
22 66 49 58 -2 7 0 0.00 M M 6.4 14 260 M M 3 24 200
23 64 56 60 0 5 0 0.01 M M 8.9 18 280 M M 6 8 23 210
24 66 51 59 -1 6 0 0.00 M M 5.8 20 270 M M 3 24 260
25 62 55 59 -1 6 0 0.03 M M 9.7 20 250 M M 8 8 27 210
26 64 53 59 -1 6 0 0.01 M M 5.9 18 280 M M 5 21 290
27 73 48 61 1 4 0 T M M 5.1 16 290 M M 0 22 310
28 82 50 66 6 0 1 0.00 M M 4.6 17 320 M M 0 26 320
29 72 52 62 2 3 0 0.00 M M 4.0 9 260 M M 5 M M
30 67 58 63 3 2 0 0.00 M M 6.0 13 140 M M 5 20 200
31 88 53 71 11 0 6 0.00 M M 4.2 12 280 M M 2 15 360
================================================================================
SM 2063 1590 188 7 1.48 M 185.4 M 145
================================================================================
AV 66.5 51.3 6.0 FASTST M M 5 MAX(MPH)
MISC ----> # 25 130 36 280
================================================================================
NOTES:
# LAST OF SEVERAL OCCURRENCES
COLUMN 17 PEAK WIND IN M.P.H.
PRELIMINARY LOCAL CLIMATOLOGICAL DATA (WS FORM: F-6) , PAGE 2
STATION: SAN DIEGO INTL AIRPORT CA
MONTH: MARCH
YEAR: 2021
LATITUDE: 32 43 N
LONGITUDE: 117 10 W
[TEMPERATURE DATA] [PRECIPITATION DATA] SYMBOLS USED IN COLUMN 16
AVERAGE MONTHLY: 58.9 TOTAL FOR MONTH: 1.48 1 = FOG OR MIST
DPTR FM NORMAL: -0.5 DPTR FM NORMAL: -0.33 2 = FOG REDUCING VISIBILITY
HIGHEST: 88 ON 31 GRTST 24HR 0.58 ON 3- 3 TO 1/4 MILE OR LESS
LOWEST: 44 ON 2 3 = THUNDER
SNOW, ICE PELLETS, HAIL 4 = ICE PELLETS
TOTAL MONTH: M 5 = HAIL
GRTST 24HR M ON M 6 = FREEZING RAIN OR DRIZZLE
GRTST DEPTH: M ON M 7 = DUSTSTORM OR SANDSTORM:
VSBY 1/2 MILE OR LESS
8 = SMOKE OR HAZE
[NO. OF DAYS WITH] [WEATHER - DAYS WITH] 9 = BLOWING SNOW
X = TORNADO
MAX 32 OR BELOW: 0 0.01 INCH OR MORE: 8
MAX 90 OR ABOVE: 0 0.10 INCH OR MORE: 4
MIN 32 OR BELOW: 0 0.50 INCH OR MORE: 1
MIN 0 OR BELOW: 0 1.00 INCH OR MORE: 0
[HDD (BASE 65) ]
TOTAL THIS MO. 188 CLEAR (SCALE 0-3) 10
DPTR FM NORMAL 10 PTCLDY (SCALE 4-7) 21
TOTAL FM JUL 1 881 CLOUDY (SCALE 8-10) 0
DPTR FM NORMAL -155
[CDD (BASE 65) ]
TOTAL THIS MO. 7
DPTR FM NORMAL 2 [PRESSURE DATA]
TOTAL FM JAN 1 16 HIGHEST SLP 30.31 ON 13
DPTR FM NORMAL 6 LOWEST SLP 29.81 ON 3
[REMARKS]
#FINAL-03-21#