000
CXUS54 KEWX 232012
CF6SAT
PRELIMINARY LOCAL CLIMATOLOGICAL DATA (WS FORM: F-6)
STATION: SAN ANTONIO
MONTH: MAY
YEAR: 2022
LATITUDE: 29 31 N
LONGITUDE: 98 28 W
TEMPERATURE IN F: :PCPN: SNOW: WIND :SUNSHINE: SKY :PK WND
================================================================================
1 2 3 4 5 6A 6B 7 8 9 10 11 12 13 14 15 16 17 18
12Z AVG MX 2MIN
DY MAX MIN AVG DEP HDD CDD WTR SNW DPTH SPD SPD DIR MIN PSBL S-S WX SPD DR
================================================================================
1 91 72 82 9 0 17 T 0.0 0 13.4 24 150 M M 9 30 140
2 81 71 76 3 0 11 0.13 0.0 0 13.5 33 140 M M 9 3 43 140
3 89 74 82 9 0 17 0.00 0.0 0 10.6 20 130 M M 9 26 100
4 88 68 78 5 0 13 0.23 0.0 0 15.3 29 120 M M 9 13 37 120
5 87 70 79 5 0 14 T 0.0 0 10.1 22 170 M M 8 3 32 170
6 96 65 81 7 0 16 0.00 0.0 0 6.8 16 150 M M 4 22 160
7 101 73 87 13 0 22 0.00 0.0 0 10.8 23 130 M M 2 30 140
8 101 75 88 14 0 23 0.00 0.0 0 14.8 25 130 M M 5 8 32 140
9 97 76 87 12 0 22 0.00 0.0 0 15.0 25 130 M M 7 33 140
10 96 76 86 11 0 21 0.00 0.0 0 15.9 25 130 M M 8 35 120
11 96 73 85 10 0 20 0.00 0.0 0 13.8 23 120 M M 6 30 120
12 96 71 84 9 0 19 0.00 0.0 0 12.8 25 130 M M 5 30 130
13 93 71 82 6 0 17 0.00 0.0 0 10.6 20 160 M M 7 26 140
14 97 71 84 8 0 19 0.00 0.0 0 8.0 22 140 M M 5 30 160
15 98 71 85 9 0 20 0.00 0.0 0 9.5 18 170 M M 4 26 170
16 97 72 85 9 0 20 0.00 0.0 0 10.7 20 160 M M 4 28 50
17 100 71 86 9 0 21 0.00 0.0 0 13.0 26 140 M M 4 34 170
18 101 72 87 10 0 22 0.00 0.0 0 12.9 24 130 M M 5 31 130
19 98 72 85 8 0 20 0.00 0.0 0 14.6 25 140 M M 5 34 140
20 96 77 87 9 0 22 T 0.0 0 14.0 24 130 M M 7 3 37 100
21 101 72 87 9 0 22 T 0.0 0 10.8 31 110 M M 7 3 46 60
22 86 65 76 -2 0 11 0.00 0.0 0 11.7 25 10 M M 7 3 37 10
23 87 69 78 0 0 13 0.01 0.0 0 8.9 18 180 M M 9 25 180
24 90 63 77 -2 0 12 0.42 0.0 0 11.4 44 330 M M 8 3 63 320
25 87 63 75 -4 0 10 0.07 0.0 0 8.7 28 70 M M 5 3 37 60
26 96 59 78 -1 0 13 0.00 0.0 0 5.4 15 240 M M 0 21 230
27 99 72 86 7 0 21 0.00 0.0 0 6.0 14 170 M M 3 19 180
28 99 73 86 6 0 21 0.00 0.0 0 12.4 23 160 M M 3 31 160
29 99 74 87 7 0 22 0.00 0.0 0 17.3 29 130 M M 4 37 130
30 96 77 87 7 0 22 0.00 0.0 0 18.2 28 130 M M 6 38 170
31 99 77 88 8 0 23 0.00 0.0 0 16.2 25 130 M M 7 33 170
================================================================================
SM 2938 2205 0 566 0.86 0.0 373.1 M 181
================================================================================
AV 94.8 71.1 12.0 FASTST M M 6 MAX(MPH)
MISC ----> 44 330 63 320
================================================================================
NOTES:
# LAST OF SEVERAL OCCURRENCES
COLUMN 17 PEAK WIND IN M.P.H.
PRELIMINARY LOCAL CLIMATOLOGICAL DATA (WS FORM: F-6) , PAGE 2
STATION: SAN ANTONIO
MONTH: MAY
YEAR: 2022
LATITUDE: 29 31 N
LONGITUDE: 98 28 W
[TEMPERATURE DATA] [PRECIPITATION DATA] SYMBOLS USED IN COLUMN 16
AVERAGE MONTHLY: 83.0 TOTAL FOR MONTH: 0.86 1 = FOG OR MIST
DPTR FM NORMAL: 6.5 DPTR FM NORMAL: -3.54 2 = FOG REDUCING VISIBILITY
HIGHEST: 101 ON 21,18 GRTST 24HR 0.49 ON 24-25 TO 1/4 MILE OR LESS
LOWEST: 59 ON 26 3 = THUNDER
SNOW, ICE PELLETS, HAIL 4 = ICE PELLETS
TOTAL MONTH: 0.0 INCH 5 = HAIL
GRTST 24HR 0.0 6 = FREEZING RAIN OR DRIZZLE
GRTST DEPTH: 0 7 = DUSTSTORM OR SANDSTORM:
VSBY 1/2 MILE OR LESS
8 = SMOKE OR HAZE
[NO. OF DAYS WITH] [WEATHER - DAYS WITH] 9 = BLOWING SNOW
X = TORNADO
MAX 32 OR BELOW: 0 0.01 INCH OR MORE: 5
MAX 90 OR ABOVE: 24 0.10 INCH OR MORE: 3
MIN 32 OR BELOW: 0 0.50 INCH OR MORE: 0
MIN 0 OR BELOW: 0 1.00 INCH OR MORE: 0
[HDD (BASE 65) ]
TOTAL THIS MO. 0 CLEAR (SCALE 0-3) 3
DPTR FM NORMAL -3 PTCLDY (SCALE 4-7) 21
TOTAL FM JUL 1 1306 CLOUDY (SCALE 8-10) 7
DPTR FM NORMAL -130
[CDD (BASE 65) ]
TOTAL THIS MO. 566
DPTR FM NORMAL 207 [PRESSURE DATA]
TOTAL FM JAN 1 941 HIGHEST SLP 30.15 ON 22
DPTR FM NORMAL 316 LOWEST SLP 29.51 ON 20
[REMARKS]
#FINAL-05-22#