000
CXUS54 KEWX 011351
CF6SAT
PRELIMINARY LOCAL CLIMATOLOGICAL DATA (WS FORM: F-6)
STATION: SAN ANTONIO
MONTH: SEPTEMBER
YEAR: 2021
LATITUDE: 29 31 N
LONGITUDE: 98 28 W
TEMPERATURE IN F: :PCPN: SNOW: WIND :SUNSHINE: SKY :PK WND
================================================================================
1 2 3 4 5 6A 6B 7 8 9 10 11 12 13 14 15 16 17 18
12Z AVG MX 2MIN
DY MAX MIN AVG DEP HDD CDD WTR SNW DPTH SPD SPD DIR MIN PSBL S-S WX SPD DR
================================================================================
1 99 79 89 6 0 24 0.00 0.0 0 9.7 20 130 M M 5 25 140
2 99 79 89 6 0 24 0.00 0.0 0 9.6 23 130 M M 5 29 120
3 98 77 88 5 0 23 0.00 0.0 0 9.4 20 140 M M 6 25 160
4 97 79 88 5 0 23 0.00 0.0 0 9.5 20 160 M M 5 26 140
5 99 75 87 5 0 22 0.00 0.0 0 7.5 15 160 M M 2 21 210
6 100 73 87 5 0 22 0.17 0.0 0 4.9 28 310 M M 6 3 36 300
7 95 72 84 2 0 19 0.00 0.0 0 3.3 15 130 M M 8 22 110
8 100 72 86 4 0 21 0.00 0.0 0 5.3 17 50 M M 4 25 50
9 97 68 83 1 0 18 0.00 0.0 0 6.6 17 50 M M 0 26 30
10 95 67 81 0 0 16 0.00 0.0 0 4.7 14 70 M M 1 20 100
11 93 67 80 -1 0 15 0.00 0.0 0 4.9 15 120 M M 1 19 100
12 92 74 83 2 0 18 0.00 0.0 0 6.5 17 170 M M 8 21 160
13 86 73 80 0 0 15 0.13 0.0 0 8.2 16 70 M M 8 1 23 80
14 94 68 81 1 0 16 0.00 0.0 0 7.5 17 20 M M 4 23 30
15 90 70 80 0 0 15 0.00 0.0 0 6.2 14 40 M M 6 21 30
16 94 67 81 1 0 16 0.00 0.0 0 4.8 13 110 M M 4 17 100
17 97 70 84 4 0 19 0.00 0.0 0 3.9 10 130 M M 3 14 160
18 99 72 86 7 0 21 0.01 0.0 0 3.5 14 90 M M 4 19 100
19 98 72 85 6 0 20 0.00 0.0 0 5.3 18 260 M M 3 23 260
20 100 75 88 9 0 23 0.00 0.0 0 8.8 18 130 M M 2 25 130
21 96 79 88 10 0 23 0.05 0.0 0 9.1 22 20 M M 8 32 30
22 87 64 76 -2 0 11 0.00 0.0 0 10.0 22 20 M M 6 33 30
23 87 56 72 -6 0 7 0.00 0.0 0 5.2 14 160 M M 1 19 160
24 88 57 73 -5 0 8 0.00 0.0 0 5.2 15 150 M M 1 19 150
25 89 60 75 -3 0 10 0.00 0.0 0 4.2 13 120 M M 3 18 100
26 89 58 74 -3 0 9 0.00 0.0 0 5.4 14 140 M M 2 20 130
27 91 65 78 1 0 13 0.00 0.0 0 4.7 16 150 M M 7 21 160
28 96 70 83 6 0 18 1.61 0.0 0 8.0 28 310 M M 8 13 44 300
29 90 66 78 2 0 13 0.62 0.0 0 9.0 21 160 M M 6 3 29 80
30 92 73 83 7 0 18 0.00 0.0 0 7.1 29 120 M M 7 38 110
================================================================================
SM 2827 2097 0 520 2.59 0.0 198.0 M 134
================================================================================
AV 94.2 69.9 6.6 FASTST M M 4 MAX(MPH)
MISC ----> 29 120 44 300
================================================================================
NOTES:
# LAST OF SEVERAL OCCURRENCES
COLUMN 17 PEAK WIND IN M.P.H.
PRELIMINARY LOCAL CLIMATOLOGICAL DATA (WS FORM: F-6) , PAGE 2
STATION: SAN ANTONIO
MONTH: SEPTEMBER
YEAR: 2021
LATITUDE: 29 31 N
LONGITUDE: 98 28 W
[TEMPERATURE DATA] [PRECIPITATION DATA] SYMBOLS USED IN COLUMN 16
AVERAGE MONTHLY: 82.1 TOTAL FOR MONTH: 2.59 1 = FOG OR MIST
DPTR FM NORMAL: 2.2 DPTR FM NORMAL: -1.29 2 = FOG REDUCING VISIBILITY
HIGHEST: 100 ON 20, 8 GRTST 24HR 2.23 ON 28-29 TO 1/4 MILE OR LESS
LOWEST: 56 ON 23 3 = THUNDER
SNOW, ICE PELLETS, HAIL 4 = ICE PELLETS
TOTAL MONTH: 0.0 INCH 5 = HAIL
GRTST 24HR 0.0 6 = FREEZING RAIN OR DRIZZLE
GRTST DEPTH: 0 7 = DUSTSTORM OR SANDSTORM:
VSBY 1/2 MILE OR LESS
8 = SMOKE OR HAZE
[NO. OF DAYS WITH] [WEATHER - DAYS WITH] 9 = BLOWING SNOW
X = TORNADO
MAX 32 OR BELOW: 0 0.01 INCH OR MORE: 6
MAX 90 OR ABOVE: 24 0.10 INCH OR MORE: 4
MIN 32 OR BELOW: 0 0.50 INCH OR MORE: 2
MIN 0 OR BELOW: 0 1.00 INCH OR MORE: 1
[HDD (BASE 65) ]
TOTAL THIS MO. 0 CLEAR (SCALE 0-3) 11
DPTR FM NORMAL -1 PTCLDY (SCALE 4-7) 18
TOTAL FM JUL 1 0 CLOUDY (SCALE 8-10) 1
DPTR FM NORMAL 0
[CDD (BASE 65) ]
TOTAL THIS MO. 520
DPTR FM NORMAL 74 [PRESSURE DATA]
TOTAL FM JAN 1 2862 HIGHEST SLP 30.29 ON 22
DPTR FM NORMAL 17 LOWEST SLP 29.67 ON 28
[REMARKS]
#FINAL-09-21#