000
CXUS52 KCHS 010815
CF6SAV
PRELIMINARY LOCAL CLIMATOLOGICAL DATA (WS FORM: F-6)
STATION: SAVANNAH GA
MONTH: JULY
YEAR: 2021
LATITUDE: 32 7 N
LONGITUDE: 81 12 W
TEMPERATURE IN F: :PCPN: SNOW: WIND :SUNSHINE: SKY :PK WND
================================================================================
1 2 3 4 5 6A 6B 7 8 9 10 11 12 13 14 15 16 17 18
12Z AVG MX 2MIN
DY MAX MIN AVG DEP HDD CDD WTR SNW DPTH SPD SPD DIR MIN PSBL S-S WX SPD DR
================================================================================
1 86 74 80 -2 0 15 0.03 0.0 0 5.0 21 160 M M 6 13 28 160
2 86 71 79 -3 0 14 0.01 0.0 0 6.3 14 280 M M 7 13 18 290
3 86 72 79 -3 0 14 T 0.0 0 5.4 13 100 M M 7 1 15 110
4 90 68 79 -3 0 14 0.00 0.0 0 3.1 13 150 M M 4 1 15 150
5 88 68 78 -5 0 13 0.00 0.0 0 5.5 17 110 M M 5 1 21 110
6 87 72 80 -3 0 15 0.06 0.0 0 5.7 16 130 M M 8 13 21 120
7 86 74 80 -3 0 15 2.61 0.0 0 12.7 36 150 M M 9 13 44 160
8 88 73 81 -2 0 16 0.16 0.0 0 12.4 28 190 M M 9 1 37 220
9 93 73 83 0 0 18 0.00 0.0 0 10.9 18 240 M M 4 23 250
10 91 72 82 -1 0 17 0.38 0.0 0 7.0 28 230 M M 5 13 35 220
11 91 72 82 -1 0 17 0.37 0.0 0 7.9 22 170 M M 4 13 27 180
12 90 74 82 -1 0 17 T 0.0 0 8.1 20 160 M M 5 3 25 150
13 87 71 79 -4 0 14 0.33 0.0 0 3.8 15 130 M M 5 38 20 170
14 89 71 80 -3 0 15 0.00 0.0 0 5.2 15 170 M M 4 1 20 170
15 90 73 82 -1 0 17 0.00 0.0 0 4.8 15 180 M M 5 13 19 130
16 91 74 83 0 0 18 0.00 0.0 0 6.4 16 160 M M 4 20 170
17 92 75 84 1 0 19 0.09 0.0 0 5.7 18 320 M M 5 13 22 360
18 89 73 81 -2 0 16 0.03 0.0 0 4.6 23 130 M M 5 138 32 120
19 89 72 81 -2 0 16 0.68 0.0 0 6.1 33 190 M M 7 138 39 190
20 85 73 79 -4 0 14 0.54 0.0 0 6.9 21 330 M M 7 13 25 320
21 91 72 82 -1 0 17 0.00 0.0 0 6.4 12 270 M M 6 16 250
22 87 75 81 -2 0 16 0.40 0.0 0 3.6 24 310 M M 6 13 30 310
23 90 72 81 -2 0 16 0.34 0.0 0 5.3 15 30 M M 5 13 18 30
24 89 71 80 -3 0 15 0.00 0.0 0 7.1 17 100 M M 2 1 21 110
25 90 69 80 -3 0 15 0.00 0.0 0 7.1 14 130 M M 3 17 20
26 88 74 81 -2 0 16 0.85 0.0 0 7.7 17 100 M M 6 13 20 100
27 89 76 83 0 0 18 0.30 0.0 0 5.8 14 250 M M 8 13 18 240
28 89 74 82 -1 0 17 0.03 0.0 0 4.2 14 250 M M 7 13 16 240
29 92 73 83 0 0 18 0.00 0.0 0 3.9 12 170 M M 2 1 15 140
30 95 76 86 3 0 21 0.00 0.0 0 7.3 13 200 M M 4 1 16 200
31 95 79 87 4 0 22 0.00 0.0 0 8.2 16 230 M M 4 21 220
================================================================================
SM 2769 2256 0 505 7.21 0.0 200.1 M 168
================================================================================
AV 89.3 72.8 6.5 FASTST M M 5 MAX(MPH)
MISC ----> 36 150 44 160
================================================================================
NOTES:
# LAST OF SEVERAL OCCURRENCES
COLUMN 17 PEAK WIND IN M.P.H.
PRELIMINARY LOCAL CLIMATOLOGICAL DATA (WS FORM: F-6) , PAGE 2
STATION: SAVANNAH GA
MONTH: JULY
YEAR: 2021
LATITUDE: 32 7 N
LONGITUDE: 81 12 W
[TEMPERATURE DATA] [PRECIPITATION DATA] SYMBOLS USED IN COLUMN 16
AVERAGE MONTHLY: 81.0 TOTAL FOR MONTH: 7.21 1 = FOG OR MIST
DPTR FM NORMAL: -2.0 DPTR FM NORMAL: 1.46 2 = FOG REDUCING VISIBILITY
HIGHEST: 95 ON 31,30 GRTST 24HR 2.77 ON 7- 8 TO 1/4 MILE OR LESS
LOWEST: 68 ON 5, 4 3 = THUNDER
SNOW, ICE PELLETS, HAIL 4 = ICE PELLETS
TOTAL MONTH: 0.0 INCH 5 = HAIL
GRTST 24HR 0.0 6 = FREEZING RAIN OR DRIZZLE
GRTST DEPTH: 0 7 = DUSTSTORM OR SANDSTORM:
VSBY 1/2 MILE OR LESS
8 = SMOKE OR HAZE
[NO. OF DAYS WITH] [WEATHER - DAYS WITH] 9 = BLOWING SNOW
X = TORNADO
MAX 32 OR BELOW: 0 0.01 INCH OR MORE: 17
MAX 90 OR ABOVE: 14 0.10 INCH OR MORE: 11
MIN 32 OR BELOW: 0 0.50 INCH OR MORE: 4
MIN 0 OR BELOW: 0 1.00 INCH OR MORE: 1
[HDD (BASE 65) ]
TOTAL THIS MO. 0 CLEAR (SCALE 0-3) 3
DPTR FM NORMAL 0 PTCLDY (SCALE 4-7) 26
TOTAL FM JUL 1 0 CLOUDY (SCALE 8-10) 2
DPTR FM NORMAL 0
[CDD (BASE 65) ]
TOTAL THIS MO. 505
DPTR FM NORMAL -53 [PRESSURE DATA]
TOTAL FM JAN 1 1386 HIGHEST SLP 30.31 ON 13
DPTR FM NORMAL -88 LOWEST SLP 29.80 ON 8
[REMARKS]
#FINAL-07-21#