209
CXUS53 KMKX 010910
CF6SBM
PRELIMINARY LOCAL CLIMATOLOGICAL DATA (WS FORM: F-6)
STATION: SHEBOYGAN WI
MONTH: APRIL
YEAR: 2020
LATITUDE: 43 46 N
LONGITUDE: 87 51 W
TEMPERATURE IN F: :PCPN: SNOW: WIND :SUNSHINE: SKY :PK WND
================================================================================
1 2 3 4 5 6A 6B 7 8 9 10 11 12 13 14 15 16 17 18
12Z AVG MX 2MIN
DY MAX MIN AVG DEP HDD CDD WTR SNW DPTH SPD SPD DIR MIN PSBL S-S WX SPD DR
================================================================================
1 51 33 42 4 23 0 0.00 0.0 0 5.0 13 60 M M 6 18 16 70
2 55 31 43 4 22 0 0.00 0.0 0 2.8 12 130 M M 1 18 17 160
3 57 39 48 9 17 0 0.01 M 0 4.1 15 300 M M 7 20 300
4 52 36 44 4 21 0 0.06 M 0 9.2 17 310 M M 6 27 320
5 51 32 42 2 23 0 0.00 0.0 0 4.2 12 70 M M 4 18 16 70
6 55 30 43 3 22 0 T M 0 4.0 12 160 M M 5 18 16 140
7 70 46 58 17 7 0 T M 0 6.0 15 30 M M 8 138 19 170
8 66 42 54 13 11 0 0.03 M 0 7.5 21 280 M M 7 12 28 280
9 48 36 42 0 23 0 0.04 M 0 15.0 28 330 M M 4 8 39 300
10 48 32 40 -2 25 0 0.00 0.0 0 9.0 18 260 M M 5 23 270
11 57 30 44 2 21 0 0.02 M 0 7.8 22 170 M M 2 31 170
12 47 36 42 -1 23 0 0.13 M 0 10.1 22 40 M M 10 128 30 20
13 42 30 36 -7 29 0 0.11 M 0 17.5 30 270 M M 6 42 270
14 38 26 32 -11 33 0 T M 0 12.6 25 260 M M 5 8 37 300
15 39 25 32 -12 33 0 0.00 0.0 0 7.5 14 290 M M 6 22 270
16 47 24 36 -8 29 0 0.00 0.0 0 9.6 24 260 M M 1 8 31 260
17 50 30 40 -4 25 0 0.00 0.0 0 6.2 17 170 M M 6 25 190
18 64 30 47 2 18 0 T M 0 17.3 32 220 M M 0 45 240
19 54 29 42 -3 23 0 T M 0 8.4 23 60 M M 2 30 40
20 65 32 49 4 16 0 0.28 M 0 14.9 39 260 M M 4 3 63 270
21 47 31 39 -7 26 0 T M 0 12.7 25 330 M M 2 39 330
22 45 36 41 -5 24 0 T M 0 9.8 18 120 M M 6 29 90
23 41 36 39 -7 26 0 0.03 M 0 8.4 14 30 M M 10 18 17 30
24 51 33 42 -4 23 0 T M 0 6.3 12 40 M M 6 17 60
25 54 34 44 -3 21 0 0.00 0.0 0 8.4 16 50 M M 0 19 30
26 61 35 48 1 17 0 0.00 0.0 0 9.3 22 40 M M 0 30 40
27 56 36 46 -1 19 0 0.16 M 0 4.5 15 190 M M 7 128 24 190
28 51 37 44 -4 21 0 0.18 M 0 8.7 18 60 M M 10 128 22 60
29 51 44 48 0 17 0 0.62 M 0 16.6 32 10 M M 10 12 51 10
30 64 39 52 4 13 0 0.52 M 0 14.0 26 350 M M 6 1 45 350
================================================================================
SM 1577 1010 651 0 2.19 0.0 277.4 M 152
================================================================================
AV 52.6 33.7 9.2 FASTST M M 5 MAX(MPH)
MISC ----> # 39 260 # 63 270
================================================================================
NOTES:
# LAST OF SEVERAL OCCURRENCES
COLUMN 17 PEAK WIND IN M.P.H.
PRELIMINARY LOCAL CLIMATOLOGICAL DATA (WS FORM: F-6) , PAGE 2
STATION: SHEBOYGAN WI
MONTH: APRIL
YEAR: 2020
LATITUDE: 43 46 N
LONGITUDE: 87 51 W
[TEMPERATURE DATA] [PRECIPITATION DATA] SYMBOLS USED IN COLUMN 16
AVERAGE MONTHLY: 43.1 TOTAL FOR MONTH: 2.19 1 = FOG OR MIST
DPTR FM NORMAL: -0.5 DPTR FM NORMAL: -0.83 2 = FOG REDUCING VISIBILITY
HIGHEST: 70 ON 7 GRTST 24HR 0.62 ON 29-29 TO 1/4 MILE OR LESS
LOWEST: 24 ON 16 3 = THUNDER
SNOW, ICE PELLETS, HAIL 4 = ICE PELLETS
TOTAL MONTH: 0.0 INCH 5 = HAIL
GRTST 24HR 0.0 6 = FREEZING RAIN OR DRIZZLE
GRTST DEPTH: 0 7 = DUSTSTORM OR SANDSTORM:
VSBY 1/2 MILE OR LESS
8 = SMOKE OR HAZE
[NO. OF DAYS WITH] [WEATHER - DAYS WITH] 9 = BLOWING SNOW
X = TORNADO
MAX 32 OR BELOW: 0 0.01 INCH OR MORE: 13
MAX 90 OR ABOVE: 0 0.10 INCH OR MORE: 7
MIN 32 OR BELOW: 14 0.50 INCH OR MORE: 2
MIN 0 OR BELOW: 0 1.00 INCH OR MORE: 0
[HDD (BASE 65) ]
TOTAL THIS MO. 651 CLEAR (SCALE 0-3) 8
DPTR FM NORMAL 10 PTCLDY (SCALE 4-7) 18
TOTAL FM JUL 1 6751 CLOUDY (SCALE 8-10) 4
DPTR FM NORMAL -429
[CDD (BASE 65) ]
TOTAL THIS MO. 0
DPTR FM NORMAL 0 [PRESSURE DATA]
TOTAL FM JAN 1 0 HIGHEST SLP 30.27 ON 5
DPTR FM NORMAL 0 LOWEST SLP 29.43 ON 20
[REMARKS]
#FINAL-04-20#