000
CXUS53 KIWX 020605 CCA
CF6SBN
PRELIMINARY LOCAL CLIMATOLOGICAL DATA (WS FORM: F-6)
STATION: SOUTH BEND
MONTH: FEBRUARY
YEAR: 2024
LATITUDE: 41 42 N
LONGITUDE: 86 19 W
TEMPERATURE IN F: :PCPN: SNOW: WIND :SUNSHINE: SKY :PK WND
================================================================================
1 2 3 4 5 6A 6B 7 8 9 10 11 12 13 14 15 16 17 18
12Z AVG MX 2MIN
DY MAX MIN AVG DEP HDD CDD WTR SNW DPTH SPD SPD DIR MIN PSBL S-S WX SPD DR
================================================================================
1 52 34 43 19 22 0 0.00 0.0 0 8.8 15 230 M M 3 1 22 240
2 44 30 37 13 28 0 0.00 0.0 0 6.2 12 110 M M 2 1 17 70
3 42 25 34 10 31 0 0.00 0.0 0 7.3 15 120 M M 2 18 18 120
4 49 26 38 14 27 0 0.00 0.0 0 5.8 10 350 M M 3 128 15 40
5 51 21 36 11 29 0 0.00 0.0 0 6.0 15 300 M M 1 12 18 300
6 43 28 36 11 29 0 0.00 0.0 0 5.3 13 160 M M 5 18 16 140
7 48 27 38 13 27 0 0.00 0.0 0 7.0 14 150 M M 0 18 17 140
8 61 44 53 28 12 0 0.01 0.0 0 15.5 26 190 M M 4 3 37 190
9 61 44 53 28 12 0 0.00 0.0 0 12.1 23 250 M M 6 40 230
10 45 25 35 9 30 0 0.00 0.0 0 7.2 18 330 M M 4 24 320
11 41 20 31 5 34 0 0.00 0.0 0 3.5 15 300 M M 4 1 19 300
12 44 18 31 5 34 0 0.00 0.0 0 3.0 13 330 M M 0 128 16 310
13 41 23 32 6 33 0 0.00 0.0 0 7.3 17 300 M M 6 18 24 310
14 44 18 31 4 34 0 0.00 0.0 0 4.0 15 140 M M 1 18 19 140
15 43 29 36 9 29 0 0.11 0.0 0 15.2 31 320 M M 5 1 44 290
16 32 25 29 2 36 0 0.01 0.3 0 7.9 18 340 M M 8 18 25 320
17 27 16 22 -6 43 0 0.04 0.6 1 15.5 26 330 M M 6 18 37 230
18 42 17 30 2 35 0 0.00 0.0 T 12.0 23 300 M M 0 32 250
19 47 22 35 7 30 0 0.00 0.0 0 5.1 14 240 M M 0 1 17 250
20 56 27 42 14 23 0 0.00 0.0 0 8.1 18 210 M M 0 18 26 170
21 64 39 52 23 13 0 0.00 0.0 0 10.4 26 210 M M 2 38 200
22 59 36 48 19 17 0 0.27 0.0 0 6.1 15 300 M M 5 1 19 360
23 48 30 39 9 26 0 0.26 1.4 0 10.2 21 360 M M 4 1 28 360
24 30 15 23 -7 42 0 0.05 0.5 1 8.3 20 360 M M 3 1 27 10
25 56 27 42 12 23 0 0.00 0.0 1 12.6 22 210 M M 2 31 210
26 67 29 48 18 17 0 0.00 0.0 0 9.1 18 140 M M 1 27 180
27 73 53 63 32 2 0 0.00 0.0 0 15.3 27 180 M M 4 41 200
28 65 21 43 12 22 0 0.03 T 0 19.1 35 310 M M 6 128 46 300
29 42 20 31 0 34 0 0.00 0.0 0 9.6 18 300 M M 0 26 290
================================================================================
SM 1417 789 774 0 0.78 2.8 263.5 M 87
================================================================================
AV 48.9 27.2 9.1 FASTST M M 3 MAX(MPH)
MISC ----> 35 310 46 300
================================================================================
NOTES:
# LAST OF SEVERAL OCCURRENCES
COLUMN 17 PEAK WIND IN M.P.H.
PRELIMINARY LOCAL CLIMATOLOGICAL DATA (WS FORM: F-6) , PAGE 2
STATION: SOUTH BEND
MONTH: FEBRUARY
YEAR: 2024
LATITUDE: 41 42 N
LONGITUDE: 86 19 W
[TEMPERATURE DATA] [PRECIPITATION DATA] SYMBOLS USED IN COLUMN 16
AVERAGE MONTHLY: 38.0 TOTAL FOR MONTH: 0.78 1 = FOG OR MIST
DPTR FM NORMAL: 10.9 DPTR FM NORMAL: -1.53 2 = FOG REDUCING VISIBILITY
HIGHEST: 73 ON 27 GRTST 24HR 0.27 ON 22-22 TO 1/4 MILE OR LESS
LOWEST: 15 ON 24 3 = THUNDER
SNOW, ICE PELLETS, HAIL 4 = ICE PELLETS
TOTAL MONTH: 2.8 INCHES 5 = HAIL
GRTST 24HR 1.4 ON 23-23 6 = FREEZING RAIN OR DRIZZLE
GRTST DEPTH: 1 ON 25,24 7 = DUSTSTORM OR SANDSTORM:
VSBY 1/2 MILE OR LESS
8 = SMOKE OR HAZE
[NO. OF DAYS WITH] [WEATHER - DAYS WITH] 9 = BLOWING SNOW
X = TORNADO
MAX 32 OR BELOW: 3 0.01 INCH OR MORE: 8
MAX 90 OR ABOVE: 0 0.10 INCH OR MORE: 3
MIN 32 OR BELOW: 23 0.50 INCH OR MORE: 0
MIN 0 OR BELOW: 0 1.00 INCH OR MORE: 0
[HDD (BASE 65) ]
TOTAL THIS MO. 774 CLEAR (SCALE 0-3) 16
DPTR FM NORMAL -287 PTCLDY (SCALE 4-7) 12
TOTAL FM JUL 1 3839 CLOUDY (SCALE 8-10) 1
DPTR FM NORMAL -963
[CDD (BASE 65) ]
TOTAL THIS MO. 0
DPTR FM NORMAL 0 [PRESSURE DATA]
TOTAL FM JAN 1 0 HIGHEST SLP 30.53 ON 29
DPTR FM NORMAL 0 LOWEST SLP 29.22 ON 28
[REMARKS]
#FINAL-02-24#