000
CXUS53 KIWX 010910
CF6SBN
PRELIMINARY LOCAL CLIMATOLOGICAL DATA (WS FORM: F-6)
STATION: SOUTH BEND
MONTH: OCTOBER
YEAR: 2020
LATITUDE: 41 42 N
LONGITUDE: 86 19 W
TEMPERATURE IN F: :PCPN: SNOW: WIND :SUNSHINE: SKY :PK WND
================================================================================
1 2 3 4 5 6A 6B 7 8 9 10 11 12 13 14 15 16 17 18
12Z AVG MX 2MIN
DY MAX MIN AVG DEP HDD CDD WTR SNW DPTH SPD SPD DIR MIN PSBL S-S WX SPD DR
================================================================================
1 61 43 52 -5 13 0 0.42 0.0 0 9.1 22 10 M M 6 1 33 290
2 55 38 47 -10 18 0 0.01 0.0 0 4.3 18 320 M M 7 26 310
3 58 38 48 -9 17 0 0.06 0.0 0 4.6 14 160 M M 9 1 22 130
4 54 45 50 -6 15 0 0.59 0.0 0 7.0 21 330 M M 10 1 30 340
5 62 38 50 -6 15 0 0.00 0.0 0 6.6 20 180 M M 2 12 27 180
6 72 51 62 6 3 0 0.00 0.0 0 11.8 18 240 M M 2 26 240
7 71 44 58 3 7 0 0.00 0.0 0 9.1 22 320 M M 0 32 310
8 70 42 56 1 9 0 0.00 0.0 0 4.6 15 360 M M 0 20 350
9 83 45 64 10 1 0 0.00 0.0 0 10.3 28 200 M M 0 37 210
10 74 56 65 11 0 0 0.00 0.0 0 10.4 21 230 M M 4 29 240
11 74 55 65 11 0 0 0.00 0.0 0 9.6 21 110 M M 4 27 110
12 71 45 58 5 7 0 0.32 0.0 0 12.2 36 280 M M 6 13 50 290
13 68 41 55 2 10 0 0.00 0.0 0 9.1 23 220 M M 0 1 31 220
14 75 41 58 5 7 0 T 0.0 0 9.2 32 200 M M 1 42 170
15 64 42 53 1 12 0 0.05 0.0 0 10.4 24 310 M M 10 36 320
16 55 32 44 -8 21 0 0.00 0.0 0 9.2 23 260 M M 3 35 250
17 62 33 48 -4 17 0 0.00 0.0 0 13.0 29 170 M M 4 38 170
18 58 41 50 -1 15 0 0.27 0.0 0 9.3 22 190 M M 9 1 32 190
19 49 42 46 -5 19 0 0.06 0.0 0 5.4 14 100 M M 9 18 90
20 56 41 49 -2 16 0 0.14 0.0 0 10.3 23 130 M M 6 138 31 140
21 70 49 60 10 5 0 0.30 0.0 0 8.2 20 250 M M 8 138 28 240
22 77 48 63 13 2 0 0.26 0.0 0 10.0 16 190 M M 7 1238 25 200
23 71 42 57 7 8 0 0.26 0.0 0 14.2 26 270 M M 7 138 35 280
24 49 36 43 -7 22 0 0.00 0.0 0 7.7 14 340 M M 7 18 330
25 49 36 43 -6 22 0 0.00 0.0 0 7.2 14 80 M M 9 20 100
26 46 41 44 -5 21 0 T 0.0 0 6.6 15 350 M M 10 20 360
27 41 39 40 -9 25 0 0.11 0.0 0 3.6 9 340 M M 10 1 14 230
28 50 32 41 -7 24 0 0.00 0.0 0 5.8 13 220 M M 2 18 220
29 52 38 45 -3 20 0 0.00 0.0 0 8.2 20 20 M M 4 26 10
30 43 30 37 -11 28 0 T 0.0 0 5.0 15 310 M M 9 20 340
31 57 28 43 -4 22 0 T M M 11.2 22 200 M M 1 30 200
================================================================================
SM 1897 1272 421 0 2.85 0.0 263.2 M 166
================================================================================
AV 61.2 41.0 8.5 FASTST M M 5 MAX(MPH)
MISC ----> 36 280 50 290
================================================================================
NOTES:
# LAST OF SEVERAL OCCURRENCES
COLUMN 17 PEAK WIND IN M.P.H.
PRELIMINARY LOCAL CLIMATOLOGICAL DATA (WS FORM: F-6) , PAGE 2
STATION: SOUTH BEND
MONTH: OCTOBER
YEAR: 2020
LATITUDE: 41 42 N
LONGITUDE: 86 19 W
[TEMPERATURE DATA] [PRECIPITATION DATA] SYMBOLS USED IN COLUMN 16
AVERAGE MONTHLY: 51.1 TOTAL FOR MONTH: 2.85 1 = FOG OR MIST
DPTR FM NORMAL: -1.0 DPTR FM NORMAL: -0.47 2 = FOG REDUCING VISIBILITY
HIGHEST: 83 ON 9 GRTST 24HR 0.64 ON 3- 4 TO 1/4 MILE OR LESS
LOWEST: 28 ON 31 3 = THUNDER
SNOW, ICE PELLETS, HAIL 4 = ICE PELLETS
TOTAL MONTH: 0.0 INCH 5 = HAIL
GRTST 24HR 0.0 6 = FREEZING RAIN OR DRIZZLE
GRTST DEPTH: 0 7 = DUSTSTORM OR SANDSTORM:
VSBY 1/2 MILE OR LESS
8 = SMOKE OR HAZE
[NO. OF DAYS WITH] [WEATHER - DAYS WITH] 9 = BLOWING SNOW
X = TORNADO
MAX 32 OR BELOW: 0 0.01 INCH OR MORE: 13
MAX 90 OR ABOVE: 0 0.10 INCH OR MORE: 9
MIN 32 OR BELOW: 4 0.50 INCH OR MORE: 1
MIN 0 OR BELOW: 0 1.00 INCH OR MORE: 0
[HDD (BASE 65) ]
TOTAL THIS MO. 421 CLEAR (SCALE 0-3) 10
DPTR FM NORMAL 14 PTCLDY (SCALE 4-7) 11
TOTAL FM JUL 1 500 CLOUDY (SCALE 8-10) 10
DPTR FM NORMAL -40
[CDD (BASE 65) ]
TOTAL THIS MO. 0
DPTR FM NORMAL -9 [PRESSURE DATA]
TOTAL FM JAN 1 975 HIGHEST SLP 30.39 ON 31
DPTR FM NORMAL 202 LOWEST SLP 29.57 ON 14
[REMARKS]
#FINAL-10-20#