000
CXUS56 KLOX 011155
CF6SBP
PRELIMINARY LOCAL CLIMATOLOGICAL DATA (WS FORM: F-6)
STATION: SAN LUIS OBISPO AIRPORT CA
MONTH: MARCH
YEAR: 2021
LATITUDE: 35 13 N
LONGITUDE: 120 38 W
TEMPERATURE IN F: :PCPN: SNOW: WIND :SUNSHINE: SKY :PK WND
================================================================================
1 2 3 4 5 6A 6B 7 8 9 10 11 12 13 14 15 16 17 18
12Z AVG MX 2MIN
DY MAX MIN AVG DEP HDD CDD WTR SNW DPTH SPD SPD DIR MIN PSBL S-S WX SPD DR
================================================================================
1 70 35 53 -1 12 0 0.00 M M 3.5 15 210 M M 0 18 210
2 69 35 52 -2 13 0 0.00 M M 3.6 18 310 M M 0 21 310
3 59 40 50 -4 15 0 T M M 3.7 16 300 M M 4 19 310
4 66 34 50 -4 15 0 0.00 M M 5.2 15 210 M M 0 8 19 300
5 64 36 50 -4 15 0 0.00 M M 5.9 21 310 M M 1 1 25 320
6 67 47 57 3 8 0 T M M 10.7 23 310 M M 5 1 27 310
7 66 45 56 2 9 0 0.00 M M 9.5 21 330 M M 0 27 330
8 59 41 50 -4 15 0 0.00 M M 6.4 17 310 M M 4 22 350
9 60 38 49 -5 16 0 0.28 M M 6.2 17 240 M M 4 1 21 220
10 55 43 49 -5 16 0 0.33 M M 5.1 22 240 M M 8 1 30 270
11 55 39 47 -8 18 0 0.13 M M 3.5 13 350 M M 6 16 30
12 59 38 49 -6 16 0 T M M 4.8 20 310 M M 5 1 23 320
13 57 50 54 -1 11 0 0.00 M M 8.4 18 300 M M 9 23 300
14 58 48 53 -2 12 0 0.01 M M 7.6 18 300 M M 7 1 23 300
15 55 37 46 -9 19 0 0.04 M M 13.4 28 290 M M 4 1 41 310
16 59 34 47 -8 18 0 0.00 M M 5.5 20 290 M M 0 29 300
17 60 37 49 -6 16 0 0.00 M M 4.8 16 310 M M 1 M M
18 65 43 54 -1 11 0 0.00 M M 2.6 10 220 M M 6 M M
19 67 51 59 4 6 0 0.03 M M 5.2 18 320 M M 9 1 23 330
20 64 45 55 0 10 0 0.00 M M 12.3 28 310 M M 1 32 310
21 62 45 54 -1 11 0 0.00 M M 11.7 23 320 M M 0 27 330
22 64 42 53 -2 12 0 0.00 M M 11.4 25 300 M M 1 1 31 300
23 63 43 53 -2 12 0 0.00 M M 8.5 23 320 M M 2 26 330
24 70 37 54 -1 11 0 0.00 M M 6.9 21 320 M M 0 21 300
25 59 48 54 -1 11 0 0.00 M M 11.0 22 310 M M 9 32 310
26 66 39 53 -2 12 0 0.00 M M 5.5 20 320 M M 1 23 320
27 75 39 57 2 8 0 0.00 M M 5.1 18 310 M M 0 M M
28 78 40 59 3 6 0 0.00 M M 6.1 21 310 M M 3 12 24 310
29 71 45 58 2 7 0 0.00 M M 10.8 24 310 M M 3 12 28 300
30 81 40 61 5 4 0 0.00 M M 5.7 22 310 M M 1 1 25 310
31 84 45 65 9 0 0 0.00 M M 4.4 18 310 M M 0 22 310
================================================================================
SM 2007 1279 365 0 0.82 M 214.9 M 94
================================================================================
AV 64.7 41.3 6.9 FASTST M M 3 MAX(MPH)
MISC ----> 28 310 41 310
================================================================================
NOTES:
# LAST OF SEVERAL OCCURRENCES
COLUMN 17 PEAK WIND IN M.P.H.
PRELIMINARY LOCAL CLIMATOLOGICAL DATA (WS FORM: F-6) , PAGE 2
STATION: SAN LUIS OBISPO AIRPORT CA
MONTH: MARCH
YEAR: 2021
LATITUDE: 35 13 N
LONGITUDE: 120 38 W
[TEMPERATURE DATA] [PRECIPITATION DATA] SYMBOLS USED IN COLUMN 16
AVERAGE MONTHLY: 53.0 TOTAL FOR MONTH: 0.82 1 = FOG OR MIST
DPTR FM NORMAL: -1.9 DPTR FM NORMAL: -2.38 2 = FOG REDUCING VISIBILITY
HIGHEST: 84 ON 31 GRTST 24HR 0.61 ON 9-10 TO 1/4 MILE OR LESS
LOWEST: 34 ON 16, 4 3 = THUNDER
SNOW, ICE PELLETS, HAIL 4 = ICE PELLETS
TOTAL MONTH: M 5 = HAIL
GRTST 24HR M ON M 6 = FREEZING RAIN OR DRIZZLE
GRTST DEPTH: M ON M 7 = DUSTSTORM OR SANDSTORM:
VSBY 1/2 MILE OR LESS
8 = SMOKE OR HAZE
[NO. OF DAYS WITH] [WEATHER - DAYS WITH] 9 = BLOWING SNOW
X = TORNADO
MAX 32 OR BELOW: 0 0.01 INCH OR MORE: 6
MAX 90 OR ABOVE: 0 0.10 INCH OR MORE: 3
MIN 32 OR BELOW: 0 0.50 INCH OR MORE: 0
MIN 0 OR BELOW: 0 1.00 INCH OR MORE: 0
[HDD (BASE 65) ]
TOTAL THIS MO. 365 CLEAR (SCALE 0-3) 18
DPTR FM NORMAL 48 PTCLDY (SCALE 4-7) 9
TOTAL FM JUL 1 1490 CLOUDY (SCALE 8-10) 4
DPTR FM NORMAL -399
[CDD (BASE 65) ]
TOTAL THIS MO. 0
DPTR FM NORMAL -2 [PRESSURE DATA]
TOTAL FM JAN 1 14 HIGHEST SLP 30.33 ON 13
DPTR FM NORMAL 11 LOWEST SLP 29.76 ON 3
[REMARKS]
#FINAL-03-21#