000
CXUS56 KSTO 290018
CF6SCK
PRELIMINARY LOCAL CLIMATOLOGICAL DATA (WS FORM: F-6)
STATION: STOCKTON AIRPORT CA
MONTH: SEPTEMBER
YEAR: 2021
LATITUDE: 37 54 N
LONGITUDE: 121 15 W
TEMPERATURE IN F: :PCPN: SNOW: WIND :SUNSHINE: SKY :PK WND
================================================================================
1 2 3 4 5 6A 6B 7 8 9 10 11 12 13 14 15 16 17 18
12Z AVG MX 2MIN
DY MAX MIN AVG DEP HDD CDD WTR SNW DPTH SPD SPD DIR MIN PSBL S-S WX SPD DR
================================================================================
1 84 53 69 -7 0 4 0.00 0.0 M 6.7 14 320 M M 0 23 280
2 80 50 65 -11 0 0 0.00 0.0 M 7.4 14 300 M M 0 18 16 310
3 88 52 70 -6 0 5 0.00 0.0 M 6.6 13 300 M M 0 1 14 300
4 93 51 72 -4 0 7 0.00 0.0 M 6.1 15 300 M M 0 18 18 300
5 97 55 76 0 0 11 0.00 0.0 M 6.2 14 290 M M 0 17 310
6 100 56 78 2 0 13 0.00 0.0 M 6.2 13 290 M M 0 8 16 290
7 99 66 83 7 0 18 0.00 0.0 M 9.2 21 300 M M 0 25 300
8 102 64 83 8 0 18 0.00 M M 7.3 20 310 M M 0 8 24 310
9 100 64 82 7 0 17 0.01 M M 7.3 18 280 M M 0 23 300
10 89 64 77 2 0 12 T 0.0 M 9.7 20 290 M M 2 23 290
11 92 56 74 -1 0 9 0.00 M M 6.7 15 290 M M 0 19 280
12 95 55 75 0 0 10 0.00 M M 5.6 13 310 M M 0 17 330
13 95 58 77 2 0 12 0.00 M M 4.8 13 290 M M 0 17 330
14 97 57 77 3 0 12 0.00 0.0 M 5.0 16 300 M M 0 19 300
15 88 56 72 -2 0 7 0.00 0.0 M 7.3 14 330 M M 0 20 360
16 81 52 67 -7 0 2 0.00 0.0 M 8.4 15 320 M M 0 19 300
17 85 52 69 -5 0 4 0.00 0.0 M 7.8 15 320 M M 0 19 320
18 80 50 65 -9 0 0 0.00 0.0 M 7.0 20 330 M M 0 24 330
19 80 58 69 -5 0 4 0.00 0.0 M 10.5 21 320 M M 2 29 320
20 87 55 71 -2 0 6 0.00 0.0 M 6.0 15 320 M M 0 19 320
21 93 55 74 1 0 9 0.00 0.0 M 3.5 12 290 M M 0 13 330
22 94 58 76 3 0 11 0.00 0.0 M 6.6 16 300 M M 0 21 300
23 94 56 75 2 0 10 0.00 0.0 M 7.9 14 290 M M 0 19 310
24 95 58 77 5 0 12 0.00 M M 4.6 13 300 M M 0 15 310
25 85 58 72 0 0 7 0.00 M M 6.9 15 310 M M 0 19 310
26 81 54 68 -4 0 3 0.00 0.0 M 7.5 14 290 M M 0 17 300
27 79 48 64 -8 1 0 0.00 0.0 M 9.9 22 300 M M 2 25 300
28 79 56 68 -3 0 3 0.00 0.0 M 15.8 26 320 M M 0 34 310
29 82 50 66 -5 0 1 0.00 0.0 M 8.6 16 340 M M 0 21 320
30 84 48 66 -5 0 1 0.00 0.0 M 3.2 8 110 M M 0 10 230
================================================================================
SM 2678 1665 1 228 0.01 0.0 216.3 M 6
================================================================================
AV 89.3 55.5 7.2 FASTST M M 0 MAX(MPH)
MISC ----> 26 320 34 310
================================================================================
NOTES:
# LAST OF SEVERAL OCCURRENCES
COLUMN 17 PEAK WIND IN M.P.H.
PRELIMINARY LOCAL CLIMATOLOGICAL DATA (WS FORM: F-6) , PAGE 2
STATION: STOCKTON AIRPORT CA
MONTH: SEPTEMBER
YEAR: 2021
LATITUDE: 37 54 N
LONGITUDE: 121 15 W
[TEMPERATURE DATA] [PRECIPITATION DATA] SYMBOLS USED IN COLUMN 16
AVERAGE MONTHLY: 72.4 TOTAL FOR MONTH: 0.01 1 = FOG OR MIST
DPTR FM NORMAL: -1.5 DPTR FM NORMAL: -0.07 2 = FOG REDUCING VISIBILITY
HIGHEST: 102 ON 8 GRTST 24HR 0.01 ON 9- 9 TO 1/4 MILE OR LESS
LOWEST: 48 ON 27,30 3 = THUNDER
SNOW, ICE PELLETS, HAIL 4 = ICE PELLETS
TOTAL MONTH: 0.0 INCH 5 = HAIL
GRTST 24HR 0.0 6 = FREEZING RAIN OR DRIZZLE
GRTST DEPTH: M ON M 7 = DUSTSTORM OR SANDSTORM:
VSBY 1/2 MILE OR LESS
8 = SMOKE OR HAZE
[NO. OF DAYS WITH] [WEATHER - DAYS WITH] 9 = BLOWING SNOW
X = TORNADO
MAX 32 OR BELOW: 0 0.01 INCH OR MORE: 1
MAX 90 OR ABOVE: 14 0.10 INCH OR MORE: 0
MIN 32 OR BELOW: 0 0.50 INCH OR MORE: 0
MIN 0 OR BELOW: 0 1.00 INCH OR MORE: 0
[HDD (BASE 65) ]
TOTAL THIS MO. 1 CLEAR (SCALE 0-3) 30
DPTR FM NORMAL -2 PTCLDY (SCALE 4-7) 0
TOTAL FM JUL 1 1 CLOUDY (SCALE 8-10) 0
DPTR FM NORMAL 1
[CDD (BASE 65) ]
TOTAL THIS MO. 228
DPTR FM NORMAL -43 [PRESSURE DATA]
TOTAL FM JAN 1 1357 HIGHEST SLP 30.09 ON 22
DPTR FM NORMAL -129 LOWEST SLP 29.67 ON 1
[REMARKS]
#FINAL-09-21#