000
CXUS56 KLOX 072239
CF6SDB
PRELIMINARY LOCAL CLIMATOLOGICAL DATA (WS FORM: F-6)
STATION: SANDBERG CA
MONTH: APRIL
YEAR: 2022
LATITUDE: 34 45 N
LONGITUDE: 118 44 W
TEMPERATURE IN F: :PCPN: SNOW: WIND :SUNSHINE: SKY :PK WND
================================================================================
1 2 3 4 5 6A 6B 7 8 9 10 11 12 13 14 15 16 17 18
12Z AVG MX 2MIN
DY MAX MIN AVG DEP HDD CDD WTR SNW DPTH SPD SPD DIR MIN PSBL S-S WX SPD DR
================================================================================
1 69 43 56 6 9 0 0.00 M M 12.5 25 320 M M 0 33 270
2 66 50 58 8 7 0 0.00 M M 12.2 21 330 M M 0 26 290
3 61 48 55 5 10 0 0.00 M M 14.2 23 330 M M 0 69 330
4 59 43 51 0 14 0 0.00 M M 26.9 45 330 M M 0 70 320
5 58 44 51 0 14 0 0.00 M M 24.6 54 330 M M 2 70 330
6 74 50 62 11 3 0 0.00 M M 17.5 28 70 M M 0 38 60
7 76 57 67 16 0 2 0.00 M M 17.9 13 40 M M 0 22 30
8 82 60 71 20 0 6 0.00 M M 11.1 29 320 M M 0 37 310
9 67 49 58 7 7 0 0.00 M M 13.5 29 320 M M 0 40 320
10 62 41 52 1 13 0 0.00 M M 16.8 33 330 M M 0 58 320
11 55 32 44 -7 21 0 T M M 19.0 50 320 M M 2 70 320
12 44 27 36 -16 29 0 0.00 M M 16.5 40 320 M M 4 58 320
13 53 29 41 -11 24 0 0.00 M M 13.8 28 320 M M 1 35 340
14 56 34 45 -7 20 0 0.00 M M 14.0 24 320 M M 0 36 310
15 59 40 50 -2 15 0 0.00 M M 11.1 28 330 M M 3 41 340
16 58 42 50 -2 15 0 0.00 M M 9.6 25 320 M M 4 35 320
17 68 42 55 3 10 0 0.00 M M 11.8 30 320 M M 0 36 330
18 70 47 59 7 6 0 0.00 M M 13.7 17 320 M M 0 30 310
19 60 45 53 0 12 0 0.00 M M 18.7 20 310 M M 0 38 330
20 60 41 51 -2 14 0 0.00 M M 15.0 21 310 M M 3 32 140
21 59 40 50 -3 15 0 0.10 M M 12.5 17 190 M M 7 27 190
22 47 37 42 -11 23 0 0.11 M M 15.3 29 330 M M 6 47 350
23 61 39 50 -4 15 0 0.00 M M 14.5 26 340 M M M 40 340
24 71 45 58 4 7 0 0.00 M M 13.1 21 320 M M M 28 60
25 75 51 63 9 2 0 0.00 M M 9.9 13 80 M M M 21 110
26 72 51 62 8 3 0 0.00 M M 12.2 21 170 M M M 30 150
27 63 49 56 2 9 0 0.00 M M 11.8 24 330 M M 0 32 330
28 57 42 50 -5 15 0 0.00 M M 23.0 48 330 M M 0 71 320
29 70 39 55 0 10 0 0.00 M M 16.9 43 330 M M 0 54 330
30 69 48 59 4 6 0 0.00 M M 20.3 32 320 M M 0 47 340
================================================================================
SM 1901 1305 348 8 0.21 M 459.9 M 32
================================================================================
AV 63.4 43.5 15.3 FASTST M M 1 MAX(MPH)
MISC ----> 54 330 71 320
================================================================================
NOTES:
# LAST OF SEVERAL OCCURRENCES
COLUMN 17 PEAK WIND IN M.P.H.
PRELIMINARY LOCAL CLIMATOLOGICAL DATA (WS FORM: F-6) , PAGE 2
STATION: SANDBERG CA
MONTH: APRIL
YEAR: 2022
LATITUDE: 34 45 N
LONGITUDE: 118 44 W
[TEMPERATURE DATA] [PRECIPITATION DATA] SYMBOLS USED IN COLUMN 16
AVERAGE MONTHLY: 53.4 TOTAL FOR MONTH: 0.21 1 = FOG OR MIST
DPTR FM NORMAL: 1.1 DPTR FM NORMAL: -0.55 2 = FOG REDUCING VISIBILITY
HIGHEST: 82 ON 8 GRTST 24HR 0.11 ON 22-22 TO 1/4 MILE OR LESS
LOWEST: 27 ON 12 3 = THUNDER
SNOW, ICE PELLETS, HAIL 4 = ICE PELLETS
TOTAL MONTH: M 5 = HAIL
GRTST 24HR M ON M 6 = FREEZING RAIN OR DRIZZLE
GRTST DEPTH: M ON M 7 = DUSTSTORM OR SANDSTORM:
VSBY 1/2 MILE OR LESS
8 = SMOKE OR HAZE
[NO. OF DAYS WITH] [WEATHER - DAYS WITH] 9 = BLOWING SNOW
X = TORNADO
MAX 32 OR BELOW: 0 0.01 INCH OR MORE: 2
MAX 90 OR ABOVE: 0 0.10 INCH OR MORE: 1
MIN 32 OR BELOW: 3 0.50 INCH OR MORE: 0
MIN 0 OR BELOW: 0 1.00 INCH OR MORE: 0
[HDD (BASE 65) ]
TOTAL THIS MO. 348 CLEAR (SCALE 0-3) 22
DPTR FM NORMAL -41 PTCLDY (SCALE 4-7) 4
TOTAL FM JUL 1 2539 CLOUDY (SCALE 8-10) 4
DPTR FM NORMAL -747
[CDD (BASE 65) ]
TOTAL THIS MO. 8
DPTR FM NORMAL -1 [PRESSURE DATA]
TOTAL FM JAN 1 12 HIGHEST SLP M ON M
DPTR FM NORMAL 1 LOWEST SLP 29.80 ON 1
[REMARKS]
#FINAL-04-22#