000
CXUS53 KLMK 010710
CF6SDF
PRELIMINARY LOCAL CLIMATOLOGICAL DATA (WS FORM: F-6)
STATION: LOUISVILLE KY
MONTH: JUNE
YEAR: 2022
LATITUDE: 38 10 N
LONGITUDE: 85 44 W
TEMPERATURE IN F: :PCPN: SNOW: WIND :SUNSHINE: SKY :PK WND
================================================================================
1 2 3 4 5 6A 6B 7 8 9 10 11 12 13 14 15 16 17 18
12Z AVG MX 2MIN
DY MAX MIN AVG DEP HDD CDD WTR SNW DPTH SPD SPD DIR MIN PSBL S-S WX SPD DR
================================================================================
1 92 71 82 9 0 17 0.25 0.0 0 8.6 23 280 M M 6 13 28 290
2 79 67 73 0 0 8 0.51 0.0 0 7.7 18 340 M M 9 13 23 340
3 82 62 72 -1 0 7 0.00 0.0 0 5.9 16 20 M M 3 23 20
4 86 58 72 -2 0 7 0.00 0.0 0 3.8 10 230 M M 3 15 210
5 86 62 74 0 0 9 0.00 0.0 0 3.5 14 150 M M 3 19 140
6 85 68 77 3 0 12 0.66 0.0 0 10.4 33 240 M M 8 13 43 240
7 84 68 76 2 0 11 0.06 0.0 0 5.8 13 200 M M 8 1 19 190
8 89 69 79 4 0 14 T 0.0 0 10.3 28 290 M M 7 38 300
9 81 63 72 -3 0 7 0.00 0.0 0 8.5 16 300 M M 5 22 310
10 73 66 70 -5 0 5 0.10 0.0 0 4.7 16 280 M M 9 20 280
11 84 64 74 -2 0 9 0.00 0.0 0 6.3 14 200 M M 7 19 170
12 89 71 80 4 0 15 T 0.0 0 7.5 18 170 M M 8 24 170
13 97 79 88 12 0 23 T 0.0 0 9.5 18 220 M M 7 25 200
14 96 83 90 14 0 25 T 0.0 0 9.3 18 230 M M 4 24 250
15 96 80 88 11 0 23 0.00 0.0 0 8.8 15 170 M M 1 22 170
16 96 82 89 12 0 24 0.00 0.0 0 10.3 20 260 M M 5 26 230
17 89 74 82 5 0 17 0.01 0.0 0 9.1 33 280 M M 6 3 43 280
18 82 69 76 -1 0 11 0.00 0.0 0 9.1 18 30 M M 1 26 10
19 84 61 73 -5 0 8 0.00 0.0 0 6.4 14 100 M M 1 19 70
20 90 61 76 -2 0 11 0.00 0.0 0 3.8 12 210 M M 4 16 230
21 96 65 81 3 0 16 0.00 0.0 0 6.8 15 280 M M 4 19 220
22 100 74 87 9 0 22 T 0.0 M 4.8 36 320 M M 4 3 49 310
23 90 70 80 2 0 15 0.00 0.0 0 8.0 16 10 M M 3 23 20
24 93 67 80 2 0 15 0.00 0.0 0 4.7 15 10 M M 5 19 10
25 94 70 82 3 0 17 0.00 0.0 0 5.3 13 310 M M 6 17 300
26 88 72 80 1 0 15 1.18 0.0 0 5.8 17 350 M M 10 13 23 360
27 84 65 75 -4 0 10 0.00 0.0 0 8.6 17 350 M M 3 28 290
28 80 60 70 -9 0 5 0.00 0.0 0 4.7 12 40 M M 5 15 350
29 89 58 74 -5 0 9 0.00 0.0 0 2.4 8 20 M M 0 11 30
30 95 65 80 1 0 15 0.00 0.0 0 5.4 17 170 M M 2 22 180
================================================================================
SM 2649 2044 0 402 2.77 0.0 205.8 M 147
================================================================================
AV 88.3 68.1 6.9 FASTST M M 5 MAX(MPH)
MISC ----> 36 320 49 310
================================================================================
NOTES:
# LAST OF SEVERAL OCCURRENCES
COLUMN 17 PEAK WIND IN M.P.H.
PRELIMINARY LOCAL CLIMATOLOGICAL DATA (WS FORM: F-6) , PAGE 2
STATION: LOUISVILLE KY
MONTH: JUNE
YEAR: 2022
LATITUDE: 38 10 N
LONGITUDE: 85 44 W
[TEMPERATURE DATA] [PRECIPITATION DATA] SYMBOLS USED IN COLUMN 16
AVERAGE MONTHLY: 78.2 TOTAL FOR MONTH: 2.77 1 = FOG OR MIST
DPTR FM NORMAL: 1.8 DPTR FM NORMAL: -1.50 2 = FOG REDUCING VISIBILITY
HIGHEST: 100 ON 22 GRTST 24HR 1.18 ON 26-26 TO 1/4 MILE OR LESS
LOWEST: 58 ON 29, 4 3 = THUNDER
SNOW, ICE PELLETS, HAIL 4 = ICE PELLETS
TOTAL MONTH: 0.0 INCH 5 = HAIL
GRTST 24HR 0.0 6 = FREEZING RAIN OR DRIZZLE
GRTST DEPTH: 0 7 = DUSTSTORM OR SANDSTORM:
VSBY 1/2 MILE OR LESS
8 = SMOKE OR HAZE
[NO. OF DAYS WITH] [WEATHER - DAYS WITH] 9 = BLOWING SNOW
X = TORNADO
MAX 32 OR BELOW: 0 0.01 INCH OR MORE: 7
MAX 90 OR ABOVE: 12 0.10 INCH OR MORE: 5
MIN 32 OR BELOW: 0 0.50 INCH OR MORE: 3
MIN 0 OR BELOW: 0 1.00 INCH OR MORE: 1
[HDD (BASE 65) ]
TOTAL THIS MO. 0 CLEAR (SCALE 0-3) 8
DPTR FM NORMAL -3 PTCLDY (SCALE 4-7) 18
TOTAL FM JUL 1 3533 CLOUDY (SCALE 8-10) 4
DPTR FM NORMAL -400
[CDD (BASE 65) ]
TOTAL THIS MO. 402
DPTR FM NORMAL 56 [PRESSURE DATA]
TOTAL FM JAN 1 655 HIGHEST SLP M ON M
DPTR FM NORMAL 96 LOWEST SLP 29.72 ON 8
[REMARKS]
#FINAL-06-22#