000
CXUS54 KFWD 010731
CF6SEP
PRELIMINARY LOCAL CLIMATOLOGICAL DATA (WS FORM: F-6)
STATION: STEPHENVILLE
MONTH: SEPTEMBER
YEAR: 2021
LATITUDE: 32 13 N
LONGITUDE: 98 11 W
TEMPERATURE IN F: :PCPN: SNOW: WIND :SUNSHINE: SKY :PK WND
================================================================================
1 2 3 4 5 6A 6B 7 8 9 10 11 12 13 14 15 16 17 18
12Z AVG MX 2MIN
DY MAX MIN AVG DEP HDD CDD WTR SNW DPTH SPD SPD DIR MIN PSBL S-S WX SPD DR
================================================================================
1 97 73 85 5 0 20 0.00 M M 5.6 12 100 M M 1 17 120
2 96 74 85 5 0 20 0.00 M M 5.8 10 130 M M 1 20 170
3 96 73 85 5 0 20 0.00 M M 6.4 12 120 M M 1 20 120
4 96 72 84 5 0 19 0.00 M M 4.6 10 210 M M 0 M M
5 91 71 81 2 0 16 0.00 M M 5.8 14 360 M M 2 20 340
6 94 74 84 6 0 19 0.00 M M 4.5 12 90 M M 1 M M
7 96 69 83 5 0 18 0.00 M M 3.1 8 180 M M 1 M M
8 96 68 82 4 0 17 0.00 M M 4.6 14 40 M M 2 21 0
9 91 64 78 0 0 13 0.00 M M 4.9 10 100 M M 0 M M
10 92 62 77 0 0 12 0.00 M M 5.1 8 140 M M 0 16 170
11 92 61 77 0 0 12 0.00 M M 4.5 10 120 M M 0 M M
12 92 58 75 -1 0 10 0.00 M M 3.7 10 120 M M 0 16 190
13 87 62 75 -1 0 10 0.00 M M 4.7 14 140 M M 3 21 160
14 85 64 75 -1 0 10 0.00 M M 4.4 12 80 M M 4 16 80
15 88 68 78 3 0 13 0.00 M M 5.1 12 40 M M 3 17 60
16 90 65 78 3 0 13 0.00 M M 3.3 9 110 M M 1 M M
17 94 65 80 5 0 15 0.00 M M 3.1 9 40 M M 0 M M
18 93 66 80 6 0 15 0.00 M M 4.1 13 50 M M 1 M M
19 95 66 81 7 0 16 0.00 M M 2.3 8 120 M M 0 M M
20 100 69 85 11 0 20 0.00 M M 7.3 14 190 M M 0 18 210
21 86 66 76 3 0 11 0.00 M M 11.5 21 350 M M 2 29 350
22 81 51 66 -7 0 1 0.00 M M 5.3 12 360 M M 0 18 30
23 86 49 68 -4 0 3 0.00 M M 2.3 7 100 M M 0 M M
24 88 53 71 -1 0 6 0.00 M M 2.9 8 210 M M 0 16 200
25 90 54 72 0 0 7 0.00 M M 2.5 6 130 M M 0 M M
26 89 57 73 2 0 8 0.00 M M 4.0 12 180 M M 0 18 200
27 91 61 76 5 0 11 0.00 M M 5.4 10 190 M M 0 M M
28 92 65 79 8 0 14 0.34 M M 5.0 18 140 M M 1 29 140
29 88 65 77 7 0 12 0.00 M M 8.0 15 180 M M 2 20 180
30 90 65 78 8 0 13 1.17 M M 6.6 15 20 M M 3 35 330
================================================================================
SM 2742 1930 0 394 1.51 M 146.2 M 29
================================================================================
AV 91.4 64.3 4.9 FASTST M M 1 MAX(MPH)
MISC ----> 21 350 35 330
================================================================================
NOTES:
# LAST OF SEVERAL OCCURRENCES
COLUMN 17 PEAK WIND IN M.P.H.
PRELIMINARY LOCAL CLIMATOLOGICAL DATA (WS FORM: F-6) , PAGE 2
STATION: STEPHENVILLE
MONTH: SEPTEMBER
YEAR: 2021
LATITUDE: 32 13 N
LONGITUDE: 98 11 W
[TEMPERATURE DATA] [PRECIPITATION DATA] SYMBOLS USED IN COLUMN 16
AVERAGE MONTHLY: 77.9 TOTAL FOR MONTH: 1.51 1 = FOG OR MIST
DPTR FM NORMAL: 2.8 DPTR FM NORMAL: -1.51 2 = FOG REDUCING VISIBILITY
HIGHEST: 100 ON 20 GRTST 24HR 1.17 ON 30-30 TO 1/4 MILE OR LESS
LOWEST: 49 ON 23 3 = THUNDER
SNOW, ICE PELLETS, HAIL 4 = ICE PELLETS
TOTAL MONTH: M 5 = HAIL
GRTST 24HR M ON M 6 = FREEZING RAIN OR DRIZZLE
GRTST DEPTH: M ON M 7 = DUSTSTORM OR SANDSTORM:
VSBY 1/2 MILE OR LESS
8 = SMOKE OR HAZE
[NO. OF DAYS WITH] [WEATHER - DAYS WITH] 9 = BLOWING SNOW
X = TORNADO
MAX 32 OR BELOW: 0 0.01 INCH OR MORE: 2
MAX 90 OR ABOVE: 21 0.10 INCH OR MORE: 2
MIN 32 OR BELOW: 0 0.50 INCH OR MORE: 1
MIN 0 OR BELOW: 0 1.00 INCH OR MORE: 1
[HDD (BASE 65) ]
TOTAL THIS MO. 0 CLEAR (SCALE 0-3) 27
DPTR FM NORMAL -13 PTCLDY (SCALE 4-7) 3
TOTAL FM JUL 1 0 CLOUDY (SCALE 8-10) 0
DPTR FM NORMAL -11
[CDD (BASE 65) ]
TOTAL THIS MO. 394
DPTR FM NORMAL 78 [PRESSURE DATA]
TOTAL FM JAN 1 2169 HIGHEST SLP M ON M
DPTR FM NORMAL 43 LOWEST SLP M ON M
[REMARKS]
#FINAL-09-21#