000
CXUS52 KMLB 010628
CF6SFB
PRELIMINARY LOCAL CLIMATOLOGICAL DATA (WS FORM: F-6)
STATION: SANFORD
MONTH: JULY
YEAR: 2021
LATITUDE: 28 46 N
LONGITUDE: 81 15 W
TEMPERATURE IN F: :PCPN: SNOW: WIND :SUNSHINE: SKY :PK WND
================================================================================
1 2 3 4 5 6A 6B 7 8 9 10 11 12 13 14 15 16 17 18
12Z AVG MX 2MIN
DY MAX MIN AVG DEP HDD CDD WTR SNW DPTH SPD SPD DIR MIN PSBL S-S WX SPD DR
================================================================================
1 85 74 80 -3 0 15 0.46 0.0 0 6.2 18 120 M M 3 1 25 120
2 92 74 83 0 0 18 T 0.0 0 8.1 20 270 M M 3 3 24 270
3 83 75 79 -4 0 14 0.16 0.0 0 9.2 18 250 M M 4 13 22 250
4 89 75 82 -1 0 17 0.15 0.0 0 7.3 23 260 M M 6 138 26 270
5 92 74 83 0 0 18 0.08 0.0 0 3.7 22 220 M M 2 13 26 230
6 86 73 80 -3 0 15 0.05 0.0 0 7.5 22 130 M M 2 3 27 130
7 89 76 83 0 0 18 0.59 0.0 0 12.4 25 160 M M 7 13 32 170
8 89 73 81 -2 0 16 0.58 0.0 0 7.1 23 240 M M 3 13 29 240
9 94 75 85 2 0 20 0.02 0.0 0 5.8 16 50 M M 2 3 21 10
10 93 75 84 1 0 19 0.01 0.0 0 4.3 14 150 M M 3 17 250
11 91 75 83 0 0 18 0.00 0.0 0 4.8 17 140 M M 1 3 23 140
12 88 73 81 -3 0 16 T 0.0 0 6.5 18 190 M M 2 3 25 190
13 89 74 82 -2 0 17 0.65 0.0 0 7.5 23 100 M M 2 27 100
14 90 76 83 -1 0 18 0.00 0.0 0 6.2 16 110 M M 3 3 22 120
15 90 74 82 -2 0 17 0.01 0.0 0 6.8 20 70 M M 2 24 70
16 92 73 83 -1 0 18 0.00 0.0 0 6.3 16 80 M M 1 23 100
17 90 75 83 -1 0 18 T 0.0 0 5.7 17 350 M M 2 22 70
18 92 75 84 0 0 19 T 0.0 0 M 18 260 M M 3 23 90
19 91 76 84 0 0 19 0.12 0.0 0 7.8 24 150 M M 2 31 140
20 93 73 83 -1 0 18 2.87 0.0 0 6.0 25 170 M M 4 138 31 170
21 95 75 85 1 0 20 0.00 0.0 0 5.6 13 150 M M 2 16 270
22 96 77 87 3 0 22 0.11 0.0 0 6.1 16 60 M M 2 138 20 360
23 90 74 82 -2 0 17 1.43 0.0 0 7.2 23 250 M M 4 13 30 250
24 91 73 82 -2 0 17 0.02 0.0 0 7.4 18 60 M M 5 1 24 40
25 90 76 83 -1 0 18 0.00 0.0 0 8.4 16 10 M M 1 21 20
26 94 77 86 2 0 21 0.00 0.0 0 6.8 15 150 M M 1 19 150
27 94 78 86 2 0 21 0.24 0.0 0 6.5 22 150 M M 3 13 26 140
28 92 75 84 0 0 19 0.08 0.0 0 4.6 17 190 M M 2 3 22 190
29 92 75 84 0 0 19 0.13 0.0 0 4.8 23 270 M M 3 13 28 260
30 93 75 84 0 0 19 0.00 0.0 0 7.3 18 300 M M 2 21 290
31 95 77 86 2 0 21 0.00 0.0 0 7.8 18 270 M M 1 1 23 270
================================================================================
SM 2820 2320 0 562 7.76 0.0 201.7 M 83
================================================================================
AV 91.0 74.8 6.7 FASTST M M 3 MAX(MPH)
MISC ----> # 25 160 32 170
================================================================================
NOTES:
# LAST OF SEVERAL OCCURRENCES
COLUMN 17 PEAK WIND IN M.P.H.
PRELIMINARY LOCAL CLIMATOLOGICAL DATA (WS FORM: F-6) , PAGE 2
STATION: SANFORD
MONTH: JULY
YEAR: 2021
LATITUDE: 28 46 N
LONGITUDE: 81 15 W
[TEMPERATURE DATA] [PRECIPITATION DATA] SYMBOLS USED IN COLUMN 16
AVERAGE MONTHLY: 82.9 TOTAL FOR MONTH: 7.76 1 = FOG OR MIST
DPTR FM NORMAL: -0.7 DPTR FM NORMAL: 0.47 2 = FOG REDUCING VISIBILITY
HIGHEST: 96 ON 22 GRTST 24HR 2.87 ON 20-21 TO 1/4 MILE OR LESS
LOWEST: 73 ON 24,20 3 = THUNDER
SNOW, ICE PELLETS, HAIL 4 = ICE PELLETS
TOTAL MONTH: 0.0 INCH 5 = HAIL
GRTST 24HR 0.0 6 = FREEZING RAIN OR DRIZZLE
GRTST DEPTH: 0 7 = DUSTSTORM OR SANDSTORM:
VSBY 1/2 MILE OR LESS
8 = SMOKE OR HAZE
[NO. OF DAYS WITH] [WEATHER - DAYS WITH] 9 = BLOWING SNOW
X = TORNADO
MAX 32 OR BELOW: 0 0.01 INCH OR MORE: 19
MAX 90 OR ABOVE: 23 0.10 INCH OR MORE: 12
MIN 32 OR BELOW: 0 0.50 INCH OR MORE: 5
MIN 0 OR BELOW: 0 1.00 INCH OR MORE: 2
[HDD (BASE 65) ]
TOTAL THIS MO. 0 CLEAR (SCALE 0-3) 24
DPTR FM NORMAL 0 PTCLDY (SCALE 4-7) 7
TOTAL FM JUL 1 0 CLOUDY (SCALE 8-10) 0
DPTR FM NORMAL 0
[CDD (BASE 65) ]
TOTAL THIS MO. 562
DPTR FM NORMAL -13 [PRESSURE DATA]
TOTAL FM JAN 1 2058 HIGHEST SLP M ON M
DPTR FM NORMAL 119 LOWEST SLP 29.88 ON 25
[REMARKS]
#FINAL-07-21#