000
CXUS52 KMLB 010743
CF6SFB
PRELIMINARY LOCAL CLIMATOLOGICAL DATA (WS FORM: F-6)
STATION: SANFORD
MONTH: OCTOBER
YEAR: 2020
LATITUDE: 28 46 N
LONGITUDE: 81 15 W
TEMPERATURE IN F: :PCPN: SNOW: WIND :SUNSHINE: SKY :PK WND
================================================================================
1 2 3 4 5 6A 6B 7 8 9 10 11 12 13 14 15 16 17 18
12Z AVG MX 2MIN
DY MAX MIN AVG DEP HDD CDD WTR SNW DPTH SPD SPD DIR MIN PSBL S-S WX SPD DR
================================================================================
1 83 67 75 -4 0 10 0.00 0.0 0 6.2 13 350 M M 5 16 20
2 84 63 74 -5 0 9 0.00 0.0 0 6.3 13 60 M M 0 18 10
3 79 68 74 -5 0 9 0.10 0.0 0 8.1 16 30 M M 5 20 30
4 78 72 75 -3 0 10 0.08 0.0 0 6.9 14 360 M M 7 1 19 360
5 85 73 79 1 0 14 0.05 0.0 0 7.5 17 70 M M 4 1 22 60
6 92 75 84 6 0 19 0.00 0.0 0 5.9 15 80 M M 1 19 90
7 93 76 85 7 0 20 0.00 0.0 0 6.6 18 40 M M 1 3 20 40
8 90 75 83 5 0 18 T 0.0 0 3.8 15 120 M M 3 17 130
9 89 75 82 5 0 17 0.01 0.0 0 6.6 18 90 M M 2 23 100
10 88 74 81 4 0 16 0.49 0.0 0 6.4 15 130 M M 4 1 19 120
11 87 76 82 5 0 17 0.12 0.0 0 8.6 23 260 M M 2 3 29 260
12 88 71 80 4 0 15 0.00 0.0 0 7.3 15 280 M M 1 24 290
13 87 71 79 3 0 14 0.00 0.0 0 5.9 12 290 M M 1 15 310
14 88 71 80 4 0 15 0.00 0.0 0 4.3 15 70 M M 1 17 80
15 90 71 81 5 0 16 0.00 0.0 0 3.5 13 100 M M 1 16 100
16 89 71 80 4 0 15 0.00 0.0 0 5.2 12 340 M M 0 18 330
17 86 70 78 3 0 13 T 0.0 0 10.2 18 30 M M 4 24 40
18 86 71 79 4 0 14 0.21 0.0 0 9.9 24 60 M M 6 1 35 40
19 85 72 79 4 0 14 0.09 0.0 0 9.4 24 60 M M 4 13 29 70
20 84 74 79 5 0 14 0.03 0.0 0 7.1 24 70 M M 2 8 31 60
21 86 72 79 5 0 14 0.10 0.0 0 7.8 20 90 M M 2 1 24 100
22 86 73 80 6 0 15 0.01 0.0 0 8.7 25 110 M M 4 32 120
23 85 72 79 5 0 14 0.10 0.0 0 6.0 17 60 M M 4 3 19 60
24 86 71 79 6 0 14 T 0.0 0 5.9 18 100 M M 3 23 100
25 89 72 81 8 0 16 0.00 0.0 0 4.2 15 50 M M 4 17 50
26 87 71 79 6 0 14 T 0.0 0 6.9 16 50 M M 4 19 50
27 89 73 81 8 0 16 0.00 0.0 0 8.1 16 90 M M 2 22 100
28 90 73 82 10 0 17 0.00 0.0 0 8.3 16 120 M M 1 1 21 100
29 91 75 83 11 0 18 0.03 0.0 0 10.4 22 230 M M 2 1 28 220
30 79 64 72 0 0 7 0.04 0.0 0 7.6 18 270 M M 2 18 26 260
31 84 61 73 1 0 8 0.00 0.0 0 6.8 16 80 M M 1 21 100
================================================================================
SM 2683 2213 0 442 1.46 0.0 216.4 M 83
================================================================================
AV 86.5 71.4 7.0 FASTST M M 3 MAX(MPH)
MISC ----> 25 110 35 40
================================================================================
NOTES:
# LAST OF SEVERAL OCCURRENCES
COLUMN 17 PEAK WIND IN M.P.H.
PRELIMINARY LOCAL CLIMATOLOGICAL DATA (WS FORM: F-6) , PAGE 2
STATION: SANFORD
MONTH: OCTOBER
YEAR: 2020
LATITUDE: 28 46 N
LONGITUDE: 81 15 W
[TEMPERATURE DATA] [PRECIPITATION DATA] SYMBOLS USED IN COLUMN 16
AVERAGE MONTHLY: 79.0 TOTAL FOR MONTH: 1.46 1 = FOG OR MIST
DPTR FM NORMAL: 3.6 DPTR FM NORMAL: -2.21 2 = FOG REDUCING VISIBILITY
HIGHEST: 93 ON 7 GRTST 24HR 0.60 ON 10-11 TO 1/4 MILE OR LESS
LOWEST: 61 ON 31 3 = THUNDER
SNOW, ICE PELLETS, HAIL 4 = ICE PELLETS
TOTAL MONTH: 0.0 INCH 5 = HAIL
GRTST 24HR 0.0 6 = FREEZING RAIN OR DRIZZLE
GRTST DEPTH: 0 7 = DUSTSTORM OR SANDSTORM:
VSBY 1/2 MILE OR LESS
8 = SMOKE OR HAZE
[NO. OF DAYS WITH] [WEATHER - DAYS WITH] 9 = BLOWING SNOW
X = TORNADO
MAX 32 OR BELOW: 0 0.01 INCH OR MORE: 14
MAX 90 OR ABOVE: 6 0.10 INCH OR MORE: 6
MIN 32 OR BELOW: 0 0.50 INCH OR MORE: 0
MIN 0 OR BELOW: 0 1.00 INCH OR MORE: 0
[HDD (BASE 65) ]
TOTAL THIS MO. 0 CLEAR (SCALE 0-3) 18
DPTR FM NORMAL -6 PTCLDY (SCALE 4-7) 13
TOTAL FM JUL 1 0 CLOUDY (SCALE 8-10) 0
DPTR FM NORMAL -1
[CDD (BASE 65) ]
TOTAL THIS MO. 442
DPTR FM NORMAL 112 [PRESSURE DATA]
TOTAL FM JAN 1 3925 HIGHEST SLP 30.16 ON 31
DPTR FM NORMAL 701 LOWEST SLP 29.81 ON 29
[REMARKS]
#FINAL-10-20#
USED SFNF1 FOR MAX TEMP AND PRECIP ON 10/6 DUE TO ASOS EQUIPMENT FAILURE.